-- Table structure for table `tblfilters`
--

CREATE TABLE `tblfilters` (
  `id` int(10) UNSIGNED NOT NULL,
  `name` varchar(191) NOT NULL,
  `builder` mediumtext NOT NULL,
  `staff_id` int(10) UNSIGNED NOT NULL,
  `identifier` varchar(191) NOT NULL,
  `is_shared` tinyint(3) UNSIGNED NOT NULL DEFAULT 0
) ENGINE=InnoDB DEFAULT CHARSET=utf8mb4 COLLATE=utf8mb4_unicode_ci;

-- --------------------------------------------------------

--
-- Table structure for table `tblfilter_defaults`
--

CREATE TABLE `tblfilter_defaults` (
  `filter_id` int(10) UNSIGNED NOT NULL,
  `staff_id` int(11) NOT NULL,
  `identifier` varchar(191) NOT NULL,
  `view` varchar(191) NOT NULL
) ENGINE=InnoDB DEFAULT CHARSET=utf8mb4 COLLATE=utf8mb4_unicode_ci;

-- --------------------------------------------------------

--
-- Table structure for table `tblform_questions`
--

CREATE TABLE `tblform_questions` (
  `questionid` int(11) NOT NULL,
  `rel_id` int(11) NOT NULL,
  `rel_type` varchar(20) DEFAULT NULL,
  `question` longtext NOT NULL,
  `required` tinyint(1) NOT NULL DEFAULT 0,
  `question_order` int(11) NOT NULL
) ENGINE=InnoDB DEFAULT CHARSET=utf8mb4 COLLATE=utf8mb4_unicode_ci;

-- --------------------------------------------------------

--
-- Table structure for table `tblform_question_box`
--

CREATE TABLE `tblform_question_box` (
  `boxid` int(11) NOT NULL,
  `boxtype` varchar(10) NOT NULL,
  `questionid` int(11) NOT NULL
) ENGINE=InnoDB DEFAULT CHARSET=utf8mb4 COLLATE=utf8mb4_unicode_ci;

-- --------------------------------------------------------

--
-- Table structure for table `tblform_question_box_description`
--

CREATE TABLE `tblform_question_box_description` (
  `questionboxdescriptionid` int(11) NOT NULL,
  `description` longtext NOT NULL,
  `boxid` longtext NOT NULL,
  `questionid` int(11) NOT NULL
) ENGINE=InnoDB DEFAULT CHARSET=utf8mb4 COLLATE=utf8mb4_unicode_ci;

-- --------------------------------------------------------

--
-- Table structure for table `tblform_results`
--

CREATE TABLE `tblform_results` (
  `resultid` int(11) NOT NULL,
  `boxid` int(11) NOT NULL,
  `boxdescriptionid` int(11) DEFAULT NULL,
  `rel_id` int(11) NOT NULL,
  `rel_type` varchar(20) DEFAULT NULL,
  `questionid` int(11) NOT NULL,
  `answer` mediumtext DEFAULT NULL,
  `resultsetid` int(11) NOT NULL
) ENGINE=InnoDB DEFAULT CHARSET=utf8mb4 COLLATE=utf8mb4_unicode_ci;

-- --------------------------------------------------------

--
-- Table structure for table `tblgdpr_requests`
--

CREATE TABLE `tblgdpr_requests` (
  `id` int(11) NOT NULL,
  `clientid` int(11) NOT NULL DEFAULT 0,
  `contact_id` int(11) NOT NULL DEFAULT 0,
  `lead_id` int(11) NOT NULL DEFAULT 0,
  `request_type` varchar(191) DEFAULT NULL,
  `status` varchar(40) DEFAULT NULL,
  `request_date` datetime NOT NULL,
  `request_from` varchar(150) DEFAULT NULL,
  `description` mediumtext DEFAULT NULL
) ENGINE=InnoDB DEFAULT CHARSET=utf8mb4 COLLATE=utf8mb4_unicode_ci;

-- --------------------------------------------------------

--
-- Table structure for table `tblgoods_delivery`
--

CREATE TABLE `tblgoods_delivery` (
  `id` int(11) UNSIGNED NOT NULL,
  `rel_type` int(11) DEFAULT NULL COMMENT 'type goods delivery',
  `rel_document` int(11) DEFAULT NULL COMMENT 'document id of goods delivery',
  `customer_code` text DEFAULT NULL,
  `customer_name` varchar(100) DEFAULT NULL,
  `to_` varchar(100) DEFAULT NULL,
  `address` varchar(100) DEFAULT NULL,
  `description` text DEFAULT NULL COMMENT 'the reason delivery',
  `staff_id` int(11) DEFAULT NULL COMMENT 'salesman',
  `date_c` date DEFAULT NULL,
  `date_add` date DEFAULT NULL,
  `goods_delivery_code` varchar(100) DEFAULT NULL COMMENT 'số chứng từ xuất kho',
  `warehouse_id` int(11) DEFAULT NULL,
  `total_money` varchar(200) DEFAULT NULL,
  `approval` int(11) DEFAULT 0 COMMENT 'status approval ',
  `addedfrom` int(11) DEFAULT NULL,
  `total_discount` varchar(100) DEFAULT NULL,
  `after_discount` varchar(100) DEFAULT NULL,
  `invoice_id` varchar(100) DEFAULT NULL,
  `project` text DEFAULT NULL,
  `type` text DEFAULT NULL,
  `department` int(11) DEFAULT NULL,
  `requester` int(11) DEFAULT NULL,
  `invoice_no` text DEFAULT NULL,
  `pr_order_id` int(11) DEFAULT NULL,
  `type_of_delivery` varchar(100) DEFAULT 'total',
  `additional_discount` decimal(15,2) DEFAULT 0.00,
  `sub_total` decimal(15,2) DEFAULT 0.00,
  `delivery_status` varchar(100) DEFAULT 'ready_for_packing',
  `shipping_fee` decimal(15,2) DEFAULT 0.00
) ENGINE=InnoDB DEFAULT CHARSET=utf8mb4 COLLATE=utf8mb4_general_ci;

--
-- Dumping data for table `tblgoods_delivery`
--

INSERT INTO `tblgoods_delivery` (`id`, `rel_type`, `rel_document`, `customer_code`, `customer_name`, `to_`, `address`, `description`, `staff_id`, `date_c`, `date_add`, `goods_delivery_code`, `warehouse_id`, `total_money`, `approval`, `addedfrom`, `total_discount`, `after_discount`, `invoice_id`, `project`, `type`, `department`, `requester`, `invoice_no`, `pr_order_id`, `type_of_delivery`, `additional_discount`, `sub_total`, `delivery_status`, `shipping_fee`) VALUES
(1, NULL, NULL, '', NULL, '', '', '', 0, '2024-06-18', '2024-06-18', 'XK1', NULL, '125000', 1, 2, '0', '125000', '', '', '', 0, 1, '', 0, 'total', 0.00, 125000.00, 'delivered', 0.00),
(2, NULL, NULL, '2', NULL, '', '', '', 0, '2024-06-19', '2024-06-19', 'XK2', NULL, '4050000', 1, 12, '0', '4050000', '', '', 'opex', 0, 0, '', 0, 'total', 0.00, 4050000.00, NULL, 0.00),
(3, NULL, NULL, '4', NULL, '', '', '', 0, '2024-08-09', '2024-08-09', 'XK3', NULL, '60000000', 1, 3, '0', '60000000', '', '', '', 0, 0, '', 0, 'total', 0.00, 60000000.00, NULL, 0.00),
(4, NULL, NULL, '4', NULL, '', ', , , ', '', 3, '2024-08-09', '2024-08-09', 'XK4', NULL, '3700', 1, 3, '0', '3700', '6', '', '', 0, 0, 'INV-DRAFT', 0, 'total', 0.00, 3700.00, 'delivered', 0.00);

-- --------------------------------------------------------

--
-- Table structure for table `tblgoods_delivery_detail`
--

CREATE TABLE `tblgoods_delivery_detail` (
  `id` int(11) UNSIGNED NOT NULL,
  `goods_delivery_id` int(11) NOT NULL,
  `commodity_code` varchar(100) DEFAULT NULL,
  `commodity_name` text DEFAULT NULL,
  `warehouse_id` text DEFAULT NULL,
  `unit_id` text DEFAULT NULL,
  `quantities` text DEFAULT NULL,
  `unit_price` varchar(100) DEFAULT NULL,
  `total_money` varchar(200) DEFAULT NULL,
  `note` text DEFAULT NULL,
  `discount` varchar(100) DEFAULT NULL,
  `discount_money` varchar(100) DEFAULT NULL,
  `available_quantity` varchar(100) DEFAULT NULL,
  `tax_id` varchar(100) DEFAULT NULL,
  `total_after_discount` varchar(100) DEFAULT NULL,
  `expiry_date` text DEFAULT NULL,
  `lot_number` text DEFAULT NULL,
  `guarantee_period` text DEFAULT NULL,
  `tax_rate` text DEFAULT NULL,
  `tax_name` text DEFAULT NULL,
  `sub_total` decimal(15,2) DEFAULT 0.00,
  `packing_qty` decimal(15,2) DEFAULT 0.00,
  `serial_number` varchar(255) DEFAULT NULL
) ENGINE=InnoDB DEFAULT CHARSET=utf8mb4 COLLATE=utf8mb4_general_ci;

--
-- Dumping data for table `tblgoods_delivery_detail`
--

INSERT INTO `tblgoods_delivery_detail` (`id`, `goods_delivery_id`, `commodity_code`, `commodity_name`, `warehouse_id`, `unit_id`, `quantities`, `unit_price`, `total_money`, `note`, `discount`, `discount_money`, `available_quantity`, `tax_id`, `total_after_discount`, `expiry_date`, `lot_number`, `guarantee_period`, `tax_rate`, `tax_name`, `sub_total`, `packing_qty`, `serial_number`) VALUES
(1, 1, '10', 'SL_Solar Industri', '1', '8', '10', '12500.00', '125000', '', '', '0', '150', NULL, '125000', '', '', '', NULL, NULL, 125000.00, 0.00, ''),
(2, 2, '11', 'BANDT_BAN DT', '3', '9', '3', '1350000.00', '4050000', '', '', '0', '790', NULL, '4050000', '', '', '', NULL, NULL, 4050000.00, 0.00, ''),
(3, 3, '1', 'CA001_Batu Bara', '2', '6', '100', '600000', '60000000', '', '', '0', '1000', NULL, '60000000', '', '', '', NULL, NULL, 60000000.00, 0.00, ''),
(4, 4, '1', 'CA001_Batu Bara', '2', '6', '100', '37', '3700', '', '', '0', '900', NULL, '3700', '', '', '', NULL, NULL, 3700.00, 0.00, '');

-- --------------------------------------------------------

--
-- Table structure for table `tblgoods_delivery_invoices_pr_orders`
--

CREATE TABLE `tblgoods_delivery_invoices_pr_orders` (
  `id` int(11) UNSIGNED NOT NULL,
  `rel_id` int(11) DEFAULT NULL COMMENT 'goods_delivery_id',
  `rel_type` int(11) DEFAULT NULL COMMENT 'invoice_id or purchase order id',
  `type` varchar(100) DEFAULT NULL COMMENT 'invoice,  purchase_orders'
) ENGINE=InnoDB DEFAULT CHARSET=utf8mb4 COLLATE=utf8mb4_general_ci;

--
-- Dumping data for table `tblgoods_delivery_invoices_pr_orders`
--

INSERT INTO `tblgoods_delivery_invoices_pr_orders` (`id`, `rel_id`, `rel_type`, `type`) VALUES
(1, 4, 6, 'invoice');

-- --------------------------------------------------------

--
-- Table structure for table `tblgoods_receipt`
--

CREATE TABLE `tblgoods_receipt` (
  `id` int(11) UNSIGNED NOT NULL,
  `supplier_code` varchar(100) DEFAULT NULL,
  `supplier_name` text DEFAULT NULL,
  `deliver_name` text DEFAULT NULL,
  `buyer_id` int(11) DEFAULT NULL,
  `description` text DEFAULT NULL,
  `pr_order_id` int(11) DEFAULT NULL COMMENT 'code puchase request agree',
  `date_c` date DEFAULT NULL,
  `date_add` date DEFAULT NULL,
  `goods_receipt_code` varchar(100) DEFAULT NULL,
  `warehouse_id` int(11) DEFAULT NULL,
  `total_tax_money` varchar(100) DEFAULT NULL,
  `total_goods_money` varchar(100) DEFAULT NULL,
  `value_of_inventory` varchar(100) DEFAULT NULL,
  `total_money` varchar(100) DEFAULT NULL COMMENT 'total_money = total_tax_money +total_goods_money ',
  `addedfrom` int(11) DEFAULT NULL,
  `approval` int(11) DEFAULT 0,
  `project` text DEFAULT NULL,
  `type` text DEFAULT NULL,
  `department` int(11) DEFAULT NULL,
  `requester` int(11) DEFAULT NULL,
  `expiry_date` date DEFAULT NULL,
  `invoice_no` text DEFAULT NULL
) ENGINE=InnoDB DEFAULT CHARSET=utf8mb4 COLLATE=utf8mb4_general_ci;

--
-- Dumping data for table `tblgoods_receipt`
--

INSERT INTO `tblgoods_receipt` (`id`, `supplier_code`, `supplier_name`, `deliver_name`, `buyer_id`, `description`, `pr_order_id`, `date_c`, `date_add`, `goods_receipt_code`, `warehouse_id`, `total_tax_money`, `total_goods_money`, `value_of_inventory`, `total_money`, `addedfrom`, `approval`, `project`, `type`, `department`, `requester`, `expiry_date`, `invoice_no`) VALUES
(1, '5', 'Nasution group', '', 3, '', 8, '2024-06-10', '2024-06-10', 'NK1', 0, '0', '10000000', '10000000', '10000000', 3, 1, '', 'capex', 0, 0, '2024-06-10', ''),
(2, '5', 'Nasution group', '', 11, '', 9, '2024-06-18', '2024-06-18', 'NK2', 0, '0', '2200000', '2200000', '2200000', 1, 1, '', 'capex', 0, 0, '2024-06-18', ''),
(3, '1', 'Nasution group', '', 2, '', 12, '2024-06-18', '2024-06-18', 'NK3', 1, '0', '1500000', '1500000', '1500000', 2, 1, '', 'opex', 0, 2, '2024-06-18', ''),
(4, '1', 'Nasution group', '', 11, '', 13, '2024-06-19', '2024-06-19', 'NK4', 3, '0', '10800000', '10800000', '10800000', 11, 1, '', 'opex', 0, 11, '2024-06-19', ''),
(5, '', '', '2501.POJ.0000007-SCII', 0, '', 0, '2025-01-29', '2025-01-29', 'NK5', 0, '0', '8340000000', '8340000000', '8340000000', 23, 1, '', 'capex', 0, 0, '2025-01-29', ''),
(6, '', '', '2501.POJ.0000006-NEN', 0, '', 0, '2025-01-29', '2025-01-29', 'NK6', 0, '0', '5550000000', '5550000000', '5550000000', 22, 1, '', 'capex', 0, 0, '2025-01-29', '');

-- --------------------------------------------------------

--
-- Table structure for table `tblgoods_receipt_detail`
--

CREATE TABLE `tblgoods_receipt_detail` (
  `id` int(11) UNSIGNED NOT NULL,
  `goods_receipt_id` int(11) NOT NULL,
  `commodity_code` varchar(100) DEFAULT NULL,
  `commodity_name` text DEFAULT NULL,
  `warehouse_id` text DEFAULT NULL,
  `unit_id` text DEFAULT NULL,
  `quantities` text DEFAULT NULL,
  `unit_price` varchar(100) DEFAULT NULL,
  `tax` varchar(100) DEFAULT NULL,
  `tax_money` varchar(100) DEFAULT NULL,
  `goods_money` varchar(100) DEFAULT NULL,
  `date_manufacture` date DEFAULT NULL,
  `expiry_date` date DEFAULT NULL,
  `note` text DEFAULT NULL,
  `discount` varchar(100) DEFAULT NULL,
  `discount_money` varchar(100) DEFAULT NULL,
  `lot_number` varchar(100) DEFAULT NULL,
  `tax_rate` text DEFAULT NULL,
  `sub_total` decimal(15,2) DEFAULT 0.00,
  `tax_name` text DEFAULT NULL,
  `serial_number` varchar(255) DEFAULT NULL
) ENGINE=InnoDB DEFAULT CHARSET=utf8mb4 COLLATE=utf8mb4_general_ci;

--
-- Dumping data for table `tblgoods_receipt_detail`
--

INSERT INTO `tblgoods_receipt_detail` (`id`, `goods_receipt_id`, `commodity_code`, `commodity_name`, `warehouse_id`, `unit_id`, `quantities`, `unit_price`, `tax`, `tax_money`, `goods_money`, `date_manufacture`, `expiry_date`, `note`, `discount`, `discount_money`, `lot_number`, `tax_rate`, `sub_total`, `tax_name`, `serial_number`) VALUES
(1, 1, '9', 'SL001_Solar', '3', '8', '1000', '10000', NULL, '0', '10000000', NULL, NULL, '', NULL, NULL, '', NULL, 10000000.00, NULL, ''),
(2, 2, '9', 'SL001_Solar', '1', '8', '200', '11000', NULL, '0', '2200000', NULL, NULL, '', NULL, NULL, '', NULL, 2200000.00, NULL, ''),
(3, 3, '10', 'SL_Solar Industri', '1', '8', '150', '10000', NULL, '0', '1500000', NULL, NULL, '', NULL, NULL, '', NULL, 1500000.00, NULL, ''),
(4, 4, '11', 'BANDT_BAN DT', '3', '9', '8', '1350000', NULL, '0', '10800000', NULL, NULL, '', NULL, NULL, '', NULL, 10800000.00, NULL, ''),
(5, 5, '1', 'CA001_Batu Bara', '2', '6', '278', '30000000.00', NULL, '0', '8340000000', NULL, NULL, '', NULL, NULL, '', NULL, 8340000000.00, NULL, ''),
(6, 6, '1', 'CA001_Batu Bara', '2', '6', '185', '30000000.00', NULL, '0', '5550000000', NULL, NULL, '', NULL, NULL, '', NULL, 5550000000.00, NULL, '');

-- --------------------------------------------------------

--
-- Table structure for table `tblgoods_transaction_detail`
--

CREATE TABLE `tblgoods_transaction_detail` (
  `id` int(11) UNSIGNED NOT NULL,
  `goods_receipt_id` int(11) DEFAULT NULL COMMENT 'id_goods_receipt_id or goods_delivery_id',
  `goods_id` int(11) NOT NULL COMMENT ' is id commodity',
  `old_quantity` varchar(100) DEFAULT NULL,
  `quantity` varchar(100) DEFAULT NULL,
  `date_add` datetime DEFAULT NULL,
  `commodity_id` int(11) NOT NULL,
  `warehouse_id` text NOT NULL,
  `note` text DEFAULT NULL,
  `status` int(2) DEFAULT NULL COMMENT '1:Goods receipt note 2:Goods delivery note',
  `purchase_price` varchar(100) DEFAULT NULL,
  `price` varchar(100) DEFAULT NULL,
  `expiry_date` text DEFAULT NULL,
  `lot_number` text DEFAULT NULL,
  `from_stock_name` int(11) DEFAULT NULL,
  `to_stock_name` int(11) DEFAULT NULL,
  `serial_number` varchar(255) DEFAULT NULL
) ENGINE=InnoDB DEFAULT CHARSET=utf8mb4 COLLATE=utf8mb4_general_ci;

--
-- Dumping data for table `tblgoods_transaction_detail`
--

INSERT INTO `tblgoods_transaction_detail` (`id`, `goods_receipt_id`, `goods_id`, `old_quantity`, `quantity`, `date_add`, `commodity_id`, `warehouse_id`, `note`, `status`, `purchase_price`, `price`, `expiry_date`, `lot_number`, `from_stock_name`, `to_stock_name`, `serial_number`) VALUES
(1, 1, 1, NULL, '1000', '2024-06-10 17:26:25', 9, '3', '', 1, '10000', NULL, NULL, '', NULL, NULL, ''),
(2, 2, 2, NULL, '200', '2024-06-18 15:29:27', 9, '1', '', 1, '11000', NULL, NULL, '', NULL, NULL, ''),
(3, 3, 3, NULL, '150', '2024-06-18 16:44:18', 10, '1', '', 1, '10000', NULL, NULL, '', NULL, NULL, ''),
(4, 1, 1, '140', '10', '2024-06-18 16:54:07', 10, '1', '', 2, '10000.00', '12500.00', NULL, NULL, NULL, NULL, ''),
(5, 0, 0, '0', '788', '2024-06-19 10:34:51', 11, '3', 'Import opening stock', 1, '1350000.00', NULL, NULL, NULL, NULL, NULL, NULL),
(6, 0, 0, '0', '566', '2024-06-19 10:35:50', 11, '2', 'Import opening stock', 1, '1350000.00', NULL, NULL, NULL, NULL, NULL, NULL),
(7, 4, 4, '788', '8', '2024-06-19 11:10:15', 11, '3', '', 1, '1350000', NULL, NULL, '', NULL, NULL, ''),
(8, 1, 1, '796', '6', '2024-06-19 11:12:56', 11, '', '', 4, '1350000.00', NULL, NULL, NULL, 3, 2, ''),
(9, 2, 2, '787', '3', '2024-06-19 13:32:42', 11, '3', '', 2, NULL, '1350000.00', NULL, NULL, NULL, NULL, ''),
(10, 0, 0, '0', '1000', '2024-08-09 18:39:07', 1, '2', 'Import opening stock', 1, '30000000.00', NULL, NULL, NULL, NULL, NULL, NULL),
(11, 3, 3, '900', '100', '2024-08-09 20:03:28', 1, '2', '', 2, NULL, '600000', NULL, NULL, NULL, NULL, ''),
(12, 4, 4, '800', '100', '2024-08-09 20:07:04', 1, '2', '', 2, NULL, '37', NULL, NULL, NULL, NULL, ''),
(13, 6, 6, '800', '185', '2025-01-29 11:33:01', 1, '2', '', 1, '30000000.00', NULL, NULL, '', NULL, NULL, ''),
(14, 5, 5, '985', '278', '2025-01-29 11:33:31', 1, '2', '', 1, '30000000.00', NULL, NULL, '', NULL, NULL, '');

-- --------------------------------------------------------

--
-- Table structure for table `tblgroup_checklist`
--

CREATE TABLE `tblgroup_checklist` (
  `id` int(11) NOT NULL,
  `group_name` varchar(100) NOT NULL,
  `meta` varchar(100) DEFAULT NULL
) ENGINE=InnoDB DEFAULT CHARSET=utf8mb3 COLLATE=utf8mb3_general_ci;

-- --------------------------------------------------------

--
-- Table structure for table `tblgroup_checklist_allocation`
--

CREATE TABLE `tblgroup_checklist_allocation` (
  `id` int(11) NOT NULL,
  `group_name` varchar(100) NOT NULL,
  `meta` varchar(100) DEFAULT NULL,
  `staffid` int(11) DEFAULT NULL
) ENGINE=InnoDB DEFAULT CHARSET=utf8mb3 COLLATE=utf8mb3_general_ci;

-- --------------------------------------------------------

--
-- Table structure for table `tblhrp_bonus_kpi`
--

CREATE TABLE `tblhrp_bonus_kpi` (
  `id` int(11) NOT NULL,
  `month_bonus_kpi` varchar(45) DEFAULT NULL,
  `staffid` int(11) DEFAULT NULL,
  `bonus_kpi` varchar(100) DEFAULT NULL
) ENGINE=InnoDB DEFAULT CHARSET=utf8mb4 COLLATE=utf8mb4_general_ci;

-- --------------------------------------------------------

--
-- Table structure for table `tblhrp_commissions`
--

CREATE TABLE `tblhrp_commissions` (
  `id` int(11) NOT NULL,
  `staff_id` int(11) DEFAULT NULL,
  `month` date NOT NULL,
  `commission_amount` decimal(15,2) DEFAULT NULL,
  `rel_type` varchar(100) DEFAULT NULL
) ENGINE=InnoDB DEFAULT CHARSET=utf8mb4 COLLATE=utf8mb4_general_ci;

-- --------------------------------------------------------

--
-- Table structure for table `tblhrp_company_contributions_list`
--

CREATE TABLE `tblhrp_company_contributions_list` (
  `id` int(11) NOT NULL,
  `code` varchar(200) DEFAULT NULL,
  `description` varchar(200) DEFAULT NULL,
  `rate` decimal(15,2) DEFAULT NULL,
  `basis` varchar(200) DEFAULT NULL,
  `earn_inclusion` varchar(200) DEFAULT NULL,
  `earn_exclusion` varchar(200) DEFAULT NULL,
  `earnings_max` decimal(15,2) DEFAULT NULL
) ENGINE=InnoDB DEFAULT CHARSET=utf8mb4 COLLATE=utf8mb4_general_ci;

-- --------------------------------------------------------

--
-- Table structure for table `tblhrp_earnings_list`
--

CREATE TABLE `tblhrp_earnings_list` (
  `id` int(11) NOT NULL,
  `code` varchar(200) DEFAULT NULL,
  `description` varchar(200) DEFAULT NULL,
  `short_name` varchar(200) DEFAULT NULL,
  `taxable` decimal(15,2) DEFAULT NULL,
  `basis_type` varchar(200) DEFAULT NULL
) ENGINE=InnoDB DEFAULT CHARSET=utf8mb4 COLLATE=utf8mb4_general_ci;

-- --------------------------------------------------------

--
-- Table structure for table `tblhrp_earnings_list_hr_records`
--

CREATE TABLE `tblhrp_earnings_list_hr_records` (
  `id` int(11) NOT NULL,
  `code` varchar(200) DEFAULT NULL,
  `description` varchar(200) DEFAULT NULL,
  `short_name` varchar(200) DEFAULT NULL,
  `taxable` decimal(15,2) DEFAULT NULL,
  `basis_type` varchar(200) DEFAULT NULL,
  `rel_type` varchar(200) DEFAULT NULL,
  `rel_id` int(11) DEFAULT NULL
) ENGINE=InnoDB DEFAULT CHARSET=utf8mb4 COLLATE=utf8mb4_general_ci;

-- --------------------------------------------------------

--
-- Table structure for table `tblhrp_employees_timesheets`
--

CREATE TABLE `tblhrp_employees_timesheets` (
  `id` int(11) NOT NULL,
  `staff_id` int(11) DEFAULT NULL,
  `month` date NOT NULL,
  `day_1` decimal(15,2) DEFAULT 0.00,
  `day_2` decimal(15,2) DEFAULT 0.00,
  `day_3` decimal(15,2) DEFAULT 0.00,
  `day_4` decimal(15,2) DEFAULT 0.00,
  `day_5` decimal(15,2) DEFAULT 0.00,
  `day_6` decimal(15,2) DEFAULT 0.00,
  `day_7` decimal(15,2) DEFAULT 0.00,
  `day_8` decimal(15,2) DEFAULT 0.00,
  `day_9` decimal(15,2) DEFAULT 0.00,
  `day_10` decimal(15,2) DEFAULT 0.00,
  `day_11` decimal(15,2) DEFAULT 0.00,
  `day_12` decimal(15,2) DEFAULT 0.00,
  `day_13` decimal(15,2) DEFAULT 0.00,
  `day_14` decimal(15,2) DEFAULT 0.00,
  `day_15` decimal(15,2) DEFAULT 0.00,
  `day_16` decimal(15,2) DEFAULT 0.00,
  `day_17` decimal(15,2) DEFAULT 0.00,
  `day_18` decimal(15,2) DEFAULT 0.00,
  `day_19` decimal(15,2) DEFAULT 0.00,
  `day_20` decimal(15,2) DEFAULT 0.00,
  `day_21` decimal(15,2) DEFAULT 0.00,
  `day_22` decimal(15,2) DEFAULT 0.00,
  `day_23` decimal(15,2) DEFAULT 0.00,
  `day_24` decimal(15,2) DEFAULT 0.00,
  `day_25` decimal(15,2) DEFAULT 0.00,
  `day_26` decimal(15,2) DEFAULT 0.00,
  `day_27` decimal(15,2) DEFAULT 0.00,
  `day_28` decimal(15,2) DEFAULT 0.00,
  `day_29` decimal(15,2) DEFAULT 0.00,
  `day_30` decimal(15,2) DEFAULT 0.00,
  `day_31` decimal(15,2) DEFAULT 0.00,
  `standard_workday` decimal(15,2) DEFAULT NULL,
  `actual_workday` decimal(15,2) DEFAULT NULL,
  `paid_leave` decimal(15,2) DEFAULT NULL,
  `unpaid_leave` decimal(15,2) DEFAULT NULL,
  `rel_type` varchar(100) DEFAULT NULL,
  `actual_workday_probation` decimal(15,2) DEFAULT 0.00
) ENGINE=InnoDB DEFAULT CHARSET=utf8mb4 COLLATE=utf8mb4_general_ci;

-- --------------------------------------------------------

--
-- Table structure for table `tblhrp_employees_value`
--

CREATE TABLE `tblhrp_employees_value` (
  `id` int(11) NOT NULL,
  `staff_id` int(11) DEFAULT NULL,
  `month` date NOT NULL,
  `job_title` varchar(200) DEFAULT NULL,
  `income_tax_number` varchar(200) DEFAULT NULL,
  `residential_address` text DEFAULT NULL,
  `income_rebate_code` varchar(200) DEFAULT NULL,
  `income_tax_rate` varchar(200) DEFAULT NULL,
  `probationary_contracts` longtext DEFAULT NULL,
  `primary_contracts` longtext DEFAULT NULL,
  `rel_type` varchar(100) DEFAULT NULL,
  `probationary_effective` date DEFAULT NULL,
  `probationary_expiration` date DEFAULT NULL,
  `primary_effective` date DEFAULT NULL,
  `primary_expiration` date DEFAULT NULL,
  `bank_name` varchar(500) DEFAULT NULL,
  `account_number` varchar(200) DEFAULT NULL
) ENGINE=InnoDB DEFAULT CHARSET=utf8mb4 COLLATE=utf8mb4_general_ci;

-- --------------------------------------------------------

--
-- Table structure for table `tblhrp_income_taxs`
--

CREATE TABLE `tblhrp_income_taxs` (
  `id` int(11) NOT NULL,
  `staff_id` int(11) DEFAULT NULL,
  `month` date NOT NULL,
  `gross_amount` decimal(15,2) DEFAULT NULL,
  `total_deduction_amount` decimal(15,2) DEFAULT NULL,
  `income_tax` decimal(15,2) DEFAULT NULL,
  `payslip_id` int(11) NOT NULL
) ENGINE=InnoDB DEFAULT CHARSET=utf8mb4 COLLATE=utf8mb4_general_ci;

-- --------------------------------------------------------

--
-- Table structure for table `tblhrp_income_tax_rates`
--

CREATE TABLE `tblhrp_income_tax_rates` (
  `id` int(11) NOT NULL,
  `tax_bracket_value_from` decimal(15,2) DEFAULT NULL,
  `tax_bracket_value_to` decimal(15,2) DEFAULT NULL,
  `tax_rate` decimal(15,2) DEFAULT NULL,
  `equivalent_value` decimal(15,2) DEFAULT NULL,
  `effective_rate` decimal(15,2) DEFAULT NULL
) ENGINE=InnoDB DEFAULT CHARSET=utf8mb4 COLLATE=utf8mb4_general_ci;

-- --------------------------------------------------------

--
-- Table structure for table `tblhrp_income_tax_rebates`
--

CREATE TABLE `tblhrp_income_tax_rebates` (
  `id` int(11) NOT NULL,
  `code` varchar(200) DEFAULT NULL,
  `description` varchar(200) DEFAULT NULL,
  `value` decimal(15,2) DEFAULT NULL,
  `total` decimal(15,2) DEFAULT NULL
) ENGINE=InnoDB DEFAULT CHARSET=utf8mb4 COLLATE=utf8mb4_general_ci;

-- --------------------------------------------------------

--
-- Table structure for table `tblhrp_insurance_list`
--

CREATE TABLE `tblhrp_insurance_list` (
  `id` int(11) NOT NULL,
  `code` varchar(200) DEFAULT NULL,
  `description` varchar(200) DEFAULT NULL,
  `rate` decimal(15,2) DEFAULT NULL,
  `basis` varchar(200) DEFAULT NULL
) ENGINE=InnoDB DEFAULT CHARSET=utf8mb4 COLLATE=utf8mb4_general_ci;

-- --------------------------------------------------------

--
-- Table structure for table `tblhrp_payroll_columns`
--

CREATE TABLE `tblhrp_payroll_columns` (
  `id` int(11) UNSIGNED NOT NULL,
  `column_key` text DEFAULT NULL,
  `taking_method` text DEFAULT NULL COMMENT 'get from system, caculator, constant... ',
  `function_name` text DEFAULT NULL COMMENT 'get value for method system',
  `value_related_to` text DEFAULT NULL COMMENT 'salary, allowance value...',
  `display_with_staff` varchar(10) DEFAULT 'true',
  `description` text DEFAULT NULL,
  `date_created` datetime NOT NULL,
  `staff_id_created` int(11) NOT NULL,
  `order_display` int(11) DEFAULT NULL,
  `is_edit` varchar(100) DEFAULT 'yes'
) ENGINE=InnoDB DEFAULT CHARSET=utf8mb4 COLLATE=utf8mb4_general_ci;

--
-- Dumping data for table `tblhrp_payroll_columns`
--

INSERT INTO `tblhrp_payroll_columns` (`id`, `column_key`, `taking_method`, `function_name`, `value_related_to`, `display_with_staff`, `description`, `date_created`, `staff_id_created`, `order_display`, `is_edit`) VALUES
(1, 'Staff ID', 'system', 'staff_id', '', 'true', 'Staff ID', '2024-05-12 23:25:59', 1, 1, 'no'),
(2, 'Payslip Number', 'system', 'pay_slip_number', '', 'true', 'Pay Slip Number', '2024-05-12 23:25:59', 1, 2, 'no'),
(3, 'Payment Run Date', 'system', 'payment_run_date', '', 'true', 'Payment Run Date', '2024-05-12 23:25:59', 1, 3, 'no'),
(4, 'Employee Number', 'system', 'employee_number', '', 'true', 'Employee Number', '2024-05-12 23:25:59', 1, 4, 'no'),
(5, 'Employee Name', 'system', 'employee_name', '', 'true', 'Employee Name', '2024-05-12 23:25:59', 1, 5, 'no'),
(6, 'Deparment Name', 'system', 'dept_name', '', 'true', 'Dept name Name', '2024-05-12 23:25:59', 1, 6, 'no'),
(7, 'Standard Working Time', 'system', 'standard_workday', '', 'true', 'Standard working time of the month (hours)', '2024-05-12 23:25:59', 1, 7, 'no'),
(8, 'Actual Working Time of Formal contract', 'system', 'actual_workday', '', 'true', 'Actual working time (hours)', '2024-05-12 23:25:59', 1, 8, 'no'),
(9, 'Actual Working Time of Probation contract', 'system', 'actual_workday_probation', '', 'true', 'Actual Working Time of Probation contract (hours)', '2024-05-12 23:25:59', 1, 9, 'no'),
(10, 'Paid Leave Time', 'system', 'paid_leave', '', 'true', 'Paid Leave Time (hours)', '2024-05-12 23:25:59', 1, 10, 'no'),
(11, 'Unpaid Leave Time', 'system', 'unpaid_leave', '', 'true', 'Unpaid Leave Time (hours)', '2024-05-12 23:25:59', 1, 11, 'no'),
(12, 'Salary of the probationary contract', 'caculator', 'salary_of_the_probationary_contract', '', 'true', 'Salary of the probationary contract', '2024-05-12 23:25:59', 1, 12, 'no'),
(13, 'Salary of the formal contract', 'caculator', 'salary_of_the_formal_contract', '', 'true', 'Salary of the formal contract', '2024-05-12 23:25:59', 1, 13, 'no'),
(14, 'Gross Pay', 'caculator', 'gross_pay', '', 'true', 'Gross Pay', '2024-05-12 23:25:59', 1, 14, 'no'),
(15, 'Total Deductions', 'caculator', 'total_deductions', '', 'true', 'Total Deductions', '2024-05-12 23:25:59', 1, 15, 'no'),
(16, 'Total Insurance', 'caculator', 'total_insurance', '', 'true', 'Total Insurance', '2024-05-12 23:25:59', 1, 16, 'no'),
(17, 'Income Tax Rebate Code', 'system', 'it_rebate_code', '', 'true', 'IT Rebate Code', '2024-05-12 23:25:59', 1, 17, 'no'),
(18, 'Income Tax Rebate Value', 'system', 'it_rebate_value', '', 'true', 'IT Rebate Value', '2024-05-12 23:25:59', 1, 18, 'no'),
(19, 'Taxable salary', 'caculator', 'taxable_salary', '', 'true', 'Taxable salary', '2024-05-12 23:25:59', 1, 19, 'no'),
(20, 'Income Tax code', 'system', 'income_tax_code', '', 'true', 'Income Tax code', '2024-05-12 23:25:59', 1, 20, 'no'),
(21, 'Personal Income Tax', 'system', 'income_tax_paye', '', 'true', 'Personal Income Tax', '2024-05-12 23:25:59', 1, 21, 'no'),
(22, 'Commission Amount', 'system', 'commission_amount', '', 'true', 'Commission', '2024-05-12 23:25:59', 1, 22, 'no'),
(23, 'Bonus Kpi', 'system', 'bonus_kpi', '', 'true', 'Bonus Kpi', '2024-05-12 23:25:59', 1, 23, 'no'),
(24, 'Net Pay', 'caculator', 'net_pay', '', 'true', 'Net Pay', '2024-05-12 23:25:59', 1, 24, 'no'),
(25, 'Total Cost', 'caculator', 'total_cost', '', 'true', 'Total cost', '2024-05-12 23:25:59', 1, 25, 'no'),
(26, 'Total hours by tasks', 'system', 'total_hours_by_tasks', '', 'true', 'Total hours by tasks', '2024-05-12 23:25:59', 1, 16, 'no'),
(27, 'Salary from tasks', 'system', 'salary_from_tasks', '', 'true', 'Salary from tasks', '2024-05-12 23:25:59', 1, 16, 'no'),
(28, 'Bank Name', 'system', 'bank_name', '', 'true', 'Bank Name', '2024-05-12 23:25:59', 1, 17, 'no'),
(29, 'Account Number', 'system', 'account_number', '', 'true', 'Account Number', '2024-05-12 23:25:59', 1, 17, 'no');

-- --------------------------------------------------------

--
-- Table structure for table `tblhrp_payslips`
--

CREATE TABLE `tblhrp_payslips` (
  `id` int(11) UNSIGNED NOT NULL,
  `payslip_name` varchar(100) NOT NULL,
  `payslip_template_id` int(11) DEFAULT NULL,
  `payslip_month` date NOT NULL,
  `staff_id_created` int(11) NOT NULL,
  `date_created` datetime NOT NULL,
  `payslip_data` longtext DEFAULT NULL,
  `file_name` text DEFAULT NULL,
  `payslip_status` varchar(100) DEFAULT 'payslip_opening'
) ENGINE=InnoDB DEFAULT CHARSET=utf8mb4 COLLATE=utf8mb4_general_ci;

-- --------------------------------------------------------

--
-- Table structure for table `tblhrp_payslip_details`
--

CREATE TABLE `tblhrp_payslip_details` (
  `id` int(11) UNSIGNED NOT NULL,
  `payslip_id` int(11) DEFAULT NULL,
  `staff_id` int(11) DEFAULT NULL,
  `month` date NOT NULL,
  `pay_slip_number` text DEFAULT NULL,
  `payment_run_date` date NOT NULL,
  `employee_number` text DEFAULT NULL,
  `employee_name` text DEFAULT NULL,
  `dept_name` text DEFAULT NULL,
  `standard_workday` decimal(15,2) DEFAULT 0.00,
  `actual_workday` decimal(15,2) DEFAULT 0.00,
  `paid_leave` decimal(15,2) DEFAULT 0.00,
  `unpaid_leave` decimal(15,2) DEFAULT 0.00,
  `gross_pay` decimal(15,2) DEFAULT 0.00,
  `income_tax_paye` decimal(15,2) DEFAULT 0.00,
  `total_deductions` decimal(15,2) DEFAULT 0.00,
  `net_pay` decimal(15,2) DEFAULT 0.00,
  `it_rebate_code` text DEFAULT NULL,
  `it_rebate_value` decimal(15,2) DEFAULT 0.00,
  `income_tax_code` text DEFAULT NULL,
  `commission_amount` decimal(15,2) DEFAULT 0.00,
  `bonus_kpi` decimal(15,2) DEFAULT 0.00,
  `total_cost` decimal(15,2) DEFAULT 0.00,
  `total_insurance` decimal(15,2) DEFAULT 0.00,
  `json_data` longtext DEFAULT NULL,
  `salary_of_the_probationary_contract` decimal(15,2) DEFAULT 0.00,
  `salary_of_the_formal_contract` decimal(15,2) DEFAULT 0.00,
  `taxable_salary` decimal(15,2) DEFAULT 0.00,
  `actual_workday_probation` decimal(15,2) DEFAULT 0.00,
  `total_hours_by_tasks` decimal(15,2) DEFAULT 0.00,
  `salary_from_tasks` decimal(15,2) DEFAULT 0.00
) ENGINE=InnoDB DEFAULT CHARSET=utf8mb4 COLLATE=utf8mb4_general_ci;

-- --------------------------------------------------------

--
-- Table structure for table `tblhrp_payslip_templates`
--

CREATE TABLE `tblhrp_payslip_templates` (
  `id` int(11) UNSIGNED NOT NULL,
  `templates_name` varchar(100) NOT NULL,
  `payslip_columns` longtext DEFAULT NULL,
  `payslip_id_copy` int(11) UNSIGNED NOT NULL,
  `department_id` longtext DEFAULT NULL,
  `role_employees` longtext DEFAULT NULL,
  `staff_employees` longtext DEFAULT NULL,
  `payslip_template_data` longtext DEFAULT NULL,
  `date_created` datetime NOT NULL,
  `staff_id_created` int(11) NOT NULL,
  `cell_data` longtext DEFAULT NULL,
  `except_staff` text DEFAULT NULL
) ENGINE=InnoDB DEFAULT CHARSET=utf8mb4 COLLATE=utf8mb4_general_ci;

-- --------------------------------------------------------

--
-- Table structure for table `tblhrp_salary_deductions`
--

CREATE TABLE `tblhrp_salary_deductions` (
  `id` int(11) NOT NULL,
  `staff_id` int(11) DEFAULT NULL,
  `month` date NOT NULL,
  `deduction_list` longtext DEFAULT NULL
) ENGINE=InnoDB DEFAULT CHARSET=utf8mb4 COLLATE=utf8mb4_general_ci;

-- --------------------------------------------------------

--
-- Table structure for table `tblhrp_salary_deductions_list`
--

CREATE TABLE `tblhrp_salary_deductions_list` (
  `id` int(11) NOT NULL,
  `code` varchar(200) DEFAULT NULL,
  `description` varchar(200) DEFAULT NULL,
  `rate` decimal(15,2) DEFAULT NULL,
  `basis` varchar(200) DEFAULT NULL,
  `earn_inclusion` varchar(200) DEFAULT NULL,
  `earn_exclusion` varchar(200) DEFAULT NULL,
  `earnings_max` decimal(15,2) DEFAULT NULL,
  `tax` decimal(15,2) DEFAULT NULL,
  `annual_tax_limit` decimal(15,2) DEFAULT NULL
) ENGINE=InnoDB DEFAULT CHARSET=utf8mb4 COLLATE=utf8mb4_general_ci;

-- --------------------------------------------------------

--
-- Table structure for table `tblhrp_staff_insurances`
--

CREATE TABLE `tblhrp_staff_insurances` (
  `id` int(11) NOT NULL,
  `staff_id` int(11) DEFAULT NULL,
  `month` date NOT NULL,
  `insurance_list` longtext DEFAULT NULL
) ENGINE=InnoDB DEFAULT CHARSET=utf8mb4 COLLATE=utf8mb4_general_ci;

-- --------------------------------------------------------

--
-- Table structure for table `tblhr_allocation_asset`
--

CREATE TABLE `tblhr_allocation_asset` (
  `allocation_id` int(11) UNSIGNED NOT NULL,
  `staff_id` int(11) UNSIGNED NOT NULL,
  `asset_name` varchar(100) DEFAULT NULL,
  `assets_amount` int(11) UNSIGNED NOT NULL,
  `status_allocation` int(11) UNSIGNED DEFAULT 0 COMMENT '1: Allocated 0: Unallocated'
) ENGINE=InnoDB DEFAULT CHARSET=utf8mb4 COLLATE=utf8mb4_general_ci;

-- --------------------------------------------------------

--
-- Table structure for table `tblhr_allowance_type`
--

CREATE TABLE `tblhr_allowance_type` (
  `type_id` int(11) UNSIGNED NOT NULL,
  `type_name` varchar(200) NOT NULL,
  `allowance_val` decimal(15,2) NOT NULL,
  `taxable` tinyint(1) NOT NULL
) ENGINE=InnoDB DEFAULT CHARSET=utf8mb4 COLLATE=utf8mb4_general_ci;

-- --------------------------------------------------------

--
-- Table structure for table `tblhr_checklist_allocation`
--

CREATE TABLE `tblhr_checklist_allocation` (
  `id` int(11) NOT NULL,
  `name` varchar(100) NOT NULL,
  `group_id` int(11) DEFAULT NULL,
  `status` int(11) DEFAULT 0
) ENGINE=InnoDB DEFAULT CHARSET=utf8mb4 COLLATE=utf8mb4_general_ci;

-- --------------------------------------------------------

--
-- Table structure for table `tblhr_contract_template`
--

CREATE TABLE `tblhr_contract_template` (
  `id` int(11) NOT NULL,
  `name` text DEFAULT NULL,
  `job_position` longtext DEFAULT NULL,
  `content` longtext DEFAULT NULL
) ENGINE=InnoDB DEFAULT CHARSET=utf8mb4 COLLATE=utf8mb4_general_ci;

-- --------------------------------------------------------

--
-- Table structure for table `tblhr_dependent_person`
--

CREATE TABLE `tblhr_dependent_person` (
  `id` int(11) UNSIGNED NOT NULL,
  `staffid` int(11) UNSIGNED DEFAULT NULL,
  `dependent_name` varchar(100) DEFAULT NULL,
  `relationship` varchar(100) DEFAULT NULL,
  `dependent_bir` date DEFAULT NULL,
  `start_month` date DEFAULT NULL,
  `end_month` date DEFAULT NULL,
  `dependent_iden` varchar(20) NOT NULL,
  `reason` longtext DEFAULT NULL,
  `status` int(11) UNSIGNED DEFAULT 0,
  `status_comment` longtext DEFAULT NULL
) ENGINE=InnoDB DEFAULT CHARSET=utf8mb4 COLLATE=utf8mb4_general_ci;

-- --------------------------------------------------------

--
-- Table structure for table `tblhr_education`
--

CREATE TABLE `tblhr_education` (
  `id` int(11) NOT NULL,
  `staff_id` int(11) NOT NULL,
  `admin_id` int(11) NOT NULL,
  `programe_id` int(11) DEFAULT NULL,
  `training_programs_name` text NOT NULL,
  `training_places` text DEFAULT NULL,
  `training_time_from` datetime DEFAULT NULL,
  `training_time_to` datetime DEFAULT NULL,
  `date_create` datetime DEFAULT NULL,
  `training_result` varchar(150) DEFAULT NULL,
  `degree` varchar(150) DEFAULT NULL,
  `notes` text DEFAULT NULL
) ENGINE=InnoDB DEFAULT CHARSET=utf8mb4 COLLATE=utf8mb4_general_ci;

-- --------------------------------------------------------

--
-- Table structure for table `tblhr_group_checklist_allocation`
--

CREATE TABLE `tblhr_group_checklist_allocation` (
  `id` int(11) NOT NULL,
  `group_name` varchar(100) NOT NULL,
  `meta` varchar(100) DEFAULT NULL,
  `staffid` int(11) DEFAULT NULL
) ENGINE=InnoDB DEFAULT CHARSET=utf8mb4 COLLATE=utf8mb4_general_ci;

-- --------------------------------------------------------

--
-- Table structure for table `tblhr_job_p`
--

CREATE TABLE `tblhr_job_p` (
  `job_id` int(11) UNSIGNED NOT NULL,
  `job_name` varchar(100) DEFAULT NULL,
  `description` text DEFAULT NULL
) ENGINE=InnoDB DEFAULT CHARSET=utf8mb4 COLLATE=utf8mb4_general_ci;

--
-- Dumping data for table `tblhr_job_p`
--

INSERT INTO `tblhr_job_p` (`job_id`, `job_name`, `description`) VALUES
(1, 'OPERATOR', ''),
(2, 'SUPERVISOR', ''),
(3, 'SUPERINTENDENT', ''),
(4, 'MANAGER', ''),
(5, 'GENERAL MANAGER', ''),
(6, 'DIREKTUR', ''),
(7, 'WAKIL DIREKRUR', '');

-- --------------------------------------------------------

--
-- Table structure for table `tblhr_job_position`
--

CREATE TABLE `tblhr_job_position` (
  `position_id` int(11) UNSIGNED NOT NULL,
  `position_name` varchar(200) NOT NULL,
  `job_position_description` text DEFAULT NULL,
  `job_p_id` int(11) UNSIGNED NOT NULL,
  `position_code` varchar(50) DEFAULT NULL,
  `department_id` text DEFAULT NULL
) ENGINE=InnoDB DEFAULT CHARSET=utf8mb4 COLLATE=utf8mb4_general_ci;

--
-- Dumping data for table `tblhr_job_position`
--

INSERT INTO `tblhr_job_position` (`position_id`, `position_name`, `job_position_description`, `job_p_id`, `position_code`, `department_id`) VALUES
(1, 'SUPERVISOR FINANCE & HARGA', '', 2, '#JOB00001', NULL),
(2, 'MANAGER LUWUK BUNTER', '', 4, '#JOB00002', NULL),
(3, 'DIREKTUR LOGISTIK', '', 6, '#JOB00003', NULL),
(4, 'SUPERVISOR SHIPMENT', '', 2, '#JOB00004', NULL),
(5, 'OPERATAOR & PURCHASE', '', 1, '#JOB00005', NULL),
(6, 'OPERATOR & LOGISTIK', '', 1, '#JOB00006', NULL),
(7, 'ADMIN', '', 0, '#JOB00007', NULL),
(8, 'DIREKTUR KEUANGAN', '', 6, '#JOB00008', NULL),
(9, 'WAKIL DIREKTUR KEUANGAN', '', 6, '#JOB00009', NULL),
(10, 'DIREKTUR OPERASIONAL', '', 6, '#JOB00010', NULL),
(11, 'KEPALA TEKNIK TAMBANG (SITE MANAGER)', '', 5, '#JOB00011', NULL),
(12, 'DIREKTUR UTAMA', '', 6, '#JOB00012', NULL),
(13, 'FPL MANAGER', '', 4, '#JOB00013', NULL),
(14, ' MANAGER JETTY LUWUK BUNTER', '', 4, '#JOB00014', NULL),
(15, 'GM HUMAS', '', 0, '#JOB00015', NULL),
(16, 'MANAGER CSR', '', 0, '#JOB00016', NULL),
(17, 'MASTER LOADING', '', 0, '#JOB00017', NULL),
(18, 'SUPERVISOR CRUSHER', '', 2, '#JOB00018', NULL);

-- --------------------------------------------------------

--
-- Table structure for table `tblhr_jp_interview_training`
--

CREATE TABLE `tblhr_jp_interview_training` (
  `training_process_id` int(11) UNSIGNED NOT NULL,
  `job_position_id` longtext DEFAULT NULL,
  `training_name` varchar(100) DEFAULT NULL,
  `training_type` int(11) DEFAULT NULL,
  `description` text DEFAULT NULL,
  `date_add` datetime DEFAULT NULL,
  `position_training_id` text DEFAULT NULL,
  `mint_point` int(11) DEFAULT NULL,
  `additional_training` varchar(100) DEFAULT '',
  `staff_id` text DEFAULT NULL,
  `time_to_start` date DEFAULT NULL,
  `time_to_end` date DEFAULT NULL
) ENGINE=InnoDB DEFAULT CHARSET=utf8mb4 COLLATE=utf8mb4_general_ci;

-- --------------------------------------------------------

--
-- Table structure for table `tblhr_jp_salary_scale`
--

CREATE TABLE `tblhr_jp_salary_scale` (
  `salary_scale_id` int(11) UNSIGNED NOT NULL,
  `job_position_id` int(11) UNSIGNED NOT NULL,
  `rel_type` varchar(100) DEFAULT NULL COMMENT 'salary:allowance:insurance',
  `rel_id` int(11) DEFAULT NULL,
  `value` text DEFAULT NULL
) ENGINE=InnoDB DEFAULT CHARSET=utf8mb4 COLLATE=utf8mb4_general_ci;

-- --------------------------------------------------------

--
-- Table structure for table `tblhr_knowedge_base_article_feedback`
--

CREATE TABLE `tblhr_knowedge_base_article_feedback` (
  `articleanswerid` int(11) NOT NULL,
  `articleid` int(11) NOT NULL,
  `answer` int(11) NOT NULL,
  `ip` varchar(40) NOT NULL,
  `date` datetime NOT NULL
) ENGINE=InnoDB DEFAULT CHARSET=utf8mb4 COLLATE=utf8mb4_general_ci;

-- --------------------------------------------------------

--
-- Table structure for table `tblhr_knowledge_base`
--

CREATE TABLE `tblhr_knowledge_base` (
  `articleid` int(11) NOT NULL,
  `articlegroup` int(11) NOT NULL,
  `subject` mediumtext NOT NULL,
  `description` text NOT NULL,
  `slug` mediumtext NOT NULL,
  `active` tinyint(4) NOT NULL,
  `datecreated` datetime NOT NULL,
  `article_order` int(11) NOT NULL DEFAULT 0,
  `staff_article` int(11) NOT NULL DEFAULT 0,
  `question_answers` int(11) DEFAULT 0,
  `file_name` varchar(255) DEFAULT '',
  `curator` varchar(11) DEFAULT '',
  `benchmark` int(11) DEFAULT 0,
  `score` int(11) DEFAULT 0
) ENGINE=InnoDB DEFAULT CHARSET=utf8mb4 COLLATE=utf8mb4_general_ci;

-- --------------------------------------------------------

--
-- Table structure for table `tblhr_knowledge_base_groups`
--

CREATE TABLE `tblhr_knowledge_base_groups` (
  `groupid` int(11) NOT NULL,
  `name` varchar(191) NOT NULL,
  `group_slug` text DEFAULT NULL,
  `description` mediumtext DEFAULT NULL,
  `active` tinyint(4) NOT NULL,
  `color` varchar(10) DEFAULT '#28B8DA',
  `group_order` int(11) DEFAULT 0
) ENGINE=InnoDB DEFAULT CHARSET=utf8mb4 COLLATE=utf8mb4_general_ci;

-- --------------------------------------------------------

--
-- Table structure for table `tblhr_list_staff_quitting_work`
--

CREATE TABLE `tblhr_list_staff_quitting_work` (
  `id` int(11) NOT NULL,
  `staffid` int(11) DEFAULT NULL,
  `staff_name` text DEFAULT NULL,
  `department_name` text DEFAULT NULL,
  `role_name` text DEFAULT NULL,
  `email` text DEFAULT NULL,
  `dateoff` datetime NOT NULL DEFAULT current_timestamp(),
  `approval` varchar(100) DEFAULT NULL
) ENGINE=InnoDB DEFAULT CHARSET=utf8mb4 COLLATE=utf8mb4_general_ci;

-- --------------------------------------------------------

--
-- Table structure for table `tblhr_payroll_option`
--

CREATE TABLE `tblhr_payroll_option` (
  `option_id` int(11) UNSIGNED NOT NULL,
  `option_name` varchar(200) NOT NULL,
  `option_val` longtext DEFAULT NULL,
  `auto` tinyint(1) DEFAULT NULL
) ENGINE=InnoDB DEFAULT CHARSET=utf8mb4 COLLATE=utf8mb4_general_ci;

--
-- Dumping data for table `tblhr_payroll_option`
--

INSERT INTO `tblhr_payroll_option` (`option_id`, `option_name`, `option_val`, `auto`) VALUES
(1, 'integrated_hrprofile', '1', 1),
(2, 'integrated_timesheets', '1', 1),
(3, 'integration_actual_workday', 'W,B', 1),
(4, 'integration_paid_leave', 'AL,HO,EB', 1),
(5, 'integration_unpaid_leave', 'U,SI,UB,P', 1),
(6, 'standard_working_time', '160', 1),
(7, 'integrated_commissions', '0', 1);

-- --------------------------------------------------------

--
-- Table structure for table `tblhr_position_training`
--

CREATE TABLE `tblhr_position_training` (
  `training_id` int(11) NOT NULL,
  `subject` mediumtext NOT NULL,
  `training_type` int(11) UNSIGNED NOT NULL,
  `slug` mediumtext NOT NULL,
  `description` text DEFAULT NULL,
  `viewdescription` text DEFAULT NULL,
  `datecreated` datetime NOT NULL,
  `redirect_url` varchar(100) DEFAULT NULL,
  `send` tinyint(1) NOT NULL DEFAULT 0,
  `onlyforloggedin` int(11) DEFAULT 0,
  `fromname` varchar(100) DEFAULT NULL,
  `iprestrict` tinyint(1) NOT NULL,
  `active` tinyint(1) NOT NULL DEFAULT 1,
  `hash` varchar(32) NOT NULL,
  `mint_point` varchar(20) DEFAULT NULL
) ENGINE=InnoDB DEFAULT CHARSET=utf8mb4 COLLATE=utf8mb4_general_ci;

-- --------------------------------------------------------

--
-- Table structure for table `tblhr_position_training_question_form`
--

CREATE TABLE `tblhr_position_training_question_form` (
  `questionid` int(11) NOT NULL,
  `rel_id` int(11) NOT NULL,
  `rel_type` varchar(20) DEFAULT NULL,
  `question` mediumtext NOT NULL,
  `required` tinyint(1) NOT NULL DEFAULT 0,
  `question_order` int(11) NOT NULL,
  `point` int(11) NOT NULL
) ENGINE=InnoDB DEFAULT CHARSET=utf8mb4 COLLATE=utf8mb4_general_ci;

-- --------------------------------------------------------

--
-- Table structure for table `tblhr_procedure_retire`
--

CREATE TABLE `tblhr_procedure_retire` (
  `id` int(11) NOT NULL,
  `rel_name` text DEFAULT NULL,
  `option_name` text DEFAULT NULL,
  `status` int(11) DEFAULT 1,
  `people_handle_id` int(11) NOT NULL,
  `procedure_retire_id` int(11) NOT NULL
) ENGINE=InnoDB DEFAULT CHARSET=utf8mb4 COLLATE=utf8mb4_general_ci;

-- --------------------------------------------------------

--
-- Table structure for table `tblhr_procedure_retire_manage`
--

CREATE TABLE `tblhr_procedure_retire_manage` (
  `id` int(11) UNSIGNED NOT NULL,
  `name_procedure_retire` text NOT NULL,
  `department` varchar(250) NOT NULL,
  `datecreator` datetime NOT NULL
) ENGINE=InnoDB DEFAULT CHARSET=utf8mb4 COLLATE=utf8mb4_general_ci;

-- --------------------------------------------------------

--
-- Table structure for table `tblhr_procedure_retire_of_staff`
--

CREATE TABLE `tblhr_procedure_retire_of_staff` (
  `id` int(11) NOT NULL,
  `rel_id` int(11) DEFAULT NULL,
  `option_name` text DEFAULT NULL,
  `status` int(11) DEFAULT 0,
  `staffid` int(11) DEFAULT NULL
) ENGINE=InnoDB DEFAULT CHARSET=utf8mb4 COLLATE=utf8mb4_general_ci;

-- --------------------------------------------------------

--
-- Table structure for table `tblhr_procedure_retire_of_staff_by_id`
--

CREATE TABLE `tblhr_procedure_retire_of_staff_by_id` (
  `id` int(11) NOT NULL,
  `rel_name` text DEFAULT NULL,
  `people_handle_id` int(11) DEFAULT NULL
) ENGINE=InnoDB DEFAULT CHARSET=utf8mb4 COLLATE=utf8mb4_general_ci;

-- --------------------------------------------------------

--
-- Table structure for table `tblhr_profile_option`
--

CREATE TABLE `tblhr_profile_option` (
  `option_id` int(11) UNSIGNED NOT NULL,
  `option_name` varchar(200) NOT NULL,
  `option_val` longtext DEFAULT NULL,
  `auto` tinyint(1) DEFAULT NULL
) ENGINE=InnoDB DEFAULT CHARSET=utf8mb4 COLLATE=utf8mb4_general_ci;

--
-- Dumping data for table `tblhr_profile_option`
--

INSERT INTO `tblhr_profile_option` (`option_id`, `option_name`, `option_val`, `auto`) VALUES
(1, 'job_position_prefix', '#JOB', 1),
(2, 'job_position_number', '19', 1),
(3, 'contract_code_prefix', '#CONTRACT', 1),
(4, 'contract_code_number', '1', 1),
(5, 'staff_code_prefix', 'EC', 1),
(6, 'staff_code_number', '1', 1);

-- --------------------------------------------------------

--
-- Table structure for table `tblhr_p_t_form_question_box`
--

CREATE TABLE `tblhr_p_t_form_question_box` (
  `boxid` int(11) NOT NULL,
  `boxtype` varchar(10) NOT NULL,
  `questionid` int(11) NOT NULL
) ENGINE=InnoDB DEFAULT CHARSET=utf8mb4 COLLATE=utf8mb4_general_ci;

-- --------------------------------------------------------

--
-- Table structure for table `tblhr_p_t_form_question_box_description`
--

CREATE TABLE `tblhr_p_t_form_question_box_description` (
  `questionboxdescriptionid` int(11) NOT NULL,
  `description` mediumtext NOT NULL,
  `boxid` mediumtext NOT NULL,
  `questionid` int(11) NOT NULL,
  `correct` int(11) DEFAULT 1 COMMENT '0: correct 1: incorrect'
) ENGINE=InnoDB DEFAULT CHARSET=utf8mb4 COLLATE=utf8mb4_general_ci;

-- --------------------------------------------------------

--
-- Table structure for table `tblhr_p_t_form_results`
--

CREATE TABLE `tblhr_p_t_form_results` (
  `resultid` int(11) NOT NULL,
  `boxid` int(11) NOT NULL,
  `boxdescriptionid` int(11) DEFAULT NULL,
  `rel_id` int(11) NOT NULL,
  `rel_type` varchar(20) DEFAULT NULL,
  `questionid` int(11) NOT NULL,
  `answer` text DEFAULT NULL,
  `resultsetid` int(11) NOT NULL
) ENGINE=InnoDB DEFAULT CHARSET=utf8mb4 COLLATE=utf8mb4_general_ci;

-- --------------------------------------------------------

--
-- Table structure for table `tblhr_p_t_surveyresultsets`
--

CREATE TABLE `tblhr_p_t_surveyresultsets` (
  `resultsetid` int(11) NOT NULL,
  `trainingid` int(11) NOT NULL,
  `ip` varchar(40) NOT NULL,
  `useragent` varchar(150) NOT NULL,
  `date` datetime NOT NULL,
  `staff_id` int(11) UNSIGNED NOT NULL
) ENGINE=InnoDB DEFAULT CHARSET=utf8mb4 COLLATE=utf8mb4_general_ci;

-- --------------------------------------------------------

--
-- Table structure for table `tblhr_rec_transfer_records`
--

CREATE TABLE `tblhr_rec_transfer_records` (
  `id` int(11) UNSIGNED NOT NULL,
  `staffid` int(11) NOT NULL,
  `firstname` varchar(100) DEFAULT NULL,
  `lastname` varchar(100) DEFAULT NULL,
  `birthday` date DEFAULT NULL,
  `gender` varchar(11) DEFAULT NULL,
  `staff_identifi` varchar(20) DEFAULT NULL,
  `creator` int(11) NOT NULL
) ENGINE=InnoDB DEFAULT CHARSET=utf8mb4 COLLATE=utf8mb4_general_ci;

-- --------------------------------------------------------

--
-- Table structure for table `tblhr_salary_form`
--

CREATE TABLE `tblhr_salary_form` (
  `form_id` int(11) UNSIGNED NOT NULL,
  `form_name` varchar(200) NOT NULL,
  `salary_val` decimal(15,2) NOT NULL,
  `tax` tinyint(1) NOT NULL
) ENGINE=InnoDB DEFAULT CHARSET=utf8mb4 COLLATE=utf8mb4_general_ci;

-- --------------------------------------------------------

--
-- Table structure for table `tblhr_staff_contract`
--

CREATE TABLE `tblhr_staff_contract` (
  `id_contract` int(11) UNSIGNED NOT NULL,
  `contract_code` varchar(200) NOT NULL,
  `name_contract` int(11) NOT NULL,
  `staff` int(11) NOT NULL,
  `start_valid` date DEFAULT NULL,
  `end_valid` date DEFAULT NULL,
  `contract_status` varchar(100) DEFAULT NULL,
  `sign_day` date DEFAULT NULL,
  `staff_delegate` int(11) DEFAULT NULL,
  `hourly_or_month` longtext DEFAULT NULL,
  `content` longtext DEFAULT NULL,
  `hash` varchar(32) DEFAULT NULL,
  `signature` varchar(40) DEFAULT NULL,
  `signer` int(11) DEFAULT NULL,
  `staff_signature` varchar(40) DEFAULT NULL,
  `staff_sign_day` date DEFAULT NULL
) ENGINE=InnoDB DEFAULT CHARSET=utf8mb4 COLLATE=utf8mb4_general_ci;

-- --------------------------------------------------------

--
-- Table structure for table `tblhr_staff_contract_detail`
--

CREATE TABLE `tblhr_staff_contract_detail` (
  `contract_detail_id` int(11) UNSIGNED NOT NULL,
  `staff_contract_id` int(11) UNSIGNED NOT NULL,
  `type` text DEFAULT NULL,
  `rel_type` text DEFAULT NULL,
  `rel_value` decimal(15,2) DEFAULT 0.00,
  `since_date` date DEFAULT NULL,
  `contract_note` text DEFAULT NULL
) ENGINE=InnoDB DEFAULT CHARSET=utf8mb4 COLLATE=utf8mb4_general_ci;

-- --------------------------------------------------------

--
-- Table structure for table `tblhr_staff_contract_type`
--

CREATE TABLE `tblhr_staff_contract_type` (
  `id_contracttype` int(11) UNSIGNED NOT NULL,
  `name_contracttype` varchar(200) NOT NULL,
  `description` longtext DEFAULT NULL,
  `duration` int(11) DEFAULT NULL,
  `unit` varchar(20) DEFAULT NULL,
  `insurance` tinyint(1) DEFAULT NULL
) ENGINE=InnoDB DEFAULT CHARSET=utf8mb4 COLLATE=utf8mb4_general_ci;

-- --------------------------------------------------------

--
-- Table structure for table `tblhr_training_allocation`
--

CREATE TABLE `tblhr_training_allocation` (
  `id` int(11) NOT NULL,
  `training_process_id` varchar(100) NOT NULL,
  `staffid` int(11) DEFAULT NULL,
  `training_type` int(11) DEFAULT NULL,
  `date_add` datetime NOT NULL DEFAULT current_timestamp(),
  `training_name` varchar(150) DEFAULT NULL,
  `jp_interview_training_id` int(11) DEFAULT NULL
) ENGINE=InnoDB DEFAULT CHARSET=utf8mb4 COLLATE=utf8mb4_general_ci;

-- --------------------------------------------------------

--
-- Table structure for table `tblhr_type_of_trainings`
--

CREATE TABLE `tblhr_type_of_trainings` (
  `id` int(11) NOT NULL,
  `name` text DEFAULT NULL
) ENGINE=InnoDB DEFAULT CHARSET=utf8mb4 COLLATE=utf8mb4_general_ci;

--
-- Dumping data for table `tblhr_type_of_trainings`
--

INSERT INTO `tblhr_type_of_trainings` (`id`, `name`) VALUES
(1, 'Basic training');

-- --------------------------------------------------------

--
-- Table structure for table `tblhr_views_tracking`
--

CREATE TABLE `tblhr_views_tracking` (
  `id` int(11) NOT NULL,
  `rel_id` int(11) NOT NULL,
  `rel_type` varchar(40) NOT NULL,
  `date` datetime NOT NULL,
  `view_ip` varchar(40) NOT NULL
) ENGINE=InnoDB DEFAULT CHARSET=utf8mb4 COLLATE=utf8mb4_general_ci;

-- --------------------------------------------------------

--
-- Table structure for table `tblhr_workplace`
--

CREATE TABLE `tblhr_workplace` (
  `id` int(11) UNSIGNED NOT NULL,
  `name` varchar(200) NOT NULL,
  `workplace_address` varchar(400) DEFAULT NULL,
  `latitude` double DEFAULT NULL,
  `longitude` double DEFAULT NULL,
  `default` bit(1) NOT NULL DEFAULT b'0'
) ENGINE=InnoDB DEFAULT CHARSET=utf8mb4 COLLATE=utf8mb4_general_ci;

-- --------------------------------------------------------

--
-- Table structure for table `tblinternal_delivery_note`
--

CREATE TABLE `tblinternal_delivery_note` (
  `id` int(11) UNSIGNED NOT NULL,
  `internal_delivery_name` text DEFAULT NULL,
  `description` text DEFAULT NULL,
  `staff_id` int(11) DEFAULT NULL,
  `date_c` date DEFAULT NULL,
  `date_add` date DEFAULT NULL,
  `internal_delivery_code` varchar(100) DEFAULT NULL,
  `approval` int(11) DEFAULT 0 COMMENT 'status approval ',
  `addedfrom` int(11) DEFAULT NULL,
  `total_amount` decimal(15,2) DEFAULT NULL,
  `datecreated` datetime DEFAULT NULL
) ENGINE=InnoDB DEFAULT CHARSET=utf8mb4 COLLATE=utf8mb4_general_ci;

--
-- Dumping data for table `tblinternal_delivery_note`
--

INSERT INTO `tblinternal_delivery_note` (`id`, `internal_delivery_name`, `description`, `staff_id`, `date_c`, `date_add`, `internal_delivery_code`, `approval`, `addedfrom`, `total_amount`, `datecreated`) VALUES
(1, 'INTERNAL_DELIVERY202406191111', '', 3, '2024-06-19', '2024-06-19', 'ID1', 1, 12, 8100000.00, '2024-06-19 11:12:56');

-- --------------------------------------------------------

--
-- Table structure for table `tblinternal_delivery_note_detail`
--

CREATE TABLE `tblinternal_delivery_note_detail` (
  `id` int(11) UNSIGNED NOT NULL,
  `internal_delivery_id` int(11) NOT NULL,
  `commodity_code` varchar(100) DEFAULT NULL,
  `from_stock_name` text DEFAULT NULL,
  `to_stock_name` text DEFAULT NULL,
  `unit_id` text DEFAULT NULL,
  `available_quantity` text DEFAULT NULL,
  `quantities` text DEFAULT NULL,
  `unit_price` varchar(100) DEFAULT NULL,
  `into_money` varchar(100) DEFAULT NULL,
  `note` text DEFAULT NULL,
  `commodity_name` text DEFAULT NULL,
  `serial_number` varchar(255) DEFAULT NULL
) ENGINE=InnoDB DEFAULT CHARSET=utf8mb4 COLLATE=utf8mb4_general_ci;

--
-- Dumping data for table `tblinternal_delivery_note_detail`
--

INSERT INTO `tblinternal_delivery_note_detail` (`id`, `internal_delivery_id`, `commodity_code`, `from_stock_name`, `to_stock_name`, `unit_id`, `available_quantity`, `quantities`, `unit_price`, `into_money`, `note`, `commodity_name`, `serial_number`) VALUES
(1, 1, '11', '3', '2', '9', '796', '6', '1350000.00', '8100000', '', 'BANDT_BAN DT', '');

-- --------------------------------------------------------

--
-- Table structure for table `tblinventory_commodity_min`
--

CREATE TABLE `tblinventory_commodity_min` (
  `id` int(11) UNSIGNED NOT NULL,
  `commodity_id` int(11) NOT NULL,
  `commodity_code` varchar(100) DEFAULT NULL,
  `commodity_name` varchar(100) DEFAULT NULL,
  `inventory_number_min` varchar(100) DEFAULT NULL,
  `inventory_number_max` varchar(100) DEFAULT '0'
) ENGINE=InnoDB DEFAULT CHARSET=utf8mb4 COLLATE=utf8mb4_general_ci;

--
-- Dumping data for table `tblinventory_commodity_min`
--

INSERT INTO `tblinventory_commodity_min` (`id`, `commodity_id`, `commodity_code`, `commodity_name`, `inventory_number_min`, `inventory_number_max`) VALUES
(1, 1, 'CA001', 'Batu Bara', '0', '0'),
(2, 2, 'CG0001', 'Ongkos Jasa Coal Getting', '0', '0'),
(3, 5, 'OB0001', 'Ongkos Jasa Over Burden', '0', '0'),
(4, 6, 'CG0002', 'Ongkos Jasa Coal Getting', '0', '0'),
(5, 7, 'HA003', 'Ongkos Jasa Hauling', '0', '0'),
(6, 10, 'SL', 'Solar Industri', '0', '0'),
(7, 11, 'BANDT', 'BAN DT', '0', '0'),
(8, 12, 'SP-COMPRESOR', 'COMPRESOR SHARK 15 HP+SHANHAI S1115+RANGKA+V-BELT', '0', '0'),
(9, 13, 'VAR1001', 'Test Variant Produk', '0', '0'),
(10, 23, 'ONGKIR', 'ONGKOS KIRIM', '0', '0'),
(11, 28, '36073776163', 'PERTALITE INTERMEDIATE', '0', '0'),
(12, 29, '87503971080', 'Solar', '0', '0'),
(13, 30, '27135839468', 'PERLENGKAPAN TOOL MEKANIK', '0', '0');

-- --------------------------------------------------------

--
-- Table structure for table `tblinventory_manage`
--

CREATE TABLE `tblinventory_manage` (
  `id` int(11) UNSIGNED NOT NULL,
  `warehouse_id` int(11) NOT NULL,
  `commodity_id` int(11) NOT NULL,
  `inventory_number` varchar(100) DEFAULT NULL,
  `date_manufacture` date DEFAULT NULL,
  `expiry_date` date DEFAULT NULL,
  `lot_number` varchar(100) DEFAULT NULL,
  `purchase_price` decimal(15,2) DEFAULT 0.00
) ENGINE=InnoDB DEFAULT CHARSET=utf8mb4 COLLATE=utf8mb4_general_ci;

--
-- Dumping data for table `tblinventory_manage`
--

INSERT INTO `tblinventory_manage` (`id`, `warehouse_id`, `commodity_id`, `inventory_number`, `date_manufacture`, `expiry_date`, `lot_number`, `purchase_price`) VALUES
(1, 3, 9, '1000', NULL, NULL, '', 10000.00),
(2, 1, 9, '200', NULL, NULL, '', 11000.00),
(3, 1, 10, '140', NULL, NULL, '', 10000.00),
(4, 3, 11, '779', NULL, NULL, NULL, NULL),
(5, 2, 11, '572', NULL, NULL, NULL, NULL),
(6, 3, 11, '8', NULL, NULL, '', 1350000.00),
(7, 2, 1, '800', NULL, NULL, NULL, NULL),
(8, 2, 1, '463', NULL, NULL, '', 30000000.00);

-- --------------------------------------------------------

--
-- Table structure for table `tblinvoicepaymentrecords`
--

CREATE TABLE `tblinvoicepaymentrecords` (
  `id` int(11) NOT NULL,
  `invoiceid` int(11) NOT NULL,
  `amount` decimal(15,2) NOT NULL,
  `paymentmode` varchar(40) DEFAULT NULL,
  `paymentmethod` varchar(191) DEFAULT NULL,
  `date` date NOT NULL,
  `daterecorded` datetime NOT NULL,
  `note` mediumtext DEFAULT NULL,
  `transactionid` longtext DEFAULT NULL
) ENGINE=InnoDB DEFAULT CHARSET=utf8mb4 COLLATE=utf8mb4_unicode_ci;

--
-- Dumping data for table `tblinvoicepaymentrecords`
--

INSERT INTO `tblinvoicepaymentrecords` (`id`, `invoiceid`, `amount`, `paymentmode`, `paymentmethod`, `date`, `daterecorded`, `note`, `transactionid`) VALUES
(1, 2, 2700000.00, '1', '', '2024-06-19', '2024-06-19 13:30:09', '', '');

-- --------------------------------------------------------

--
-- Table structure for table `tblinvoices`
--

CREATE TABLE `tblinvoices` (
  `id` int(11) NOT NULL,
  `sent` tinyint(1) NOT NULL DEFAULT 0,
  `datesend` datetime DEFAULT NULL,
  `clientid` int(11) NOT NULL,
  `deleted_customer_name` varchar(100) DEFAULT NULL,
  `number` int(11) NOT NULL,
  `prefix` varchar(50) DEFAULT NULL,
  `number_format` int(11) NOT NULL DEFAULT 0,
  `formatted_number` varchar(100) DEFAULT NULL,
  `datecreated` datetime NOT NULL,
  `date` date NOT NULL,
  `duedate` date DEFAULT NULL,
  `currency` int(11) NOT NULL,
  `subtotal` decimal(15,2) NOT NULL,
  `total_tax` decimal(15,2) NOT NULL DEFAULT 0.00,
  `total` decimal(15,2) NOT NULL,
  `adjustment` decimal(15,2) DEFAULT NULL,
  `addedfrom` int(11) DEFAULT NULL,
  `hash` varchar(32) NOT NULL,
  `status` int(11) DEFAULT 1,
  `clientnote` mediumtext DEFAULT NULL,
  `adminnote` mediumtext DEFAULT NULL,
  `last_overdue_reminder` date DEFAULT NULL,
  `last_due_reminder` date DEFAULT NULL,
  `cancel_overdue_reminders` int(11) NOT NULL DEFAULT 0,
  `allowed_payment_modes` longtext DEFAULT NULL,
  `token` longtext DEFAULT NULL,
  `discount_percent` decimal(15,2) DEFAULT 0.00,
  `discount_total` decimal(15,2) DEFAULT 0.00,
  `discount_type` varchar(30) NOT NULL,
  `recurring` int(11) NOT NULL DEFAULT 0,
  `recurring_type` varchar(10) DEFAULT NULL,
  `custom_recurring` tinyint(1) NOT NULL DEFAULT 0,
  `cycles` int(11) NOT NULL DEFAULT 0,
  `total_cycles` int(11) NOT NULL DEFAULT 0,
  `is_recurring_from` int(11) DEFAULT NULL,
  `last_recurring_date` date DEFAULT NULL,
  `terms` mediumtext DEFAULT NULL,
  `sale_agent` int(11) NOT NULL DEFAULT 0,
  `billing_street` varchar(200) DEFAULT NULL,
  `billing_city` varchar(100) DEFAULT NULL,
  `billing_state` varchar(100) DEFAULT NULL,
  `billing_zip` varchar(100) DEFAULT NULL,
  `billing_country` int(11) DEFAULT NULL,
  `shipping_street` varchar(200) DEFAULT NULL,
  `shipping_city` varchar(100) DEFAULT NULL,
  `shipping_state` varchar(100) DEFAULT NULL,
  `shipping_zip` varchar(100) DEFAULT NULL,
  `shipping_country` int(11) DEFAULT NULL,
  `include_shipping` tinyint(1) NOT NULL,
  `show_shipping_on_invoice` tinyint(1) NOT NULL DEFAULT 1,
  `show_quantity_as` int(11) NOT NULL DEFAULT 1,
  `project_id` int(11) DEFAULT 0,
  `subscription_id` int(11) NOT NULL DEFAULT 0,
  `short_link` varchar(100) DEFAULT NULL
) ENGINE=InnoDB DEFAULT CHARSET=utf8mb4 COLLATE=utf8mb4_unicode_ci;

--
-- Dumping data for table `tblinvoices`
--

INSERT INTO `tblinvoices` (`id`, `sent`, `datesend`, `clientid`, `deleted_customer_name`, `number`, `prefix`, `number_format`, `formatted_number`, `datecreated`, `date`, `duedate`, `currency`, `subtotal`, `total_tax`, `total`, `adjustment`, `addedfrom`, `hash`, `status`, `clientnote`, `adminnote`, `last_overdue_reminder`, `last_due_reminder`, `cancel_overdue_reminders`, `allowed_payment_modes`, `token`, `discount_percent`, `discount_total`, `discount_type`, `recurring`, `recurring_type`, `custom_recurring`, `cycles`, `total_cycles`, `is_recurring_from`, `last_recurring_date`, `terms`, `sale_agent`, `billing_street`, `billing_city`, `billing_state`, `billing_zip`, `billing_country`, `shipping_street`, `shipping_city`, `shipping_state`, `shipping_zip`, `shipping_country`, `include_shipping`, `show_shipping_on_invoice`, `show_quantity_as`, `project_id`, `subscription_id`, `short_link`) VALUES
(1, 0, NULL, 1, NULL, 1, 'INV-', 1, 'INV-000001', '2024-05-14 08:31:38', '2024-05-14', '2024-06-13', 3, 30000000.00, 0.00, 30000000.00, 0.00, 1, 'a9cc88ad18f175e922b99f92d2cf9163', 2, '', '', NULL, NULL, 0, 'a:1:{i:0;s:1:\"1\";}', NULL, 0.00, 0.00, '', 0, NULL, 0, 0, 0, NULL, NULL, '', 1, '', '', '', '', NULL, NULL, NULL, NULL, NULL, NULL, 0, 1, 1, 0, 0, NULL),
(2, 0, NULL, 2, NULL, 2, 'INV-', 1, 'INV-000002', '2024-06-19 13:29:39', '2024-06-19', '2024-07-19', 3, 2700000.00, 0.00, 2700000.00, 0.00, 3, 'ae2ed001b7a92d7dc3ef061b82924be1', 2, '', '', NULL, NULL, 0, 'a:1:{i:0;s:1:\"1\";}', NULL, 0.00, 0.00, '', 0, NULL, 0, 0, 0, NULL, NULL, '', 3, '', '', '', '', NULL, NULL, NULL, NULL, NULL, NULL, 0, 1, 1, 0, 0, NULL),
(3, 0, NULL, 2, NULL, 3, 'INV-', 1, 'INV-000003', '2024-06-20 10:35:27', '2024-06-20', '2024-07-20', 3, 30000000.00, 0.00, 30000000.00, 0.00, 3, '10d5d9e1618ed715c8a5323ebcfd9068', 1, '', '', NULL, NULL, 0, 'a:1:{i:0;s:1:\"1\";}', NULL, 0.00, 0.00, '', 0, NULL, 0, 0, 0, NULL, NULL, '', 3, '', '', '', '', NULL, NULL, NULL, NULL, NULL, NULL, 0, 1, 1, 0, 0, NULL),
(4, 1, '2024-06-20 10:38:43', 1, NULL, 4, 'INV-', 1, 'INV-000004', '2024-06-20 10:36:39', '2024-06-20', '2024-07-20', 3, 120000000.00, 0.00, 120000000.00, 0.00, 3, 'cce6ffc631985fb2c39d03780cb01c1f', 1, '', '', NULL, NULL, 0, 'a:1:{i:0;s:1:\"1\";}', NULL, 0.00, 0.00, '', 0, NULL, 0, 0, 0, NULL, NULL, '', 3, '', '', '', '', 0, NULL, NULL, NULL, NULL, NULL, 0, 1, 1, 0, 0, NULL),
(5, 1, '2024-08-09 20:00:28', 4, NULL, 5, 'INV-', 1, 'INV-000005', '2024-08-09 19:57:03', '2024-08-09', '2024-09-08', 1, 1850000.00, 0.00, 1850000.00, 0.00, 3, '7cd5d077cd29ca6734749fb414de8c30', 1, '', '', NULL, NULL, 0, 'a:1:{i:0;s:1:\"1\";}', NULL, 0.00, 0.00, '', 0, NULL, 0, 0, 0, NULL, NULL, '', 3, '', '', '', '', NULL, NULL, NULL, NULL, NULL, NULL, 0, 1, 1, 0, 0, NULL),
(6, 1, '2024-08-09 20:07:37', 4, NULL, 6, 'INV-', 1, 'INV-000006', '2024-08-09 20:06:36', '2024-08-09', '2024-09-08', 1, 3700.00, 0.00, 3700.00, 0.00, 3, '538e4ccbba6fc487b4ca18e7e9d49b1b', 1, '', '', NULL, NULL, 0, 'a:1:{i:0;s:1:\"1\";}', NULL, 0.00, 0.00, '', 0, NULL, 0, 0, 0, NULL, NULL, '', 3, '', '', '', '', NULL, NULL, NULL, NULL, NULL, NULL, 0, 1, 1, 0, 0, NULL);

-- --------------------------------------------------------

--
-- Table structure for table `tblitemable`
--

CREATE TABLE `tblitemable` (
  `id` int(11) NOT NULL,
  `rel_id` int(11) NOT NULL,
  `rel_type` varchar(15) NOT NULL,
  `description` longtext NOT NULL,
  `long_description` longtext DEFAULT NULL,
  `qty` decimal(15,2) NOT NULL,
  `rate` decimal(15,2) NOT NULL,
  `unit` varchar(40) DEFAULT NULL,
  `item_order` int(11) DEFAULT NULL,
  `wh_delivered_quantity` decimal(15,2) DEFAULT 0.00
) ENGINE=InnoDB DEFAULT CHARSET=utf8mb4 COLLATE=utf8mb4_unicode_ci;

--
-- Dumping data for table `tblitemable`
--

INSERT INTO `tblitemable` (`id`, `rel_id`, `rel_type`, `description`, `long_description`, `qty`, `rate`, `unit`, `item_order`, `wh_delivered_quantity`) VALUES
(1, 1, 'invoice', 'Batu Bara', 'Batu Bara hasil Tambang', 1.00, 30000000.00, 'Ton\'s', 1, 0.00),
(2, 1, 'credit_note', 'Batu Bara', 'Batu Bara hasil Tambang', 1.00, 30000000.00, 'Ton\'s', 1, 0.00),
(3, 2, 'invoice', 'BAN DT', '', 2.00, 1350000.00, 'Pieces', 1, 0.00),
(5, 2, 'credit_note', '', 'DP', 1.00, 3000000.00, '', 1, 0.00),
(6, 3, 'invoice', 'Batu Bara', 'Batu Bara hasil Tambang', 1.00, 30000000.00, 'Ton\'s', 1, 0.00),
(7, 4, 'invoice', 'Batu Bara', 'Batu Bara hasil Tambang', 2.00, 60000000.00, 'Ton\'s', 1, 0.00),
(8, 5, 'invoice', 'Batu Bara', 'Batu Bara hasil Tambang', 50000.00, 37.00, 'Ton\'s', 1, 0.00),
(9, 6, 'invoice', 'Batu Bara', 'Batu Bara hasil Tambang', 100.00, 37.00, 'Ton\'s', 1, 100.00),
(10, 2, 'debit_note', 'Ongkos Jasa Hauling - StockRoom', 'Periode tanggal  03 Mei 2025 – 04 Mei 2025', 224.66, 245000.00, 'Ton\'s', 1, 0.00),
(11, 3, 'debit_note', 'Ongkos Jasa Hauling - StockRoom', 'Hauling KIBA 29 April (271,99 Ton)', 271.99, 245000.00, 'Ton\'s', 1, 0.00),
(12, 4, 'debit_note', 'HA004_Ongkos Jasa Hauling - StockRoom', 'Hauling KIBA 30 April (70,12 Ton)', 70.12, 245000.00, 'Ton\'s', 1, 0.00),
(13, 5, 'debit_note', 'Ongkos Jasa Hauling - StockRoom', 'Periode tanggal  24 April 2025 – 27 April 2025', 285.71, 245000.00, 'Ton\'s', 1, 0.00),
(14, 6, 'debit_note', 'Ongkos Jasa Hauling - StockRoom', 'Periode tanggal  24 April 2025 – 27 April 2025', 60.58, 245000.00, 'Ton\'s', 1, 0.00);

-- --------------------------------------------------------

--
-- Table structure for table `tblitems`
--

CREATE TABLE `tblitems` (
  `id` int(11) NOT NULL,
  `description` longtext NOT NULL,
  `long_description` mediumtext DEFAULT NULL,
  `rate` decimal(15,2) NOT NULL,
  `tax` int(11) DEFAULT NULL,
  `tax2` int(11) DEFAULT NULL,
  `unit` varchar(40) DEFAULT NULL,
  `group_id` int(11) NOT NULL DEFAULT 0,
  `commodity_code` varchar(100) NOT NULL,
  `commodity_barcode` text DEFAULT NULL,
  `unit_id` int(11) DEFAULT NULL,
  `sku_code` varchar(200) DEFAULT NULL,
  `sku_name` varchar(200) DEFAULT NULL,
  `purchase_price` decimal(15,2) DEFAULT NULL,
  `sub_group` varchar(200) DEFAULT NULL,
  `active` int(11) DEFAULT 1,
  `parent_id` int(11) DEFAULT NULL,
  `attributes` longtext DEFAULT NULL,
  `parent_attributes` longtext DEFAULT NULL,
  `can_be_sold` varchar(100) DEFAULT 'can_be_sold',
  `can_be_purchased` varchar(100) DEFAULT 'can_be_purchased',
  `can_be_manufacturing` varchar(100) DEFAULT 'can_be_manufacturing',
  `can_be_inventory` varchar(100) DEFAULT 'can_be_inventory',
  `from_vendor_item` int(11) DEFAULT NULL,
  `guarantee` text DEFAULT NULL,
  `profif_ratio` text DEFAULT NULL,
  `long_descriptions` longtext DEFAULT NULL,
  `without_checking_warehouse` int(11) DEFAULT 0,
  `series_id` text DEFAULT NULL,
  `warehouse_id` int(11) DEFAULT NULL,
  `origin` varchar(100) DEFAULT NULL,
  `color_id` int(11) DEFAULT NULL,
  `style_id` int(11) DEFAULT NULL,
  `model_id` int(11) DEFAULT NULL,
  `size_id` int(11) DEFAULT NULL,
  `commodity_type` int(11) DEFAULT NULL,
  `commodity_name` varchar(200) NOT NULL,
  `color` text DEFAULT NULL,
  `product_type` varchar(100) DEFAULT NULL,
  `description_internal_transfers` text DEFAULT NULL,
  `description_receipts` text DEFAULT NULL,
  `description_delivery_orders` text DEFAULT NULL,
  `customer_lead_time` decimal(15,2) DEFAULT 0.00,
  `replenish_on_order` varchar(100) DEFAULT NULL,
  `supplier_taxes_id` text DEFAULT NULL,
  `description_sale` text DEFAULT NULL,
  `invoice_policy` varchar(100) DEFAULT 'ordered_quantities',
  `purchase_unit_measure` int(11) DEFAULT NULL,
  `manufacture` varchar(100) DEFAULT NULL,
  `manufacturing_lead_time` decimal(15,2) DEFAULT 0.00,
  `weight` decimal(15,2) DEFAULT 0.00,
  `volume` decimal(15,2) DEFAULT 0.00,
  `hs_code` varchar(200) DEFAULT NULL,
  `rate_currency_1` decimal(15,2) DEFAULT NULL
) ENGINE=InnoDB DEFAULT CHARSET=utf8mb4 COLLATE=utf8mb4_unicode_ci;

--
-- Dumping data for table `tblitems`
--

INSERT INTO `tblitems` (`id`, `description`, `long_description`, `rate`, `tax`, `tax2`, `unit`, `group_id`, `commodity_code`, `commodity_barcode`, `unit_id`, `sku_code`, `sku_name`, `purchase_price`, `sub_group`, `active`, `parent_id`, `attributes`, `parent_attributes`, `can_be_sold`, `can_be_purchased`, `can_be_manufacturing`, `can_be_inventory`, `from_vendor_item`, `guarantee`, `profif_ratio`, `long_descriptions`, `without_checking_warehouse`, `series_id`, `warehouse_id`, `origin`, `color_id`, `style_id`, `model_id`, `size_id`, `commodity_type`, `commodity_name`, `color`, `product_type`, `description_internal_transfers`, `description_receipts`, `description_delivery_orders`, `customer_lead_time`, `replenish_on_order`, `supplier_taxes_id`, `description_sale`, `invoice_policy`, `purchase_unit_measure`, `manufacture`, `manufacturing_lead_time`, `weight`, `volume`, `hs_code`, `rate_currency_1`) VALUES
(1, 'Batu Bara', 'Batu Bara hasil Tambang', 600000.00, NULL, NULL, 'Ton\'s', 1, 'CA001', 'MCO-00001', 6, 'MCO-00001', 'Batu Bara', 30000000.00, '5', 1, 0, NULL, '[{\"name\":\"\",\"options\":[\"\"]}]', 'can_be_sold', '', 'can_be_manufacturing', 'can_be_inventory', NULL, '', '0', '', 0, NULL, 0, '', NULL, 0, 0, 0, 1, '', '', NULL, NULL, NULL, NULL, 0.00, NULL, NULL, NULL, 'ordered_quantities', NULL, NULL, 0.00, 0.00, 0.00, NULL, 37.00),
(5, 'Ongkos Jasa Over Burden', '', 40000.00, 0, NULL, 'Ton\'s', 2, 'OB0001', 'S-OB-00002', 6, 'S-OB-00002', 'Ongkos Jasa Over Burden', 40000.00, '6', 1, 0, NULL, '[{\"name\":\"\",\"options\":[\"\"]}]', '', 'can_be_purchased', 'can_be_manufacturing', '', NULL, '', '0', '', 1, NULL, 0, '', NULL, 0, 0, 0, 0, '', '', NULL, NULL, NULL, NULL, 0.00, NULL, NULL, NULL, 'ordered_quantities', NULL, NULL, 0.00, 0.00, 0.00, NULL, NULL),
(6, 'Ongkos Jasa Coal Getting', '', 40000.00, 0, NULL, 'Ton\'s', 2, 'CG0002', 'S-CG-00006', 6, 'S-CG-00006', 'Ongkos Jasa Coal Getting', 40000.00, '7', 1, 0, NULL, '[{\"name\":\"\",\"options\":[\"\"]}]', '', 'can_be_purchased', 'can_be_manufacturing', '', NULL, '', '0', '', 1, NULL, 0, '', NULL, 0, 0, 0, 0, '', '', NULL, NULL, NULL, NULL, 0.00, NULL, NULL, NULL, 'ordered_quantities', NULL, NULL, 0.00, 0.00, 0.00, NULL, NULL),
(7, 'Ongkos Jasa Hauling PIT', '', 265000.00, 0, NULL, 'Ton\'s', 2, 'HA003', 'S-HA-00007', 6, 'S-HA-00007', 'Ongkos Jasa Hauling', 265000.00, '6', 1, 0, NULL, '[{\"name\":\"\",\"options\":[\"\"]}]', '', 'can_be_purchased', 'can_be_manufacturing', '', NULL, '', '0', '', 1, NULL, 0, '', NULL, 0, 0, 0, 0, '', '', NULL, NULL, NULL, NULL, 0.00, NULL, NULL, NULL, 'ordered_quantities', NULL, NULL, 0.00, 0.00, 0.00, NULL, NULL),
(35, 'Ongkos Jasa Hauling - StockRoom', '', 255000.00, 0, NULL, 'Ton\'s', 2, 'HA004', 'S-HA-00008', 6, 'S-HA-00008', 'Ongkos Jasa Hauling', 255000.00, '8', 1, NULL, NULL, NULL, NULL, 'can_be_purchased', NULL, NULL, NULL, NULL, NULL, NULL, 0, NULL, NULL, NULL, NULL, NULL, NULL, NULL, NULL, '', NULL, NULL, NULL, NULL, NULL, 0.00, NULL, NULL, NULL, 'ordered_quantities', NULL, NULL, 0.00, 0.00, 0.00, NULL, NULL),
(39, 'Jasa instalasi timbangan', NULL, 0.00, NULL, NULL, NULL, 0, '19420382053', '65121960682', 0, '0039', NULL, 20000000.00, NULL, 1, NULL, NULL, NULL, NULL, 'can_be_purchased', NULL, NULL, NULL, NULL, NULL, NULL, 0, NULL, NULL, NULL, NULL, NULL, NULL, NULL, NULL, '', NULL, NULL, NULL, NULL, NULL, 0.00, NULL, NULL, NULL, 'ordered_quantities', NULL, NULL, 0.00, 0.00, 0.00, NULL, NULL),
(40, 'Jasa pembuatan pondasi', NULL, 0.00, NULL, NULL, NULL, 0, '97482032638', '09292867539', 0, '0040', NULL, 60900000.00, NULL, 1, NULL, NULL, NULL, NULL, 'can_be_purchased', NULL, NULL, NULL, NULL, NULL, NULL, 0, NULL, NULL, NULL, NULL, NULL, NULL, NULL, NULL, '', NULL, NULL, NULL, NULL, NULL, 0.00, NULL, NULL, NULL, 'ordered_quantities', NULL, NULL, 0.00, 0.00, 0.00, NULL, NULL),
(41, 'Bahan material pondasi timbagan', NULL, 0.00, NULL, NULL, NULL, 0, '63944599085', '60591086847', 0, '0041', NULL, 48475000.00, NULL, 1, NULL, NULL, NULL, NULL, 'can_be_purchased', NULL, NULL, NULL, NULL, NULL, NULL, 0, NULL, NULL, NULL, NULL, NULL, NULL, NULL, NULL, '', NULL, NULL, NULL, NULL, NULL, 0.00, NULL, NULL, NULL, 'ordered_quantities', NULL, NULL, 0.00, 0.00, 0.00, NULL, NULL),
(42, 'Jasa bongkar timbangan', NULL, 0.00, NULL, NULL, NULL, 0, '80610523095', '59846563381', 0, '0042', NULL, 10000000.00, NULL, 1, NULL, NULL, NULL, NULL, 'can_be_purchased', NULL, NULL, NULL, NULL, NULL, NULL, 0, NULL, NULL, NULL, NULL, NULL, NULL, NULL, NULL, '', NULL, NULL, NULL, NULL, NULL, 0.00, NULL, NULL, NULL, 'ordered_quantities', NULL, NULL, 0.00, 0.00, 0.00, NULL, NULL),
(43, 'Pengajuan dana PSA Anindiya', NULL, 0.00, NULL, NULL, NULL, 0, '64959016167', '00234004094', 0, '0043', NULL, 6000000.00, NULL, 1, NULL, NULL, NULL, NULL, 'can_be_purchased', NULL, NULL, NULL, NULL, NULL, NULL, 0, NULL, NULL, NULL, NULL, NULL, NULL, NULL, NULL, '', NULL, NULL, NULL, NULL, NULL, 0.00, NULL, NULL, NULL, 'ordered_quantities', NULL, NULL, 0.00, 0.00, 0.00, NULL, NULL),
(44, 'Reimburse konsumsi Coeclerici Far East (PTE) Ltd.', NULL, 0.00, NULL, NULL, NULL, 0, '67781169079', '94458426264', 0, '0044', NULL, 571000.00, NULL, 1, NULL, NULL, NULL, NULL, 'can_be_purchased', NULL, NULL, NULL, NULL, NULL, NULL, 0, NULL, NULL, NULL, NULL, NULL, NULL, NULL, NULL, '', NULL, NULL, NULL, NULL, NULL, 0.00, NULL, NULL, NULL, 'ordered_quantities', NULL, NULL, 0.00, 0.00, 0.00, NULL, NULL),
(45, 'Fuel pertakit', NULL, 0.00, NULL, NULL, NULL, 0, '42878190973', '27707884232', 0, '0045', NULL, 14000.00, NULL, 1, NULL, NULL, NULL, NULL, 'can_be_purchased', NULL, NULL, NULL, NULL, NULL, NULL, 0, NULL, NULL, NULL, NULL, NULL, NULL, NULL, NULL, '', NULL, NULL, NULL, NULL, NULL, 0.00, NULL, NULL, NULL, 'ordered_quantities', NULL, NULL, 0.00, 0.00, 0.00, NULL, NULL),
(46, 'Fuel Solar 5 KL / 5000 L', NULL, 0.00, NULL, NULL, NULL, 0, '15357574042', '21628497552', 0, '0046', NULL, 14700.00, NULL, 1, NULL, NULL, NULL, NULL, 'can_be_purchased', NULL, NULL, NULL, NULL, NULL, NULL, 0, NULL, NULL, NULL, NULL, NULL, NULL, NULL, NULL, '', NULL, NULL, NULL, NULL, NULL, 0.00, NULL, NULL, NULL, 'ordered_quantities', NULL, NULL, 0.00, 0.00, 0.00, NULL, NULL),
(47, 'Filter Solar sakura', NULL, 0.00, NULL, NULL, NULL, 0, '14292137045', '46680223604', 0, '0047', NULL, 100000.00, NULL, 1, NULL, NULL, NULL, NULL, 'can_be_purchased', NULL, NULL, NULL, NULL, NULL, NULL, 0, NULL, NULL, NULL, NULL, NULL, NULL, NULL, NULL, '', NULL, NULL, NULL, NULL, NULL, 0.00, NULL, NULL, NULL, 'ordered_quantities', NULL, NULL, 0.00, 0.00, 0.00, NULL, NULL),
(48, 'Mesin pompa air', NULL, 0.00, NULL, NULL, NULL, 0, '14407365341', '58671127434', 0, '0048', NULL, 6000000.00, NULL, 1, NULL, NULL, NULL, NULL, 'can_be_purchased', NULL, NULL, NULL, NULL, NULL, NULL, 0, NULL, NULL, NULL, NULL, NULL, NULL, NULL, NULL, '', NULL, NULL, NULL, NULL, NULL, 0.00, NULL, NULL, NULL, 'ordered_quantities', NULL, NULL, 0.00, 0.00, 0.00, NULL, NULL),
(49, 'Selang spiral biru', NULL, 0.00, NULL, NULL, NULL, 0, '91568643556', '03931567277', 0, '0049', NULL, 50000.00, NULL, 1, NULL, NULL, NULL, NULL, 'can_be_purchased', NULL, NULL, NULL, NULL, NULL, NULL, 0, NULL, NULL, NULL, NULL, NULL, NULL, NULL, NULL, '', NULL, NULL, NULL, NULL, NULL, 0.00, NULL, NULL, NULL, 'ordered_quantities', NULL, NULL, 0.00, 0.00, 0.00, NULL, NULL),
(50, 'Selang kain terpal', NULL, 0.00, NULL, NULL, NULL, 0, '42164741188', '00928011279', 0, '0050', NULL, 10000.00, NULL, 1, NULL, NULL, NULL, NULL, 'can_be_purchased', NULL, NULL, NULL, NULL, NULL, NULL, 0, NULL, NULL, NULL, NULL, NULL, NULL, NULL, NULL, '', NULL, NULL, NULL, NULL, NULL, 0.00, NULL, NULL, NULL, 'ordered_quantities', NULL, NULL, 0.00, 0.00, 0.00, NULL, NULL),
(51, 'Kran noozle hydrant', NULL, 0.00, NULL, NULL, NULL, 0, '10939340689', '86536700431', 0, '0051', NULL, 700000.00, NULL, 1, NULL, NULL, NULL, NULL, 'can_be_purchased', NULL, NULL, NULL, NULL, NULL, NULL, 0, NULL, NULL, NULL, NULL, NULL, NULL, NULL, NULL, '', NULL, NULL, NULL, NULL, NULL, 0.00, NULL, NULL, NULL, 'ordered_quantities', NULL, NULL, 0.00, 0.00, 0.00, NULL, NULL),
(52, 'Kayu galam', NULL, 0.00, NULL, NULL, NULL, 0, '57262382538', '03215118134', 0, '0052', NULL, 27000.00, NULL, 1, NULL, NULL, NULL, NULL, 'can_be_purchased', NULL, NULL, NULL, NULL, NULL, NULL, 0, NULL, NULL, NULL, NULL, NULL, NULL, NULL, NULL, '', NULL, NULL, NULL, NULL, NULL, 0.00, NULL, NULL, NULL, 'ordered_quantities', NULL, NULL, 0.00, 0.00, 0.00, NULL, NULL),
(53, 'Biaya makan', NULL, 0.00, NULL, NULL, NULL, 0, '75505061232', '30910053479', 0, '0053', NULL, 50000.00, NULL, 1, NULL, NULL, NULL, NULL, 'can_be_purchased', NULL, NULL, NULL, NULL, NULL, NULL, 0, NULL, NULL, NULL, NULL, NULL, NULL, NULL, NULL, '', NULL, NULL, NULL, NULL, NULL, 0.00, NULL, NULL, NULL, 'ordered_quantities', NULL, NULL, 0.00, 0.00, 0.00, NULL, NULL),
(54, 'Penginapan', NULL, 0.00, NULL, NULL, NULL, 0, '68718252632', '83006561897', 0, '0054', NULL, 300000.00, NULL, 1, NULL, NULL, NULL, NULL, 'can_be_purchased', NULL, NULL, NULL, NULL, NULL, NULL, 0, NULL, NULL, NULL, NULL, NULL, NULL, NULL, NULL, '', NULL, NULL, NULL, NULL, NULL, 0.00, NULL, NULL, NULL, 'ordered_quantities', NULL, NULL, 0.00, 0.00, 0.00, NULL, NULL),
(55, 'Termin 4 jasa penambangan batu bara 70.000 Ton PT SEAL-PT LLB', NULL, 0.00, NULL, NULL, NULL, 0, '81664683701', '69062361663', 0, '0055', NULL, 300000000.00, NULL, 1, NULL, NULL, NULL, NULL, 'can_be_purchased', NULL, NULL, NULL, NULL, NULL, NULL, 0, NULL, NULL, NULL, NULL, NULL, NULL, NULL, NULL, '', NULL, NULL, NULL, NULL, NULL, 0.00, NULL, NULL, NULL, 'ordered_quantities', NULL, NULL, 0.00, 0.00, 0.00, NULL, NULL),
(56, 'Akomodasi Hampers', NULL, 0.00, NULL, NULL, NULL, 0, '40121138252', '05851499819', 0, '0056', NULL, 150000.00, NULL, 1, NULL, NULL, NULL, NULL, 'can_be_purchased', NULL, NULL, NULL, NULL, NULL, NULL, 0, NULL, NULL, NULL, NULL, NULL, NULL, NULL, NULL, '', NULL, NULL, NULL, NULL, NULL, 0.00, NULL, NULL, NULL, 'ordered_quantities', NULL, NULL, 0.00, 0.00, 0.00, NULL, NULL),
(57, 'Source code system', NULL, 0.00, NULL, NULL, NULL, 0, '82971680456', '08439680829', 0, '0057', NULL, 94100000.00, NULL, 1, NULL, NULL, NULL, NULL, 'can_be_purchased', NULL, NULL, NULL, NULL, NULL, NULL, 0, NULL, NULL, NULL, NULL, NULL, NULL, NULL, NULL, '', NULL, NULL, NULL, NULL, NULL, 0.00, NULL, NULL, NULL, 'ordered_quantities', NULL, NULL, 0.00, 0.00, 0.00, NULL, NULL),
(58, 'DP Solar Panel', NULL, 0.00, NULL, NULL, NULL, 0, '28518503600', '64051174237', 0, '0058', NULL, 86000000.00, NULL, 1, NULL, NULL, NULL, NULL, 'can_be_purchased', NULL, NULL, NULL, NULL, NULL, NULL, 0, NULL, NULL, NULL, NULL, NULL, NULL, NULL, NULL, '', NULL, NULL, NULL, NULL, NULL, 0.00, NULL, NULL, NULL, 'ordered_quantities', NULL, NULL, 0.00, 0.00, 0.00, NULL, NULL),
(59, 'IoT Timbangan', NULL, 0.00, NULL, NULL, NULL, 0, '27301280990', '35906611077', 0, '0059', NULL, 104000000.00, NULL, 1, NULL, NULL, NULL, NULL, 'can_be_purchased', NULL, NULL, NULL, NULL, NULL, NULL, 0, NULL, NULL, NULL, NULL, NULL, NULL, NULL, NULL, '', NULL, NULL, NULL, NULL, NULL, 0.00, NULL, NULL, NULL, 'ordered_quantities', NULL, NULL, 0.00, 0.00, 0.00, NULL, NULL),
(60, 'Pembayaran upah harian tim PSA Tri Bhakti', NULL, 0.00, NULL, NULL, NULL, 0, '86846114784', '64565108883', 0, '0060', NULL, 1000000.00, NULL, 1, NULL, NULL, NULL, NULL, 'can_be_purchased', NULL, NULL, NULL, NULL, NULL, NULL, 0, NULL, NULL, NULL, NULL, NULL, NULL, NULL, NULL, '', NULL, NULL, NULL, NULL, NULL, 0.00, NULL, NULL, NULL, 'ordered_quantities', NULL, NULL, 0.00, 0.00, 0.00, NULL, NULL),
(61, 'Pre Shipment Analysis batu bara di Stockpile Jetty Luwuk Bunter 25.000 Ton (Include PPN)', NULL, 0.00, NULL, NULL, NULL, 0, '63044868354', '83086373926', 0, '0061', NULL, 13320000.00, NULL, 1, NULL, NULL, NULL, NULL, 'can_be_purchased', NULL, NULL, NULL, NULL, NULL, NULL, 0, NULL, NULL, NULL, NULL, NULL, NULL, NULL, NULL, '', NULL, NULL, NULL, NULL, NULL, 0.00, NULL, NULL, NULL, 'ordered_quantities', NULL, NULL, 0.00, 0.00, 0.00, NULL, NULL),
(62, 'Konsumsi PIT Hangei', NULL, 0.00, NULL, NULL, NULL, 0, '57497310443', '67623025774', 0, '0062', NULL, 8593000.00, NULL, 1, NULL, NULL, NULL, NULL, 'can_be_purchased', NULL, NULL, NULL, NULL, NULL, NULL, 0, NULL, NULL, NULL, NULL, NULL, NULL, NULL, NULL, '', NULL, NULL, NULL, NULL, NULL, 0.00, NULL, NULL, NULL, 'ordered_quantities', NULL, NULL, 0.00, 0.00, 0.00, NULL, NULL),
(63, 'Tabung Gas 12kg', NULL, 0.00, NULL, NULL, NULL, 0, '92703970235', '39704201616', 0, '0063', NULL, 620000.00, NULL, 1, NULL, NULL, NULL, NULL, 'can_be_purchased', NULL, NULL, NULL, NULL, NULL, NULL, 0, NULL, NULL, NULL, NULL, NULL, NULL, NULL, NULL, '', NULL, NULL, NULL, NULL, NULL, 0.00, NULL, NULL, NULL, 'ordered_quantities', NULL, NULL, 0.00, 0.00, 0.00, NULL, NULL),
(64, 'Pertalite', NULL, 0.00, NULL, NULL, NULL, 0, '25390426643', '44770372070', 0, '0064', NULL, 14000.00, NULL, 1, NULL, NULL, NULL, NULL, 'can_be_purchased', NULL, NULL, NULL, NULL, NULL, NULL, 0, NULL, NULL, NULL, NULL, NULL, NULL, NULL, NULL, '', NULL, NULL, NULL, NULL, NULL, 0.00, NULL, NULL, NULL, 'ordered_quantities', NULL, NULL, 0.00, 0.00, 0.00, NULL, NULL),
(65, 'Reimburse dana', NULL, 0.00, NULL, NULL, NULL, 0, '98378684923', '13188175521', 0, '0065', NULL, 186000.00, NULL, 1, NULL, NULL, NULL, NULL, 'can_be_purchased', NULL, NULL, NULL, NULL, NULL, NULL, 0, NULL, NULL, NULL, NULL, NULL, NULL, NULL, NULL, '', NULL, NULL, NULL, NULL, NULL, 0.00, NULL, NULL, NULL, 'ordered_quantities', NULL, NULL, 0.00, 0.00, 0.00, NULL, NULL),
(66, 'Operasional Pak Jangkung ke Site Katingan 02-04-2025', NULL, 0.00, NULL, NULL, NULL, 0, '43922944333', '72831542676', 0, '0066', NULL, 3000000.00, NULL, 1, NULL, NULL, NULL, NULL, 'can_be_purchased', NULL, NULL, NULL, NULL, NULL, NULL, 0, NULL, NULL, NULL, NULL, NULL, NULL, NULL, NULL, '', NULL, NULL, NULL, NULL, NULL, 0.00, NULL, NULL, NULL, 'ordered_quantities', NULL, NULL, 0.00, 0.00, 0.00, NULL, NULL),
(67, 'Pertalite', NULL, 0.00, NULL, NULL, NULL, 0, '36696520016', '28486424258', 0, '0067', NULL, 200000.00, NULL, 1, NULL, NULL, NULL, NULL, 'can_be_purchased', NULL, NULL, NULL, NULL, NULL, NULL, 0, NULL, NULL, NULL, NULL, NULL, NULL, NULL, NULL, '', NULL, NULL, NULL, NULL, NULL, 0.00, NULL, NULL, NULL, 'ordered_quantities', NULL, NULL, 0.00, 0.00, 0.00, NULL, NULL),
(68, 'Bahan konsumsi', NULL, 0.00, NULL, NULL, NULL, 0, '36239847751', '70801361929', 0, '0068', NULL, 800000.00, NULL, 1, NULL, NULL, NULL, NULL, 'can_be_purchased', NULL, NULL, NULL, NULL, NULL, NULL, 0, NULL, NULL, NULL, NULL, NULL, NULL, NULL, NULL, '', NULL, NULL, NULL, NULL, NULL, 0.00, NULL, NULL, NULL, 'ordered_quantities', NULL, NULL, 0.00, 0.00, 0.00, NULL, NULL),
(69, 'Fuel solar', NULL, 0.00, NULL, NULL, NULL, 0, '68945636207', '25935464339', 0, '0069', NULL, 16700.00, NULL, 1, NULL, NULL, NULL, NULL, 'can_be_purchased', NULL, NULL, NULL, NULL, NULL, NULL, 0, NULL, NULL, NULL, NULL, NULL, NULL, NULL, NULL, '', NULL, NULL, NULL, NULL, NULL, 0.00, NULL, NULL, NULL, 'ordered_quantities', NULL, NULL, 0.00, 0.00, 0.00, NULL, NULL),
(70, 'Bayar kontrakan & kebutuhan dapur', NULL, 0.00, NULL, NULL, NULL, 0, '25225940350', '67499244748', 0, '0070', NULL, 3000000.00, NULL, 1, NULL, NULL, NULL, NULL, 'can_be_purchased', NULL, NULL, NULL, NULL, NULL, NULL, 0, NULL, NULL, NULL, NULL, NULL, NULL, NULL, NULL, '', NULL, NULL, NULL, NULL, NULL, 0.00, NULL, NULL, NULL, 'ordered_quantities', NULL, NULL, 0.00, 0.00, 0.00, NULL, NULL),
(71, 'Fuel all new avanza', NULL, 0.00, NULL, NULL, NULL, 0, '94012100494', '34615321132', 0, '0071', NULL, 10000.00, NULL, 1, NULL, NULL, NULL, NULL, 'can_be_purchased', NULL, NULL, NULL, NULL, NULL, NULL, 0, NULL, NULL, NULL, NULL, NULL, NULL, NULL, NULL, '', NULL, NULL, NULL, NULL, NULL, 0.00, NULL, NULL, NULL, 'ordered_quantities', NULL, NULL, 0.00, 0.00, 0.00, NULL, NULL),
(72, 'Perpanjangan sewa all new avanza', NULL, 0.00, NULL, NULL, NULL, 0, '64366080835', '79694865588', 0, '0072', NULL, 8500000.00, NULL, 1, NULL, NULL, NULL, NULL, 'can_be_purchased', NULL, NULL, NULL, NULL, NULL, NULL, 0, NULL, NULL, NULL, NULL, NULL, NULL, NULL, NULL, '', NULL, NULL, NULL, NULL, NULL, 0.00, NULL, NULL, NULL, 'ordered_quantities', NULL, NULL, 0.00, 0.00, 0.00, NULL, NULL),
(73, 'Fuel xenia', NULL, 0.00, NULL, NULL, NULL, 0, '55831833349', '37002225198', 0, '0073', NULL, 10000.00, NULL, 1, NULL, NULL, NULL, NULL, 'can_be_purchased', NULL, NULL, NULL, NULL, NULL, NULL, 0, NULL, NULL, NULL, NULL, NULL, NULL, NULL, NULL, '', NULL, NULL, NULL, NULL, NULL, 0.00, NULL, NULL, NULL, 'ordered_quantities', NULL, NULL, 0.00, 0.00, 0.00, NULL, NULL),
(74, 'Pajak pembelian Silcomb', NULL, 0.00, NULL, NULL, NULL, 0, '34233771268', '70307290210', 0, '0074', NULL, 1760000.00, NULL, 1, NULL, NULL, NULL, NULL, 'can_be_purchased', NULL, NULL, NULL, NULL, NULL, NULL, 0, NULL, NULL, NULL, NULL, NULL, NULL, NULL, NULL, '', NULL, NULL, NULL, NULL, NULL, 0.00, NULL, NULL, NULL, 'ordered_quantities', NULL, NULL, 0.00, 0.00, 0.00, NULL, NULL),
(75, 'Konsumsi karyawan office 1 hari 3 kali selama 5 hari', NULL, 0.00, NULL, NULL, NULL, 0, '87448568726', '30205192623', 0, '0075', NULL, 225000.00, NULL, 1, NULL, NULL, NULL, NULL, 'can_be_purchased', NULL, NULL, NULL, NULL, NULL, NULL, 0, NULL, NULL, NULL, NULL, NULL, NULL, NULL, NULL, '', NULL, NULL, NULL, NULL, NULL, 0.00, NULL, NULL, NULL, 'ordered_quantities', NULL, NULL, 0.00, 0.00, 0.00, NULL, NULL),
(76, 'Konsumsi karyawa lapangan sehari sekali selama 5 hari', NULL, 0.00, NULL, NULL, NULL, 0, '92223501242', '88133451771', 0, '0076', NULL, 75000.00, NULL, 1, NULL, NULL, NULL, NULL, 'can_be_purchased', NULL, NULL, NULL, NULL, NULL, NULL, 0, NULL, NULL, NULL, NULL, NULL, NULL, NULL, NULL, '', NULL, NULL, NULL, NULL, NULL, 0.00, NULL, NULL, NULL, 'ordered_quantities', NULL, NULL, 0.00, 0.00, 0.00, NULL, NULL),
(77, 'Tagihan starlink', NULL, 0.00, NULL, NULL, NULL, 0, '40376848133', '10420355352', 0, '0077', NULL, 1215000.00, NULL, 1, NULL, NULL, NULL, NULL, 'can_be_purchased', NULL, NULL, NULL, NULL, NULL, NULL, 0, NULL, NULL, NULL, NULL, NULL, NULL, NULL, NULL, '', NULL, NULL, NULL, NULL, NULL, 0.00, NULL, NULL, NULL, 'ordered_quantities', NULL, NULL, 0.00, 0.00, 0.00, NULL, NULL),
(78, 'Pembayaran mekanik dan operator external', NULL, 0.00, NULL, NULL, NULL, 0, '92070452891', '39882069296', 0, '0078', NULL, 1000000.00, NULL, 1, NULL, NULL, NULL, NULL, 'can_be_purchased', NULL, NULL, NULL, NULL, NULL, NULL, 0, NULL, NULL, NULL, NULL, NULL, NULL, NULL, NULL, '', NULL, NULL, NULL, NULL, NULL, 0.00, NULL, NULL, NULL, 'ordered_quantities', NULL, NULL, 0.00, 0.00, 0.00, NULL, NULL),
(79, 'Drive shaff', NULL, 0.00, NULL, NULL, NULL, 0, '65364606477', '89587356936', 0, '0079', NULL, 1600000.00, NULL, 1, NULL, NULL, NULL, NULL, 'can_be_purchased', NULL, NULL, NULL, NULL, NULL, NULL, 0, NULL, NULL, NULL, NULL, NULL, NULL, NULL, NULL, '', NULL, NULL, NULL, NULL, NULL, 0.00, NULL, NULL, NULL, 'ordered_quantities', NULL, NULL, 0.00, 0.00, 0.00, NULL, NULL),
(80, 'Makan', NULL, 0.00, NULL, NULL, NULL, 0, '87010484694', '98948563161', 0, '0080', NULL, 50000.00, NULL, 1, NULL, NULL, NULL, NULL, 'can_be_purchased', NULL, NULL, NULL, NULL, NULL, NULL, 0, NULL, NULL, NULL, NULL, NULL, NULL, NULL, NULL, '', NULL, NULL, NULL, NULL, NULL, 0.00, NULL, NULL, NULL, 'ordered_quantities', NULL, NULL, 0.00, 0.00, 0.00, NULL, NULL),
(81, 'Registrasi sistem MaritimHUB', NULL, 0.00, NULL, NULL, NULL, 0, '28310261360', '05325164958', 0, '0081', NULL, 5000000.00, NULL, 1, NULL, NULL, NULL, NULL, 'can_be_purchased', NULL, NULL, NULL, NULL, NULL, NULL, 0, NULL, NULL, NULL, NULL, NULL, NULL, NULL, NULL, '', NULL, NULL, NULL, NULL, NULL, 0.00, NULL, NULL, NULL, 'ordered_quantities', NULL, NULL, 0.00, 0.00, 0.00, NULL, NULL),
(82, 'Akomodasi Cirebon-Jakarta', NULL, 0.00, NULL, NULL, NULL, 0, '34162921774', '30801205276', 0, '0082', NULL, 1500000.00, NULL, 1, NULL, NULL, NULL, NULL, 'can_be_purchased', NULL, NULL, NULL, NULL, NULL, NULL, 0, NULL, NULL, NULL, NULL, NULL, NULL, NULL, NULL, '', NULL, NULL, NULL, NULL, NULL, 0.00, NULL, NULL, NULL, 'ordered_quantities', NULL, NULL, 0.00, 0.00, 0.00, NULL, NULL),
(83, 'Penginapan di Jakarta', NULL, 0.00, NULL, NULL, NULL, 0, '73595365109', '67683767641', 0, '0083', NULL, 450000.00, NULL, 1, NULL, NULL, NULL, NULL, 'can_be_purchased', NULL, NULL, NULL, NULL, NULL, NULL, 0, NULL, NULL, NULL, NULL, NULL, NULL, NULL, NULL, '', NULL, NULL, NULL, NULL, NULL, 0.00, NULL, NULL, NULL, 'ordered_quantities', NULL, NULL, 0.00, 0.00, 0.00, NULL, NULL),
(84, 'Bahan konsumsi', NULL, 0.00, NULL, NULL, NULL, 0, '66522686549', '17762103495', 0, '0084', NULL, 5445000.00, NULL, 1, NULL, NULL, NULL, NULL, 'can_be_purchased', NULL, NULL, NULL, NULL, NULL, NULL, 0, NULL, NULL, NULL, NULL, NULL, NULL, NULL, NULL, '', NULL, NULL, NULL, NULL, NULL, 0.00, NULL, NULL, NULL, 'ordered_quantities', NULL, NULL, 0.00, 0.00, 0.00, NULL, NULL),
(85, 'Fuel all new avanza', NULL, 0.00, NULL, NULL, NULL, 0, '59352180201', '68118008370', 0, '0085', NULL, 10000.00, NULL, 1, NULL, NULL, NULL, NULL, 'can_be_purchased', NULL, NULL, NULL, NULL, NULL, NULL, 0, NULL, NULL, NULL, NULL, NULL, NULL, NULL, NULL, '', NULL, NULL, NULL, NULL, NULL, 0.00, NULL, NULL, NULL, 'ordered_quantities', NULL, NULL, 0.00, 0.00, 0.00, NULL, NULL),
(86, 'Anggaran makan 9 orang karyawan office 3 kali sehari selama 5 hari', NULL, 0.00, NULL, NULL, NULL, 0, '32199210359', '43286074840', 0, '0086', NULL, 225000.00, NULL, 1, NULL, NULL, NULL, NULL, 'can_be_purchased', NULL, NULL, NULL, NULL, NULL, NULL, 0, NULL, NULL, NULL, NULL, NULL, NULL, NULL, NULL, '', NULL, NULL, NULL, NULL, NULL, 0.00, NULL, NULL, NULL, 'ordered_quantities', NULL, NULL, 0.00, 0.00, 0.00, NULL, NULL),
(87, 'Anggaran makan 9 orang Karyawan lapangan satu hari sekali selama 5 hari', NULL, 0.00, NULL, NULL, NULL, 0, '98247955802', '24422165026', 0, '0087', NULL, 75000.00, NULL, 1, NULL, NULL, NULL, NULL, 'can_be_purchased', NULL, NULL, NULL, NULL, NULL, NULL, 0, NULL, NULL, NULL, NULL, NULL, NULL, NULL, NULL, '', NULL, NULL, NULL, NULL, NULL, 0.00, NULL, NULL, NULL, 'ordered_quantities', NULL, NULL, 0.00, 0.00, 0.00, NULL, NULL),
(88, 'Token listrik', NULL, 0.00, NULL, NULL, NULL, 0, '01548875793', '41726258350', 0, '0088', NULL, 300000.00, NULL, 1, NULL, NULL, NULL, NULL, 'can_be_purchased', NULL, NULL, NULL, NULL, NULL, NULL, 0, NULL, NULL, NULL, NULL, NULL, NULL, NULL, NULL, '', NULL, NULL, NULL, NULL, NULL, 0.00, NULL, NULL, NULL, 'ordered_quantities', NULL, NULL, 0.00, 0.00, 0.00, NULL, NULL),
(89, 'Sapu + serok', NULL, 0.00, NULL, NULL, NULL, 0, '04805088185', '51513007354', 0, '0089', NULL, 60000.00, NULL, 1, NULL, NULL, NULL, NULL, 'can_be_purchased', NULL, NULL, NULL, NULL, NULL, NULL, 0, NULL, NULL, NULL, NULL, NULL, NULL, NULL, NULL, '', NULL, NULL, NULL, NULL, NULL, 0.00, NULL, NULL, NULL, 'ordered_quantities', NULL, NULL, 0.00, 0.00, 0.00, NULL, NULL),
(90, 'Kain majun', NULL, 0.00, NULL, NULL, NULL, 0, '62534870231', '22303194292', 0, '0090', NULL, 25000.00, NULL, 1, NULL, NULL, NULL, NULL, 'can_be_purchased', NULL, NULL, NULL, NULL, NULL, NULL, 0, NULL, NULL, NULL, NULL, NULL, NULL, NULL, NULL, '', NULL, NULL, NULL, NULL, NULL, 0.00, NULL, NULL, NULL, 'ordered_quantities', NULL, NULL, 0.00, 0.00, 0.00, NULL, NULL),
(91, 'Kanebo', NULL, 0.00, NULL, NULL, NULL, 0, '48073503710', '41202214276', 0, '0091', NULL, 20000.00, NULL, 1, NULL, NULL, NULL, NULL, 'can_be_purchased', NULL, NULL, NULL, NULL, NULL, NULL, 0, NULL, NULL, NULL, NULL, NULL, NULL, NULL, NULL, '', NULL, NULL, NULL, NULL, NULL, 0.00, NULL, NULL, NULL, 'ordered_quantities', NULL, NULL, 0.00, 0.00, 0.00, NULL, NULL),
(92, 'Biaya pemasangan AC kantor kontainer', NULL, 0.00, NULL, NULL, NULL, 0, '45985439850', '73952430324', 0, '0092', NULL, 300000.00, NULL, 1, NULL, NULL, NULL, NULL, 'can_be_purchased', NULL, NULL, NULL, NULL, NULL, NULL, 0, NULL, NULL, NULL, NULL, NULL, NULL, NULL, NULL, '', NULL, NULL, NULL, NULL, NULL, 0.00, NULL, NULL, NULL, 'ordered_quantities', NULL, NULL, 0.00, 0.00, 0.00, NULL, NULL),
(93, 'Token listrik mes', NULL, 0.00, NULL, NULL, NULL, 0, '72010513306', '93308371948', 0, '0093', NULL, 1000000.00, NULL, 1, NULL, NULL, NULL, NULL, 'can_be_purchased', NULL, NULL, NULL, NULL, NULL, NULL, 0, NULL, NULL, NULL, NULL, NULL, NULL, NULL, NULL, '', NULL, NULL, NULL, NULL, NULL, 0.00, NULL, NULL, NULL, 'ordered_quantities', NULL, NULL, 0.00, 0.00, 0.00, NULL, NULL),
(94, 'Pertalite', NULL, 0.00, NULL, NULL, NULL, 0, '31299909764', '31589359844', 0, '0094', NULL, 1190000.00, NULL, 1, NULL, NULL, NULL, NULL, 'can_be_purchased', NULL, NULL, NULL, NULL, NULL, NULL, 0, NULL, NULL, NULL, NULL, NULL, NULL, NULL, NULL, '', NULL, NULL, NULL, NULL, NULL, 0.00, NULL, NULL, NULL, 'ordered_quantities', NULL, NULL, 0.00, 0.00, 0.00, NULL, NULL),
(95, 'Ramp Door 1,5M x 12M', NULL, 0.00, NULL, NULL, NULL, 0, '12598171749', '44812839552', 0, '0095', NULL, 235000000.00, NULL, 1, NULL, NULL, NULL, NULL, 'can_be_purchased', NULL, NULL, NULL, NULL, NULL, NULL, 0, NULL, NULL, NULL, NULL, NULL, NULL, NULL, NULL, '', NULL, NULL, NULL, NULL, NULL, 0.00, NULL, NULL, NULL, 'ordered_quantities', NULL, NULL, 0.00, 0.00, 0.00, NULL, NULL),
(96, 'Izin pembangunan tersus Pt Seal', NULL, 0.00, NULL, NULL, NULL, 0, '12128914371', '38747620961', 0, '0096', NULL, 200000000.00, NULL, 1, NULL, NULL, NULL, NULL, 'can_be_purchased', NULL, NULL, NULL, NULL, NULL, NULL, 0, NULL, NULL, NULL, NULL, NULL, NULL, NULL, NULL, '', NULL, NULL, NULL, NULL, NULL, 0.00, NULL, NULL, NULL, 'ordered_quantities', NULL, NULL, 0.00, 0.00, 0.00, NULL, NULL),
(97, 'Izin operasional tersus Pt Seal', NULL, 0.00, NULL, NULL, NULL, 0, '09890716136', '20665199041', 0, '0097', NULL, 200000000.00, NULL, 1, NULL, NULL, NULL, NULL, 'can_be_purchased', NULL, NULL, NULL, NULL, NULL, NULL, 0, NULL, NULL, NULL, NULL, NULL, NULL, NULL, NULL, '', NULL, NULL, NULL, NULL, NULL, 0.00, NULL, NULL, NULL, 'ordered_quantities', NULL, NULL, 0.00, 0.00, 0.00, NULL, NULL),
(98, 'Percepatan izin pembangunan dan operasional tersus Pt Seal', NULL, 0.00, NULL, NULL, NULL, 0, '01551043253', '30090756299', 0, '0098', NULL, 10000000.00, NULL, 1, NULL, NULL, NULL, NULL, 'can_be_purchased', NULL, NULL, NULL, NULL, NULL, NULL, 0, NULL, NULL, NULL, NULL, NULL, NULL, NULL, NULL, '', NULL, NULL, NULL, NULL, NULL, 0.00, NULL, NULL, NULL, 'ordered_quantities', NULL, NULL, 0.00, 0.00, 0.00, NULL, NULL),
(99, 'Biaya tenaga harian Operator Excavator', NULL, 0.00, NULL, NULL, NULL, 0, '12883668393', '30740742230', 0, '0099', NULL, 250000.00, NULL, 1, NULL, NULL, NULL, NULL, 'can_be_purchased', NULL, NULL, NULL, NULL, NULL, NULL, 0, NULL, NULL, NULL, NULL, NULL, NULL, NULL, NULL, '', NULL, NULL, NULL, NULL, NULL, 0.00, NULL, NULL, NULL, 'ordered_quantities', NULL, NULL, 0.00, 0.00, 0.00, NULL, NULL),
(100, 'Operasional Pak Jangkung di Site Katingan', NULL, 0.00, NULL, NULL, NULL, 0, '54800012663', '58627955208', 0, '0100', NULL, 2000000.00, NULL, 1, NULL, NULL, NULL, NULL, 'can_be_purchased', NULL, NULL, NULL, NULL, NULL, NULL, 0, NULL, NULL, NULL, NULL, NULL, NULL, NULL, NULL, '', NULL, NULL, NULL, NULL, NULL, 0.00, NULL, NULL, NULL, 'ordered_quantities', NULL, NULL, 0.00, 0.00, 0.00, NULL, NULL),
(101, 'Kasbon gaji Deden Supriadi', NULL, 0.00, NULL, NULL, NULL, 0, '68152681799', '56207588644', 0, '0101', NULL, 2500000.00, NULL, 1, NULL, NULL, NULL, NULL, 'can_be_purchased', NULL, NULL, NULL, NULL, NULL, NULL, 0, NULL, NULL, NULL, NULL, NULL, NULL, NULL, NULL, '', NULL, NULL, NULL, NULL, NULL, 0.00, NULL, NULL, NULL, 'ordered_quantities', NULL, NULL, 0.00, 0.00, 0.00, NULL, NULL),
(102, 'Biaya Konsumsi', NULL, 0.00, NULL, NULL, NULL, 0, '99624613315', '53221167509', 0, '0102', NULL, 5445000.00, NULL, 1, NULL, NULL, NULL, NULL, 'can_be_purchased', NULL, NULL, NULL, NULL, NULL, NULL, 0, NULL, NULL, NULL, NULL, NULL, NULL, NULL, NULL, '', NULL, NULL, NULL, NULL, NULL, 0.00, NULL, NULL, NULL, 'ordered_quantities', NULL, NULL, 0.00, 0.00, 0.00, NULL, NULL),
(103, 'Akomodasi Cirebon-Jakarta', NULL, 0.00, NULL, NULL, NULL, 0, '84214497584', '48961770304', 0, '0103', NULL, 1300000.00, NULL, 1, NULL, NULL, NULL, NULL, 'can_be_purchased', NULL, NULL, NULL, NULL, NULL, NULL, 0, NULL, NULL, NULL, NULL, NULL, NULL, NULL, NULL, '', NULL, NULL, NULL, NULL, NULL, 0.00, NULL, NULL, NULL, 'ordered_quantities', NULL, NULL, 0.00, 0.00, 0.00, NULL, NULL),
(104, 'Blank Smart Card 13.56MHz', NULL, 0.00, NULL, NULL, NULL, 0, '45271349436', '18610954902', 0, '0104', NULL, 15000.00, NULL, 1, NULL, NULL, NULL, NULL, 'can_be_purchased', NULL, NULL, NULL, NULL, NULL, NULL, 0, NULL, NULL, NULL, NULL, NULL, NULL, NULL, NULL, '', NULL, NULL, NULL, NULL, NULL, 0.00, NULL, NULL, NULL, 'ordered_quantities', NULL, NULL, 0.00, 0.00, 0.00, NULL, NULL),
(105, 'Cetak Stiker 2 Sisi', NULL, 0.00, NULL, NULL, NULL, 0, '06387316336', '70250450447', 0, '0105', NULL, 3000.00, NULL, 1, NULL, NULL, NULL, NULL, 'can_be_purchased', NULL, NULL, NULL, NULL, NULL, NULL, 0, NULL, NULL, NULL, NULL, NULL, NULL, NULL, NULL, '', NULL, NULL, NULL, NULL, NULL, 0.00, NULL, NULL, NULL, 'ordered_quantities', NULL, NULL, 0.00, 0.00, 0.00, NULL, NULL),
(106, 'Biaya Gopay Later 2%', NULL, 0.00, NULL, NULL, NULL, 0, '40074668671', '98569875664', 0, '0106', NULL, 108000.00, NULL, 1, NULL, NULL, NULL, NULL, 'can_be_purchased', NULL, NULL, NULL, NULL, NULL, NULL, 0, NULL, NULL, NULL, NULL, NULL, NULL, NULL, NULL, '', NULL, NULL, NULL, NULL, NULL, 0.00, NULL, NULL, NULL, 'ordered_quantities', NULL, NULL, 0.00, 0.00, 0.00, NULL, NULL),
(107, 'Kebutuhan pentry', NULL, 0.00, NULL, NULL, NULL, 0, '36891471756', '35455676672', 0, '0107', NULL, 500000.00, NULL, 1, NULL, NULL, NULL, NULL, 'can_be_purchased', NULL, NULL, NULL, NULL, NULL, NULL, 0, NULL, NULL, NULL, NULL, NULL, NULL, NULL, NULL, '', NULL, NULL, NULL, NULL, NULL, 0.00, NULL, NULL, NULL, 'ordered_quantities', NULL, NULL, 0.00, 0.00, 0.00, NULL, NULL),
(108, 'Fuel all new avanza', NULL, 0.00, NULL, NULL, NULL, 0, '29927889926', '08205466962', 0, '0108', NULL, 10000.00, NULL, 1, NULL, NULL, NULL, NULL, 'can_be_purchased', NULL, NULL, NULL, NULL, NULL, NULL, 0, NULL, NULL, NULL, NULL, NULL, NULL, NULL, NULL, '', NULL, NULL, NULL, NULL, NULL, 0.00, NULL, NULL, NULL, 'ordered_quantities', NULL, NULL, 0.00, 0.00, 0.00, NULL, NULL),
(109, 'Cuci steam', NULL, 0.00, NULL, NULL, NULL, 0, '09151380932', '70566062156', 0, '0109', NULL, 50000.00, NULL, 1, NULL, NULL, NULL, NULL, 'can_be_purchased', NULL, NULL, NULL, NULL, NULL, NULL, 0, NULL, NULL, NULL, NULL, NULL, NULL, NULL, NULL, '', NULL, NULL, NULL, NULL, NULL, 0.00, NULL, NULL, NULL, 'ordered_quantities', NULL, NULL, 0.00, 0.00, 0.00, NULL, NULL),
(110, 'Biaya service', NULL, 0.00, NULL, NULL, NULL, 0, '96745091230', '23061532944', 0, '0110', NULL, 700000.00, NULL, 1, NULL, NULL, NULL, NULL, 'can_be_purchased', NULL, NULL, NULL, NULL, NULL, NULL, 0, NULL, NULL, NULL, NULL, NULL, NULL, NULL, NULL, '', NULL, NULL, NULL, NULL, NULL, 0.00, NULL, NULL, NULL, 'ordered_quantities', NULL, NULL, 0.00, 0.00, 0.00, NULL, NULL),
(111, 'Overtime 24 Maret 2025', NULL, 0.00, NULL, NULL, NULL, 0, '83510450559', '71839841963', 0, '0111', NULL, 250000.00, NULL, 1, NULL, NULL, NULL, NULL, 'can_be_purchased', NULL, NULL, NULL, NULL, NULL, NULL, 0, NULL, NULL, NULL, NULL, NULL, NULL, NULL, NULL, '', NULL, NULL, NULL, NULL, NULL, 0.00, NULL, NULL, NULL, 'ordered_quantities', NULL, NULL, 0.00, 0.00, 0.00, NULL, NULL),
(112, 'PPN', NULL, 0.00, NULL, NULL, NULL, 0, '46748513280', '25238423295', 0, '0112', NULL, 82500.00, NULL, 1, NULL, NULL, NULL, NULL, 'can_be_purchased', NULL, NULL, NULL, NULL, NULL, NULL, 0, NULL, NULL, NULL, NULL, NULL, NULL, NULL, NULL, '', NULL, NULL, NULL, NULL, NULL, 0.00, NULL, NULL, NULL, 'ordered_quantities', NULL, NULL, 0.00, 0.00, 0.00, NULL, NULL),
(113, 'Akomodasi di Jakarta', NULL, 0.00, NULL, NULL, NULL, 0, '83082515193', '17506447808', 0, '0113', NULL, 1300000.00, NULL, 1, NULL, NULL, NULL, NULL, 'can_be_purchased', NULL, NULL, NULL, NULL, NULL, NULL, 0, NULL, NULL, NULL, NULL, NULL, NULL, NULL, NULL, '', NULL, NULL, NULL, NULL, NULL, 0.00, NULL, NULL, NULL, 'ordered_quantities', NULL, NULL, 0.00, 0.00, 0.00, NULL, NULL),
(114, 'Penginapan di Jakarta', NULL, 0.00, NULL, NULL, NULL, 0, '10628669218', '77485027260', 0, '0114', NULL, 450000.00, NULL, 1, NULL, NULL, NULL, NULL, 'can_be_purchased', NULL, NULL, NULL, NULL, NULL, NULL, 0, NULL, NULL, NULL, NULL, NULL, NULL, NULL, NULL, '', NULL, NULL, NULL, NULL, NULL, 0.00, NULL, NULL, NULL, 'ordered_quantities', NULL, NULL, 0.00, 0.00, 0.00, NULL, NULL),
(115, 'Tiket Jakarta-Sampit', NULL, 0.00, NULL, NULL, NULL, 0, '88731309331', '13486134585', 0, '0115', NULL, 1650000.00, NULL, 1, NULL, NULL, NULL, NULL, 'can_be_purchased', NULL, NULL, NULL, NULL, NULL, NULL, 0, NULL, NULL, NULL, NULL, NULL, NULL, NULL, NULL, '', NULL, NULL, NULL, NULL, NULL, 0.00, NULL, NULL, NULL, 'ordered_quantities', NULL, NULL, 0.00, 0.00, 0.00, NULL, NULL),
(116, 'Operasional Jakarta-Sampit', NULL, 0.00, NULL, NULL, NULL, 0, '23768476623', '62451955442', 0, '0116', NULL, 3000000.00, NULL, 1, NULL, NULL, NULL, NULL, 'can_be_purchased', NULL, NULL, NULL, NULL, NULL, NULL, 0, NULL, NULL, NULL, NULL, NULL, NULL, NULL, NULL, '', NULL, NULL, NULL, NULL, NULL, 0.00, NULL, NULL, NULL, 'ordered_quantities', NULL, NULL, 0.00, 0.00, 0.00, NULL, NULL),
(117, 'pengajuan biaya bahan dapur di PIT', NULL, 0.00, NULL, NULL, NULL, 0, '52269097518', '25110347413', 0, '0117', NULL, 6872000.00, NULL, 1, NULL, NULL, NULL, NULL, 'can_be_purchased', NULL, NULL, NULL, NULL, NULL, NULL, 0, NULL, NULL, NULL, NULL, NULL, NULL, NULL, NULL, '', NULL, NULL, NULL, NULL, NULL, 0.00, NULL, NULL, NULL, 'ordered_quantities', NULL, NULL, 0.00, 0.00, 0.00, NULL, NULL),
(118, 'pengajuan biaya sepatu safety untuk visitor', NULL, 0.00, NULL, NULL, NULL, 0, '21514350350', '38668949434', 0, '0118', NULL, 350000.00, NULL, 1, NULL, NULL, NULL, NULL, 'can_be_purchased', NULL, NULL, NULL, NULL, NULL, NULL, 0, NULL, NULL, NULL, NULL, NULL, NULL, NULL, NULL, '', NULL, NULL, NULL, NULL, NULL, 0.00, NULL, NULL, NULL, 'ordered_quantities', NULL, NULL, 0.00, 0.00, 0.00, NULL, NULL),
(119, 'helm safety', NULL, 0.00, NULL, NULL, NULL, 0, '36126638703', '14999791170', 0, '0119', NULL, 45000.00, NULL, 1, NULL, NULL, NULL, NULL, 'can_be_purchased', NULL, NULL, NULL, NULL, NULL, NULL, 0, NULL, NULL, NULL, NULL, NULL, NULL, NULL, NULL, '', NULL, NULL, NULL, NULL, NULL, 0.00, NULL, NULL, NULL, 'ordered_quantities', NULL, NULL, 0.00, 0.00, 0.00, NULL, NULL),
(120, 'rompi safety', NULL, 0.00, NULL, NULL, NULL, 0, '05375625429', '58149166857', 0, '0120', NULL, 75000.00, NULL, 1, NULL, NULL, NULL, NULL, 'can_be_purchased', NULL, NULL, NULL, NULL, NULL, NULL, 0, NULL, NULL, NULL, NULL, NULL, NULL, NULL, NULL, '', NULL, NULL, NULL, NULL, NULL, 0.00, NULL, NULL, NULL, 'ordered_quantities', NULL, NULL, 0.00, 0.00, 0.00, NULL, NULL),
(121, 'Tiket Pesawat', NULL, 0.00, NULL, NULL, NULL, 0, '45549288592', '04309305492', 0, '0121', NULL, 1600000.00, NULL, 1, NULL, NULL, NULL, NULL, 'can_be_purchased', NULL, NULL, NULL, NULL, NULL, NULL, 0, NULL, NULL, NULL, NULL, NULL, NULL, NULL, NULL, '', NULL, NULL, NULL, NULL, NULL, 0.00, NULL, NULL, NULL, 'ordered_quantities', NULL, NULL, 0.00, 0.00, 0.00, NULL, NULL),
(122, 'Operasional', NULL, 0.00, NULL, NULL, NULL, 0, '44852366236', '46035958195', 0, '0122', NULL, 1000000.00, NULL, 1, NULL, NULL, NULL, NULL, 'can_be_purchased', NULL, NULL, NULL, NULL, NULL, NULL, 0, NULL, NULL, NULL, NULL, NULL, NULL, NULL, NULL, '', NULL, NULL, NULL, NULL, NULL, 0.00, NULL, NULL, NULL, 'ordered_quantities', NULL, NULL, 0.00, 0.00, 0.00, NULL, NULL),
(123, 'Akomodasi Karawang - Soetta', NULL, 0.00, NULL, NULL, NULL, 0, '40370398804', '86162007108', 0, '0123', NULL, 250000.00, NULL, 1, NULL, NULL, NULL, NULL, 'can_be_purchased', NULL, NULL, NULL, NULL, NULL, NULL, 0, NULL, NULL, NULL, NULL, NULL, NULL, NULL, NULL, '', NULL, NULL, NULL, NULL, NULL, 0.00, NULL, NULL, NULL, 'ordered_quantities', NULL, NULL, 0.00, 0.00, 0.00, NULL, NULL),
(124, 'sewa mobil oprasional jetty', NULL, 0.00, NULL, NULL, NULL, 0, '79321494172', '06431778708', 0, '0124', NULL, 9900000.00, NULL, 1, NULL, NULL, NULL, NULL, 'can_be_purchased', NULL, NULL, NULL, NULL, NULL, NULL, 0, NULL, NULL, NULL, NULL, NULL, NULL, NULL, NULL, '', NULL, NULL, NULL, NULL, NULL, 0.00, NULL, NULL, NULL, 'ordered_quantities', NULL, NULL, 0.00, 0.00, 0.00, NULL, NULL),
(125, 'Sewa Xpender B 2440 SRZ', NULL, 0.00, NULL, NULL, NULL, 0, '57893808962', '21773980797', 0, '0125', NULL, 6660000.00, NULL, 1, NULL, NULL, NULL, NULL, 'can_be_purchased', NULL, NULL, NULL, NULL, NULL, NULL, 0, NULL, NULL, NULL, NULL, NULL, NULL, NULL, NULL, '', NULL, NULL, NULL, NULL, NULL, 0.00, NULL, NULL, NULL, 'ordered_quantities', NULL, NULL, 0.00, 0.00, 0.00, NULL, NULL),
(126, 'pengajuan biaya ID Card untuk visitor', NULL, 0.00, NULL, NULL, NULL, 0, '49607759485', '87681744059', 0, '0126', NULL, 60000.00, NULL, 1, NULL, NULL, NULL, NULL, 'can_be_purchased', NULL, NULL, NULL, NULL, NULL, NULL, 0, NULL, NULL, NULL, NULL, NULL, NULL, NULL, NULL, '', NULL, NULL, NULL, NULL, NULL, 0.00, NULL, NULL, NULL, 'ordered_quantities', NULL, NULL, 0.00, 0.00, 0.00, NULL, NULL),
(127, 'pengajuan biaya rental hilux', NULL, 0.00, NULL, NULL, NULL, 0, '65200163846', '04807297027', 0, '0127', NULL, 1000000.00, NULL, 1, NULL, NULL, NULL, NULL, 'can_be_purchased', NULL, NULL, NULL, NULL, NULL, NULL, 0, NULL, NULL, NULL, NULL, NULL, NULL, NULL, NULL, '', NULL, NULL, NULL, NULL, NULL, 0.00, NULL, NULL, NULL, 'ordered_quantities', NULL, NULL, 0.00, 0.00, 0.00, NULL, NULL),
(128, 'Fuel all new avanza', NULL, 0.00, NULL, NULL, NULL, 0, '71322392746', '47602442687', 0, '0128', NULL, 10000.00, NULL, 1, NULL, NULL, NULL, NULL, 'can_be_purchased', NULL, NULL, NULL, NULL, NULL, NULL, 0, NULL, NULL, NULL, NULL, NULL, NULL, NULL, NULL, '', NULL, NULL, NULL, NULL, NULL, 0.00, NULL, NULL, NULL, 'ordered_quantities', NULL, NULL, 0.00, 0.00, 0.00, NULL, NULL),
(129, 'Konsumsi karyawan office untuk 5 hari', NULL, 0.00, NULL, NULL, NULL, 0, '82712515466', '00832008158', 0, '0129', NULL, 225000.00, NULL, 1, NULL, NULL, NULL, NULL, 'can_be_purchased', NULL, NULL, NULL, NULL, NULL, NULL, 0, NULL, NULL, NULL, NULL, NULL, NULL, NULL, NULL, '', NULL, NULL, NULL, NULL, NULL, 0.00, NULL, NULL, NULL, 'ordered_quantities', NULL, NULL, 0.00, 0.00, 0.00, NULL, NULL),
(130, 'Konsumsi karyawan lapangan untuk 5 hari', NULL, 0.00, NULL, NULL, NULL, 0, '27937007455', '63256961180', 0, '0130', NULL, 75000.00, NULL, 1, NULL, NULL, NULL, NULL, 'can_be_purchased', NULL, NULL, NULL, NULL, NULL, NULL, 0, NULL, NULL, NULL, NULL, NULL, NULL, NULL, NULL, '', NULL, NULL, NULL, NULL, NULL, 0.00, NULL, NULL, NULL, 'ordered_quantities', NULL, NULL, 0.00, 0.00, 0.00, NULL, NULL),
(131, 'Grease Cobra', NULL, 0.00, NULL, NULL, NULL, 0, '94513787330', '83168899757', 0, '0131', NULL, 850000.00, NULL, 1, NULL, NULL, NULL, NULL, 'can_be_purchased', NULL, NULL, NULL, NULL, NULL, NULL, 0, NULL, NULL, NULL, NULL, NULL, NULL, NULL, NULL, '', NULL, NULL, NULL, NULL, NULL, 0.00, NULL, NULL, NULL, 'ordered_quantities', NULL, NULL, 0.00, 0.00, 0.00, NULL, NULL),
(132, 'travel', NULL, 0.00, NULL, NULL, NULL, 0, '45288292787', '83810421254', 0, '0132', NULL, 220000.00, NULL, 1, NULL, NULL, NULL, NULL, 'can_be_purchased', NULL, NULL, NULL, NULL, NULL, NULL, 0, NULL, NULL, NULL, NULL, NULL, NULL, NULL, NULL, '', NULL, NULL, NULL, NULL, NULL, 0.00, NULL, NULL, NULL, 'ordered_quantities', NULL, NULL, 0.00, 0.00, 0.00, NULL, NULL),
(133, 'makan', NULL, 0.00, NULL, NULL, NULL, 0, '54580537467', '51326582917', 0, '0133', NULL, 150000.00, NULL, 1, NULL, NULL, NULL, NULL, 'can_be_purchased', NULL, NULL, NULL, NULL, NULL, NULL, 0, NULL, NULL, NULL, NULL, NULL, NULL, NULL, NULL, '', NULL, NULL, NULL, NULL, NULL, 0.00, NULL, NULL, NULL, 'ordered_quantities', NULL, NULL, 0.00, 0.00, 0.00, NULL, NULL),
(134, 'pengajuan biaya bahan dapur di pit', NULL, 0.00, NULL, NULL, NULL, 0, '21457122227', '51678459472', 0, '0134', NULL, 7740000.00, NULL, 1, NULL, NULL, NULL, NULL, 'can_be_purchased', NULL, NULL, NULL, NULL, NULL, NULL, 0, NULL, NULL, NULL, NULL, NULL, NULL, NULL, NULL, '', NULL, NULL, NULL, NULL, NULL, 0.00, NULL, NULL, NULL, 'ordered_quantities', NULL, NULL, 0.00, 0.00, 0.00, NULL, NULL),
(135, 'Sewa mobil oprasional PIT', NULL, 0.00, NULL, NULL, NULL, 0, '03474607042', '41849131734', 0, '0135', NULL, 21500000.00, NULL, 1, NULL, NULL, NULL, NULL, 'can_be_purchased', NULL, NULL, NULL, NULL, NULL, NULL, 0, NULL, NULL, NULL, NULL, NULL, NULL, NULL, NULL, '', NULL, NULL, NULL, NULL, NULL, 0.00, NULL, NULL, NULL, 'ordered_quantities', NULL, NULL, 0.00, 0.00, 0.00, NULL, NULL),
(136, 'Sewa mobil oprasional Jetty', NULL, 0.00, NULL, NULL, NULL, 0, '79327447916', '15335811788', 0, '0136', NULL, 9900000.00, NULL, 1, NULL, NULL, NULL, NULL, 'can_be_purchased', NULL, NULL, NULL, NULL, NULL, NULL, 0, NULL, NULL, NULL, NULL, NULL, NULL, NULL, NULL, '', NULL, NULL, NULL, NULL, NULL, 0.00, NULL, NULL, NULL, 'ordered_quantities', NULL, NULL, 0.00, 0.00, 0.00, NULL, NULL),
(137, 'Bayar kos', NULL, 0.00, NULL, NULL, NULL, 0, '44348797775', '15985925154', 0, '0137', NULL, 1000000.00, NULL, 1, NULL, NULL, NULL, NULL, 'can_be_purchased', NULL, NULL, NULL, NULL, NULL, NULL, 0, NULL, NULL, NULL, NULL, NULL, NULL, NULL, NULL, '', NULL, NULL, NULL, NULL, NULL, 0.00, NULL, NULL, NULL, 'ordered_quantities', NULL, NULL, 0.00, 0.00, 0.00, NULL, NULL),
(138, 'Biaya tiket Pak Glen & Pak Jangkung PKY-JKT 24-04-2025', NULL, 0.00, NULL, NULL, NULL, 0, '44689894003', '35285541626', 0, '0138', NULL, 1550000.00, NULL, 1, NULL, NULL, NULL, NULL, 'can_be_purchased', NULL, NULL, NULL, NULL, NULL, NULL, 0, NULL, NULL, NULL, NULL, NULL, NULL, NULL, NULL, '', NULL, NULL, NULL, NULL, NULL, 0.00, NULL, NULL, NULL, 'ordered_quantities', NULL, NULL, 0.00, 0.00, 0.00, NULL, NULL),
(139, 'Pengajuan biaya servis hilux', NULL, 0.00, NULL, NULL, NULL, 0, '92822082273', '17951829840', 0, '0139', NULL, 2355000.00, NULL, 1, NULL, NULL, NULL, NULL, 'can_be_purchased', NULL, NULL, NULL, NULL, NULL, NULL, 0, NULL, NULL, NULL, NULL, NULL, NULL, NULL, NULL, '', NULL, NULL, NULL, NULL, NULL, 0.00, NULL, NULL, NULL, 'ordered_quantities', NULL, NULL, 0.00, 0.00, 0.00, NULL, NULL),
(140, 'Pembayaran starlink', NULL, 0.00, NULL, NULL, NULL, 0, '56294857883', '60052209483', 0, '0140', NULL, 1215000.00, NULL, 1, NULL, NULL, NULL, NULL, 'can_be_purchased', NULL, NULL, NULL, NULL, NULL, NULL, 0, NULL, NULL, NULL, NULL, NULL, NULL, NULL, NULL, '', NULL, NULL, NULL, NULL, NULL, 0.00, NULL, NULL, NULL, 'ordered_quantities', NULL, NULL, 0.00, 0.00, 0.00, NULL, NULL),
(141, 'pengajuan biaya bahan dapur di pit untuk 3 hari', NULL, 0.00, NULL, NULL, NULL, 0, '29379227320', '40992590859', 0, '0141', NULL, 7922000.00, NULL, 1, NULL, NULL, NULL, NULL, 'can_be_purchased', NULL, NULL, NULL, NULL, NULL, NULL, 0, NULL, NULL, NULL, NULL, NULL, NULL, NULL, NULL, '', NULL, NULL, NULL, NULL, NULL, 0.00, NULL, NULL, NULL, 'ordered_quantities', NULL, NULL, 0.00, 0.00, 0.00, NULL, NULL),
(142, 'Biaya Operasional Pak Samsuk Ke Site Pada Tanggal 25 April 2025', NULL, 0.00, NULL, NULL, NULL, 0, '56177350657', '99601823597', 0, '0142', NULL, 15000000.00, NULL, 1, NULL, NULL, NULL, NULL, 'can_be_purchased', NULL, NULL, NULL, NULL, NULL, NULL, 0, NULL, NULL, NULL, NULL, NULL, NULL, NULL, NULL, '', NULL, NULL, NULL, NULL, NULL, 0.00, NULL, NULL, NULL, 'ordered_quantities', NULL, NULL, 0.00, 0.00, 0.00, NULL, NULL),
(143, 'Biaya Cicilan Pembayaran Source Code MIS System', NULL, 0.00, NULL, NULL, NULL, 0, '56896582525', '27917951873', 0, '0143', NULL, 16800000.00, NULL, 1, NULL, NULL, NULL, NULL, 'can_be_purchased', NULL, NULL, NULL, NULL, NULL, NULL, 0, NULL, NULL, NULL, NULL, NULL, NULL, NULL, NULL, '', NULL, NULL, NULL, NULL, NULL, 0.00, NULL, NULL, NULL, 'ordered_quantities', NULL, NULL, 0.00, 0.00, 0.00, NULL, NULL),
(144, 'pengajuan biaya reimburse pengobatan pak acus', NULL, 0.00, NULL, NULL, NULL, 0, '27265830552', '77739480987', 0, '0144', NULL, 350000.00, NULL, 1, NULL, NULL, NULL, NULL, 'can_be_purchased', NULL, NULL, NULL, NULL, NULL, NULL, 0, NULL, NULL, NULL, NULL, NULL, NULL, NULL, NULL, '', NULL, NULL, NULL, NULL, NULL, 0.00, NULL, NULL, NULL, 'ordered_quantities', NULL, NULL, 0.00, 0.00, 0.00, NULL, NULL),
(145, 'pengajuan biaya bahan konsumsi', NULL, 0.00, NULL, NULL, NULL, 0, '84087505996', '16914375714', 0, '0145', NULL, 15925000.00, NULL, 1, NULL, NULL, NULL, NULL, 'can_be_purchased', NULL, NULL, NULL, NULL, NULL, NULL, 0, NULL, NULL, NULL, NULL, NULL, NULL, NULL, NULL, '', NULL, NULL, NULL, NULL, NULL, 0.00, NULL, NULL, NULL, 'ordered_quantities', NULL, NULL, 0.00, 0.00, 0.00, NULL, NULL),
(146, '00002/174/20/728/24 Pendapatan PBB Pertambangan Mineral dan Batubara. Pada Bulan Januari - Desember 2020', NULL, 0.00, NULL, NULL, NULL, 0, '78009137514', '32379809788', 0, '0146', NULL, 13293952.00, NULL, 1, NULL, NULL, NULL, NULL, 'can_be_purchased', NULL, NULL, NULL, NULL, NULL, NULL, 0, NULL, NULL, NULL, NULL, NULL, NULL, NULL, NULL, '', NULL, NULL, NULL, NULL, NULL, 0.00, NULL, NULL, NULL, 'ordered_quantities', NULL, NULL, 0.00, 0.00, 0.00, NULL, NULL),
(147, '00006/174/21/728/24 Pendapatan PBB Pertambangan Mineral dan Batubara. Pada Bulan Januari - Desember 2021', NULL, 0.00, NULL, NULL, NULL, 0, '90990648503', '27271058966', 0, '0147', NULL, 16617440.00, NULL, 1, NULL, NULL, NULL, NULL, 'can_be_purchased', NULL, NULL, NULL, NULL, NULL, NULL, 0, NULL, NULL, NULL, NULL, NULL, NULL, NULL, NULL, '', NULL, NULL, NULL, NULL, NULL, 0.00, NULL, NULL, NULL, 'ordered_quantities', NULL, NULL, 0.00, 0.00, 0.00, NULL, NULL),
(148, '00152/106/21/728/22 Pendapatan PPh Pasal 25/29 Badan. Pada bulan Januari- Desember 2021', NULL, 0.00, NULL, NULL, NULL, 0, '73949856458', '17795951661', 0, '0148', NULL, 1000000.00, NULL, 1, NULL, NULL, NULL, NULL, 'can_be_purchased', NULL, NULL, NULL, NULL, NULL, NULL, 0, NULL, NULL, NULL, NULL, NULL, NULL, NULL, NULL, '', NULL, NULL, NULL, NULL, NULL, 0.00, NULL, NULL, NULL, 'ordered_quantities', NULL, NULL, 0.00, 0.00, 0.00, NULL, NULL),
(149, 'Pesawat Jakarta - Palangkaraya', NULL, 0.00, NULL, NULL, NULL, 0, '27591790133', '27914112005', 0, '0149', NULL, 1600000.00, NULL, 1, NULL, NULL, NULL, NULL, 'can_be_purchased', NULL, NULL, NULL, NULL, NULL, NULL, 0, NULL, NULL, NULL, NULL, NULL, NULL, NULL, NULL, '', NULL, NULL, NULL, NULL, NULL, 0.00, NULL, NULL, NULL, 'ordered_quantities', NULL, NULL, 0.00, 0.00, 0.00, NULL, NULL),
(150, 'Travel Bandung - Bandara', NULL, 0.00, NULL, NULL, NULL, 0, '31161444531', '25583569045', 0, '0150', NULL, 200000.00, NULL, 1, NULL, NULL, NULL, NULL, 'can_be_purchased', NULL, NULL, NULL, NULL, NULL, NULL, 0, NULL, NULL, NULL, NULL, NULL, NULL, NULL, NULL, '', NULL, NULL, NULL, NULL, NULL, 0.00, NULL, NULL, NULL, 'ordered_quantities', NULL, NULL, 0.00, 0.00, 0.00, NULL, NULL),
(151, 'Travel Bandara - Samba', NULL, 0.00, NULL, NULL, NULL, 0, '54448431052', '47376280034', 0, '0151', NULL, 200000.00, NULL, 1, NULL, NULL, NULL, NULL, 'can_be_purchased', NULL, NULL, NULL, NULL, NULL, NULL, 0, NULL, NULL, NULL, NULL, NULL, NULL, NULL, NULL, '', NULL, NULL, NULL, NULL, NULL, 0.00, NULL, NULL, NULL, 'ordered_quantities', NULL, NULL, 0.00, 0.00, 0.00, NULL, NULL),
(152, 'Biaya Operasional', NULL, 0.00, NULL, NULL, NULL, 0, '57225013876', '71613343696', 0, '0152', NULL, 1000000.00, NULL, 1, NULL, NULL, NULL, NULL, 'can_be_purchased', NULL, NULL, NULL, NULL, NULL, NULL, 0, NULL, NULL, NULL, NULL, NULL, NULL, NULL, NULL, '', NULL, NULL, NULL, NULL, NULL, 0.00, NULL, NULL, NULL, 'ordered_quantities', NULL, NULL, 0.00, 0.00, 0.00, NULL, NULL),
(153, 'Pesawat Jakarta - Palangkaraya', NULL, 0.00, NULL, NULL, NULL, 0, '32739733476', '88711784888', 0, '0153', NULL, 1600000.00, NULL, 1, NULL, NULL, NULL, NULL, 'can_be_purchased', NULL, NULL, NULL, NULL, NULL, NULL, 0, NULL, NULL, NULL, NULL, NULL, NULL, NULL, NULL, '', NULL, NULL, NULL, NULL, NULL, 0.00, NULL, NULL, NULL, 'ordered_quantities', NULL, NULL, 0.00, 0.00, 0.00, NULL, NULL),
(154, 'Travel Bandung - Bandara', NULL, 0.00, NULL, NULL, NULL, 0, '68225067694', '84718604024', 0, '0154', NULL, 200000.00, NULL, 1, NULL, NULL, NULL, NULL, 'can_be_purchased', NULL, NULL, NULL, NULL, NULL, NULL, 0, NULL, NULL, NULL, NULL, NULL, NULL, NULL, NULL, '', NULL, NULL, NULL, NULL, NULL, 0.00, NULL, NULL, NULL, 'ordered_quantities', NULL, NULL, 0.00, 0.00, 0.00, NULL, NULL),
(155, 'Travel Bandara - Samba', NULL, 0.00, NULL, NULL, NULL, 0, '27613956966', '30992259689', 0, '0155', NULL, 200000.00, NULL, 1, NULL, NULL, NULL, NULL, 'can_be_purchased', NULL, NULL, NULL, NULL, NULL, NULL, 0, NULL, NULL, NULL, NULL, NULL, NULL, NULL, NULL, '', NULL, NULL, NULL, NULL, NULL, 0.00, NULL, NULL, NULL, 'ordered_quantities', NULL, NULL, 0.00, 0.00, 0.00, NULL, NULL),
(156, 'Biaya Operasional', NULL, 0.00, NULL, NULL, NULL, 0, '92419295632', '74799608244', 0, '0156', NULL, 500000.00, NULL, 1, NULL, NULL, NULL, NULL, 'can_be_purchased', NULL, NULL, NULL, NULL, NULL, NULL, 0, NULL, NULL, NULL, NULL, NULL, NULL, NULL, NULL, '', NULL, NULL, NULL, NULL, NULL, 0.00, NULL, NULL, NULL, 'ordered_quantities', NULL, NULL, 0.00, 0.00, 0.00, NULL, NULL),
(157, 'Pengajuan Reimburse Dana Talang Ibu Kades, Pembayaran Gaji Ketua BPD Bulan September - Desember 2024', NULL, 0.00, NULL, NULL, NULL, 0, '91285404229', '03697618055', 0, '0157', NULL, 6000000.00, NULL, 1, NULL, NULL, NULL, NULL, 'can_be_purchased', NULL, NULL, NULL, NULL, NULL, NULL, 0, NULL, NULL, NULL, NULL, NULL, NULL, NULL, NULL, '', NULL, NULL, NULL, NULL, NULL, 0.00, NULL, NULL, NULL, 'ordered_quantities', NULL, NULL, 0.00, 0.00, 0.00, NULL, NULL),
(158, 'Travel Muara Teweh - Palangkaraya', NULL, 0.00, NULL, NULL, NULL, 0, '87203993217', '51032942604', 0, '0158', NULL, 350000.00, NULL, 1, NULL, NULL, NULL, NULL, 'can_be_purchased', NULL, NULL, NULL, NULL, NULL, NULL, 0, NULL, NULL, NULL, NULL, NULL, NULL, NULL, NULL, '', NULL, NULL, NULL, NULL, NULL, 0.00, NULL, NULL, NULL, 'ordered_quantities', NULL, NULL, 0.00, 0.00, 0.00, NULL, NULL);
INSERT INTO `tblitems` (`id`, `description`, `long_description`, `rate`, `tax`, `tax2`, `unit`, `group_id`, `commodity_code`, `commodity_barcode`, `unit_id`, `sku_code`, `sku_name`, `purchase_price`, `sub_group`, `active`, `parent_id`, `attributes`, `parent_attributes`, `can_be_sold`, `can_be_purchased`, `can_be_manufacturing`, `can_be_inventory`, `from_vendor_item`, `guarantee`, `profif_ratio`, `long_descriptions`, `without_checking_warehouse`, `series_id`, `warehouse_id`, `origin`, `color_id`, `style_id`, `model_id`, `size_id`, `commodity_type`, `commodity_name`, `color`, `product_type`, `description_internal_transfers`, `description_receipts`, `description_delivery_orders`, `customer_lead_time`, `replenish_on_order`, `supplier_taxes_id`, `description_sale`, `invoice_policy`, `purchase_unit_measure`, `manufacture`, `manufacturing_lead_time`, `weight`, `volume`, `hs_code`, `rate_currency_1`) VALUES
(159, 'Travel Palangkaraya - Samba', NULL, 0.00, NULL, NULL, NULL, 0, '37421944961', '31759386260', 0, '0159', NULL, 250000.00, NULL, 1, NULL, NULL, NULL, NULL, 'can_be_purchased', NULL, NULL, NULL, NULL, NULL, NULL, 0, NULL, NULL, NULL, NULL, NULL, NULL, NULL, NULL, '', NULL, NULL, NULL, NULL, NULL, 0.00, NULL, NULL, NULL, 'ordered_quantities', NULL, NULL, 0.00, 0.00, 0.00, NULL, NULL),
(160, 'Biaya Operasional', NULL, 0.00, NULL, NULL, NULL, 0, '56247637079', '36913325642', 0, '0160', NULL, 500000.00, NULL, 1, NULL, NULL, NULL, NULL, 'can_be_purchased', NULL, NULL, NULL, NULL, NULL, NULL, 0, NULL, NULL, NULL, NULL, NULL, NULL, NULL, NULL, '', NULL, NULL, NULL, NULL, NULL, 0.00, NULL, NULL, NULL, 'ordered_quantities', NULL, NULL, 0.00, 0.00, 0.00, NULL, NULL),
(161, 'Fuel all new avanza unit KH 1068 LF', NULL, 0.00, NULL, NULL, NULL, 0, '72723815125', '80537934243', 0, '0161', NULL, 10000.00, NULL, 1, NULL, NULL, NULL, NULL, 'can_be_purchased', NULL, NULL, NULL, NULL, NULL, NULL, 0, NULL, NULL, NULL, NULL, NULL, NULL, NULL, NULL, '', NULL, NULL, NULL, NULL, NULL, 0.00, NULL, NULL, NULL, 'ordered_quantities', NULL, NULL, 0.00, 0.00, 0.00, NULL, NULL),
(162, 'Reimburse fuel all new avanza unit KH 1068 LF', NULL, 0.00, NULL, NULL, NULL, 0, '91137010419', '40183669094', 0, '0162', NULL, 10000.00, NULL, 1, NULL, NULL, NULL, NULL, 'can_be_purchased', NULL, NULL, NULL, NULL, NULL, NULL, 0, NULL, NULL, NULL, NULL, NULL, NULL, NULL, NULL, '', NULL, NULL, NULL, NULL, NULL, 0.00, NULL, NULL, NULL, 'ordered_quantities', NULL, NULL, 0.00, 0.00, 0.00, NULL, NULL),
(163, 'Konsumsi 9 orang karyawan office 3x sehari untuk 5 hari', NULL, 0.00, NULL, NULL, NULL, 0, '46367768487', '15072250390', 0, '0163', NULL, 225000.00, NULL, 1, NULL, NULL, NULL, NULL, 'can_be_purchased', NULL, NULL, NULL, NULL, NULL, NULL, 0, NULL, NULL, NULL, NULL, NULL, NULL, NULL, NULL, '', NULL, NULL, NULL, NULL, NULL, 0.00, NULL, NULL, NULL, 'ordered_quantities', NULL, NULL, 0.00, 0.00, 0.00, NULL, NULL),
(164, 'Konsumsi 9 orang karyawan lapangan 1x sehari untuk lima hari', NULL, 0.00, NULL, NULL, NULL, 0, '10683568269', '73889140106', 0, '0164', NULL, 75000.00, NULL, 1, NULL, NULL, NULL, NULL, 'can_be_purchased', NULL, NULL, NULL, NULL, NULL, NULL, 0, NULL, NULL, NULL, NULL, NULL, NULL, NULL, NULL, '', NULL, NULL, NULL, NULL, NULL, 0.00, NULL, NULL, NULL, 'ordered_quantities', NULL, NULL, 0.00, 0.00, 0.00, NULL, NULL),
(165, 'Pengajuan Pelunasan Gaji Mantir dan Perangkat Desa Periode Gaji September - Desember 2024', NULL, 0.00, NULL, NULL, NULL, 0, '84616294084', '28445327993', 0, '0165', NULL, 11200000.00, NULL, 1, NULL, NULL, NULL, NULL, 'can_be_purchased', NULL, NULL, NULL, NULL, NULL, NULL, 0, NULL, NULL, NULL, NULL, NULL, NULL, NULL, NULL, '', NULL, NULL, NULL, NULL, NULL, 0.00, NULL, NULL, NULL, 'ordered_quantities', NULL, NULL, 0.00, 0.00, 0.00, NULL, NULL),
(166, 'Sewa & penalty charge periode 01-04-2025 sd 30-06-2025', NULL, 0.00, NULL, NULL, NULL, 0, '46900396432', '21616748896', 0, '0166', NULL, 57454488.00, NULL, 1, NULL, NULL, NULL, NULL, 'can_be_purchased', NULL, NULL, NULL, NULL, NULL, NULL, 0, NULL, NULL, NULL, NULL, NULL, NULL, NULL, NULL, '', NULL, NULL, NULL, NULL, NULL, 0.00, NULL, NULL, NULL, 'ordered_quantities', NULL, NULL, 0.00, 0.00, 0.00, NULL, NULL),
(167, 'Service charge periode 01-04-2025 sd 30-06-2025', NULL, 0.00, NULL, NULL, NULL, 0, '36328593728', '66195425404', 0, '0167', NULL, 29720250.00, NULL, 1, NULL, NULL, NULL, NULL, 'can_be_purchased', NULL, NULL, NULL, NULL, NULL, NULL, 0, NULL, NULL, NULL, NULL, NULL, NULL, NULL, NULL, '', NULL, NULL, NULL, NULL, NULL, 0.00, NULL, NULL, NULL, 'ordered_quantities', NULL, NULL, 0.00, 0.00, 0.00, NULL, NULL),
(168, 'Overtime 3 Jam tanggal 24-03-2025', NULL, 0.00, NULL, NULL, NULL, 0, '58139478217', '82345222469', 0, '0168', NULL, 832500.00, NULL, 1, NULL, NULL, NULL, NULL, 'can_be_purchased', NULL, NULL, NULL, NULL, NULL, NULL, 0, NULL, NULL, NULL, NULL, NULL, NULL, NULL, NULL, '', NULL, NULL, NULL, NULL, NULL, 0.00, NULL, NULL, NULL, 'ordered_quantities', NULL, NULL, 0.00, 0.00, 0.00, NULL, NULL),
(169, 'Reimburse maintenance mobil operasional Pak Glen', NULL, 0.00, NULL, NULL, NULL, 0, '53643497653', '56936777660', 0, '0169', NULL, 560000.00, NULL, 1, NULL, NULL, NULL, NULL, 'can_be_purchased', NULL, NULL, NULL, NULL, NULL, NULL, 0, NULL, NULL, NULL, NULL, NULL, NULL, NULL, NULL, '', NULL, NULL, NULL, NULL, NULL, 0.00, NULL, NULL, NULL, 'ordered_quantities', NULL, NULL, 0.00, 0.00, 0.00, NULL, NULL),
(170, 'Akomodasi ke Jakarta', NULL, 0.00, NULL, NULL, NULL, 0, '20401007518', '75467832605', 0, '0170', NULL, 1300000.00, NULL, 1, NULL, NULL, NULL, NULL, 'can_be_purchased', NULL, NULL, NULL, NULL, NULL, NULL, 0, NULL, NULL, NULL, NULL, NULL, NULL, NULL, NULL, '', NULL, NULL, NULL, NULL, NULL, 0.00, NULL, NULL, NULL, 'ordered_quantities', NULL, NULL, 0.00, 0.00, 0.00, NULL, NULL),
(171, 'Penginapan', NULL, 0.00, NULL, NULL, NULL, 0, '24458838391', '77145413868', 0, '0171', NULL, 450000.00, NULL, 1, NULL, NULL, NULL, NULL, 'can_be_purchased', NULL, NULL, NULL, NULL, NULL, NULL, 0, NULL, NULL, NULL, NULL, NULL, NULL, NULL, NULL, '', NULL, NULL, NULL, NULL, NULL, 0.00, NULL, NULL, NULL, 'ordered_quantities', NULL, NULL, 0.00, 0.00, 0.00, NULL, NULL),
(172, 'Pengajuan Dana Partisipasi Kegiatan Acara Paskah', NULL, 0.00, NULL, NULL, NULL, 0, '60642093773', '26491109976', 0, '0172', NULL, 15000000.00, NULL, 1, NULL, NULL, NULL, NULL, 'can_be_purchased', NULL, NULL, NULL, NULL, NULL, NULL, 0, NULL, NULL, NULL, NULL, NULL, NULL, NULL, NULL, '', NULL, NULL, NULL, NULL, NULL, 0.00, NULL, NULL, NULL, 'ordered_quantities', NULL, NULL, 0.00, 0.00, 0.00, NULL, NULL),
(173, 'Upah harian senso kayu matting', NULL, 0.00, NULL, NULL, NULL, 0, '51704550716', '46782535861', 0, '0173', NULL, 150000.00, NULL, 1, NULL, NULL, NULL, NULL, 'can_be_purchased', NULL, NULL, NULL, NULL, NULL, NULL, 0, NULL, NULL, NULL, NULL, NULL, NULL, NULL, NULL, '', NULL, NULL, NULL, NULL, NULL, 0.00, NULL, NULL, NULL, 'ordered_quantities', NULL, NULL, 0.00, 0.00, 0.00, NULL, NULL),
(174, 'Tiket Sampit - Jakarta', NULL, 0.00, NULL, NULL, NULL, 0, '40511367514', '13496070565', 0, '0174', NULL, 1600000.00, NULL, 1, NULL, NULL, NULL, NULL, 'can_be_purchased', NULL, NULL, NULL, NULL, NULL, NULL, 0, NULL, NULL, NULL, NULL, NULL, NULL, NULL, NULL, '', NULL, NULL, NULL, NULL, NULL, 0.00, NULL, NULL, NULL, 'ordered_quantities', NULL, NULL, 0.00, 0.00, 0.00, NULL, NULL),
(175, 'Akomodasi CGK - Karawang', NULL, 0.00, NULL, NULL, NULL, 0, '49440720513', '96535758773', 0, '0175', NULL, 200000.00, NULL, 1, NULL, NULL, NULL, NULL, 'can_be_purchased', NULL, NULL, NULL, NULL, NULL, NULL, 0, NULL, NULL, NULL, NULL, NULL, NULL, NULL, NULL, '', NULL, NULL, NULL, NULL, NULL, 0.00, NULL, NULL, NULL, 'ordered_quantities', NULL, NULL, 0.00, 0.00, 0.00, NULL, NULL),
(176, 'Akomodasi CGK - Bandung', NULL, 0.00, NULL, NULL, NULL, 0, '07070236997', '26391785896', 0, '0176', NULL, 200000.00, NULL, 1, NULL, NULL, NULL, NULL, 'can_be_purchased', NULL, NULL, NULL, NULL, NULL, NULL, 0, NULL, NULL, NULL, NULL, NULL, NULL, NULL, NULL, '', NULL, NULL, NULL, NULL, NULL, 0.00, NULL, NULL, NULL, 'ordered_quantities', NULL, NULL, 0.00, 0.00, 0.00, NULL, NULL),
(177, 'Akomodasi di Jakarta 30 April - 01 Mei 2025', NULL, 0.00, NULL, NULL, NULL, 0, '85403518589', '48675377531', 0, '0177', NULL, 1300000.00, NULL, 1, NULL, NULL, NULL, NULL, 'can_be_purchased', NULL, NULL, NULL, NULL, NULL, NULL, 0, NULL, NULL, NULL, NULL, NULL, NULL, NULL, NULL, '', NULL, NULL, NULL, NULL, NULL, 0.00, NULL, NULL, NULL, 'ordered_quantities', NULL, NULL, 0.00, 0.00, 0.00, NULL, NULL),
(178, 'Penginapan', NULL, 0.00, NULL, NULL, NULL, 0, '72350204224', '82799991098', 0, '0178', NULL, 450000.00, NULL, 1, NULL, NULL, NULL, NULL, 'can_be_purchased', NULL, NULL, NULL, NULL, NULL, NULL, 0, NULL, NULL, NULL, NULL, NULL, NULL, NULL, NULL, '', NULL, NULL, NULL, NULL, NULL, 0.00, NULL, NULL, NULL, 'ordered_quantities', NULL, NULL, 0.00, 0.00, 0.00, NULL, NULL),
(179, 'Token listrik', NULL, 0.00, NULL, NULL, NULL, 0, '53143474220', '91795041626', 0, '0179', NULL, 500000.00, NULL, 1, NULL, NULL, NULL, NULL, 'can_be_purchased', NULL, NULL, NULL, NULL, NULL, NULL, 0, NULL, NULL, NULL, NULL, NULL, NULL, NULL, NULL, '', NULL, NULL, NULL, NULL, NULL, 0.00, NULL, NULL, NULL, 'ordered_quantities', NULL, NULL, 0.00, 0.00, 0.00, NULL, NULL),
(180, 'Penginapan driver', NULL, 0.00, NULL, NULL, NULL, 0, '89105647379', '31278370491', 0, '0180', NULL, 350000.00, NULL, 1, NULL, NULL, NULL, NULL, 'can_be_purchased', NULL, NULL, NULL, NULL, NULL, NULL, 0, NULL, NULL, NULL, NULL, NULL, NULL, NULL, NULL, '', NULL, NULL, NULL, NULL, NULL, 0.00, NULL, NULL, NULL, 'ordered_quantities', NULL, NULL, 0.00, 0.00, 0.00, NULL, NULL),
(181, 'Uang Makan Driver', NULL, 0.00, NULL, NULL, NULL, 0, '76075174929', '14882066229', 0, '0181', NULL, 200000.00, NULL, 1, NULL, NULL, NULL, NULL, 'can_be_purchased', NULL, NULL, NULL, NULL, NULL, NULL, 0, NULL, NULL, NULL, NULL, NULL, NULL, NULL, NULL, '', NULL, NULL, NULL, NULL, NULL, 0.00, NULL, NULL, NULL, 'ordered_quantities', NULL, NULL, 0.00, 0.00, 0.00, NULL, NULL),
(182, 'pengajuan biaya bahan dapur di pit', NULL, 0.00, NULL, NULL, NULL, 0, '18628724103', '01103851457', 0, '0182', NULL, 4095000.00, NULL, 1, NULL, NULL, NULL, NULL, 'can_be_purchased', NULL, NULL, NULL, NULL, NULL, NULL, 0, NULL, NULL, NULL, NULL, NULL, NULL, NULL, NULL, '', NULL, NULL, NULL, NULL, NULL, 0.00, NULL, NULL, NULL, 'ordered_quantities', NULL, NULL, 0.00, 0.00, 0.00, NULL, NULL),
(183, 'air chemical', NULL, 0.00, NULL, NULL, NULL, 0, '52871693111', '90532464344', 0, '0183', NULL, 4440000.00, NULL, 1, NULL, NULL, NULL, NULL, 'can_be_purchased', NULL, NULL, NULL, NULL, NULL, NULL, 0, NULL, NULL, NULL, NULL, NULL, NULL, NULL, NULL, '', NULL, NULL, NULL, NULL, NULL, 0.00, NULL, NULL, NULL, 'ordered_quantities', NULL, NULL, 0.00, 0.00, 0.00, NULL, NULL),
(184, 'profil air 5000 liter', NULL, 0.00, NULL, NULL, NULL, 0, '97683777639', '33040265655', 0, '0184', NULL, 7500000.00, NULL, 1, NULL, NULL, NULL, NULL, 'can_be_purchased', NULL, NULL, NULL, NULL, NULL, NULL, 0, NULL, NULL, NULL, NULL, NULL, NULL, NULL, NULL, '', NULL, NULL, NULL, NULL, NULL, 0.00, NULL, NULL, NULL, 'ordered_quantities', NULL, NULL, 0.00, 0.00, 0.00, NULL, NULL),
(185, 'mesin pompa alkon', NULL, 0.00, NULL, NULL, NULL, 0, '26538549358', '22686638176', 0, '0185', NULL, 7000000.00, NULL, 1, NULL, NULL, NULL, NULL, 'can_be_purchased', NULL, NULL, NULL, NULL, NULL, NULL, 0, NULL, NULL, NULL, NULL, NULL, NULL, NULL, NULL, '', NULL, NULL, NULL, NULL, NULL, 0.00, NULL, NULL, NULL, 'ordered_quantities', NULL, NULL, 0.00, 0.00, 0.00, NULL, NULL),
(186, 'selang spiral', NULL, 0.00, NULL, NULL, NULL, 0, '27669098515', '10129334585', 0, '0186', NULL, 1300000.00, NULL, 1, NULL, NULL, NULL, NULL, 'can_be_purchased', NULL, NULL, NULL, NULL, NULL, NULL, 0, NULL, NULL, NULL, NULL, NULL, NULL, NULL, NULL, '', NULL, NULL, NULL, NULL, NULL, 0.00, NULL, NULL, NULL, 'ordered_quantities', NULL, NULL, 0.00, 0.00, 0.00, NULL, NULL),
(187, 'Detergen', NULL, 0.00, NULL, NULL, NULL, 0, '09874446967', '73957079431', 0, '0187', NULL, 20000.00, NULL, 1, NULL, NULL, NULL, NULL, 'can_be_purchased', NULL, NULL, NULL, NULL, NULL, NULL, 0, NULL, NULL, NULL, NULL, NULL, NULL, NULL, NULL, '', NULL, NULL, NULL, NULL, NULL, 0.00, NULL, NULL, NULL, 'ordered_quantities', NULL, NULL, 0.00, 0.00, 0.00, NULL, NULL),
(188, 'Pinjaman Pak Jangkung untuk servis/beli handphone', NULL, 0.00, NULL, NULL, NULL, 0, '82822759473', '79144075706', 0, '0188', NULL, 3000000.00, NULL, 1, NULL, NULL, NULL, NULL, 'can_be_purchased', NULL, NULL, NULL, NULL, NULL, NULL, 0, NULL, NULL, NULL, NULL, NULL, NULL, NULL, NULL, '', NULL, NULL, NULL, NULL, NULL, 0.00, NULL, NULL, NULL, 'ordered_quantities', NULL, NULL, 0.00, 0.00, 0.00, NULL, NULL),
(189, 'Kaca mata safety', NULL, 0.00, NULL, NULL, NULL, 0, '67149796872', '98735275595', 0, '0189', NULL, 65000.00, NULL, 1, NULL, NULL, NULL, NULL, 'can_be_purchased', NULL, NULL, NULL, NULL, NULL, NULL, 0, NULL, NULL, NULL, NULL, NULL, NULL, NULL, NULL, '', NULL, NULL, NULL, NULL, NULL, 0.00, NULL, NULL, NULL, 'ordered_quantities', NULL, NULL, 0.00, 0.00, 0.00, NULL, NULL),
(190, 'Pembelian karangan bunga atas meninggalnya Ayah dari Pak Jangkung', NULL, 0.00, NULL, NULL, NULL, 0, '12409721006', '45358359681', 0, '0190', NULL, 1000000.00, NULL, 1, NULL, NULL, NULL, NULL, 'can_be_purchased', NULL, NULL, NULL, NULL, NULL, NULL, 0, NULL, NULL, NULL, NULL, NULL, NULL, NULL, NULL, '', NULL, NULL, NULL, NULL, NULL, 0.00, NULL, NULL, NULL, 'ordered_quantities', NULL, NULL, 0.00, 0.00, 0.00, NULL, NULL),
(191, 'Konsumsi meeting dengan tamu tanggal 05-05-2025', NULL, 0.00, NULL, NULL, NULL, 0, '04162477089', '01040138798', 0, '0191', NULL, 500000.00, NULL, 1, NULL, NULL, NULL, NULL, 'can_be_purchased', NULL, NULL, NULL, NULL, NULL, NULL, 0, NULL, NULL, NULL, NULL, NULL, NULL, NULL, NULL, '', NULL, NULL, NULL, NULL, NULL, 0.00, NULL, NULL, NULL, 'ordered_quantities', NULL, NULL, 0.00, 0.00, 0.00, NULL, NULL),
(192, 'Akomodasi', NULL, 0.00, NULL, NULL, NULL, 0, '25645197543', '68131900333', 0, '0192', NULL, 1300000.00, NULL, 1, NULL, NULL, NULL, NULL, 'can_be_purchased', NULL, NULL, NULL, NULL, NULL, NULL, 0, NULL, NULL, NULL, NULL, NULL, NULL, NULL, NULL, '', NULL, NULL, NULL, NULL, NULL, 0.00, NULL, NULL, NULL, 'ordered_quantities', NULL, NULL, 0.00, 0.00, 0.00, NULL, NULL),
(193, 'Penginapan', NULL, 0.00, NULL, NULL, NULL, 0, '15584139832', '63927628893', 0, '0193', NULL, 450000.00, NULL, 1, NULL, NULL, NULL, NULL, 'can_be_purchased', NULL, NULL, NULL, NULL, NULL, NULL, 0, NULL, NULL, NULL, NULL, NULL, NULL, NULL, NULL, '', NULL, NULL, NULL, NULL, NULL, 0.00, NULL, NULL, NULL, 'ordered_quantities', NULL, NULL, 0.00, 0.00, 0.00, NULL, NULL),
(194, 'Fuel all new avanza unit KH 1071 LF', NULL, 0.00, NULL, NULL, NULL, 0, '47995711110', '49161355600', 0, '0194', NULL, 10000.00, NULL, 1, NULL, NULL, NULL, NULL, 'can_be_purchased', NULL, NULL, NULL, NULL, NULL, NULL, 0, NULL, NULL, NULL, NULL, NULL, NULL, NULL, NULL, '', NULL, NULL, NULL, NULL, NULL, 0.00, NULL, NULL, NULL, 'ordered_quantities', NULL, NULL, 0.00, 0.00, 0.00, NULL, NULL),
(195, 'Reimburse cuci steam', NULL, 0.00, NULL, NULL, NULL, 0, '87255271113', '70551938973', 0, '0195', NULL, 50000.00, NULL, 1, NULL, NULL, NULL, NULL, 'can_be_purchased', NULL, NULL, NULL, NULL, NULL, NULL, 0, NULL, NULL, NULL, NULL, NULL, NULL, NULL, NULL, '', NULL, NULL, NULL, NULL, NULL, 0.00, NULL, NULL, NULL, 'ordered_quantities', NULL, NULL, 0.00, 0.00, 0.00, NULL, NULL),
(196, 'Konsumsi 7 karyawan office selama 5 hari', NULL, 0.00, NULL, NULL, NULL, 0, '25496947935', '61182805162', 0, '0196', NULL, 225000.00, NULL, 1, NULL, NULL, NULL, NULL, 'can_be_purchased', NULL, NULL, NULL, NULL, NULL, NULL, 0, NULL, NULL, NULL, NULL, NULL, NULL, NULL, NULL, '', NULL, NULL, NULL, NULL, NULL, 0.00, NULL, NULL, NULL, 'ordered_quantities', NULL, NULL, 0.00, 0.00, 0.00, NULL, NULL),
(197, 'Konsumsi 9 karyawan lapangan selama 5 hari', NULL, 0.00, NULL, NULL, NULL, 0, '13937079502', '37847749058', 0, '0197', NULL, 75000.00, NULL, 1, NULL, NULL, NULL, NULL, 'can_be_purchased', NULL, NULL, NULL, NULL, NULL, NULL, 0, NULL, NULL, NULL, NULL, NULL, NULL, NULL, NULL, '', NULL, NULL, NULL, NULL, NULL, 0.00, NULL, NULL, NULL, 'ordered_quantities', NULL, NULL, 0.00, 0.00, 0.00, NULL, NULL),
(198, 'Oli transmisi alat berat', NULL, 0.00, NULL, NULL, NULL, 0, '32247961067', '76597029188', 0, '0198', NULL, 500000.00, NULL, 1, NULL, NULL, NULL, NULL, 'can_be_purchased', NULL, NULL, NULL, NULL, NULL, NULL, 0, NULL, NULL, NULL, NULL, NULL, NULL, NULL, NULL, '', NULL, NULL, NULL, NULL, NULL, 0.00, NULL, NULL, NULL, 'ordered_quantities', NULL, NULL, 0.00, 0.00, 0.00, NULL, NULL),
(199, 'Tiket Jakarta-Palangka PP', NULL, 0.00, NULL, NULL, NULL, 0, '72865866056', '64327724604', 0, '0199', NULL, 1500000.00, NULL, 1, NULL, NULL, NULL, NULL, 'can_be_purchased', NULL, NULL, NULL, NULL, NULL, NULL, 0, NULL, NULL, NULL, NULL, NULL, NULL, NULL, NULL, '', NULL, NULL, NULL, NULL, NULL, 0.00, NULL, NULL, NULL, 'ordered_quantities', NULL, NULL, 0.00, 0.00, 0.00, NULL, NULL),
(200, 'Operasional ke Site', NULL, 0.00, NULL, NULL, NULL, 0, '39880815189', '04642953012', 0, '0200', NULL, 3000000.00, NULL, 1, NULL, NULL, NULL, NULL, 'can_be_purchased', NULL, NULL, NULL, NULL, NULL, NULL, 0, NULL, NULL, NULL, NULL, NULL, NULL, NULL, NULL, '', NULL, NULL, NULL, NULL, NULL, 0.00, NULL, NULL, NULL, 'ordered_quantities', NULL, NULL, 0.00, 0.00, 0.00, NULL, NULL),
(201, 'Plang besi', NULL, 0.00, NULL, NULL, NULL, 0, '50728683852', '23706060423', 0, '0201', NULL, 2000000.00, NULL, 1, NULL, NULL, NULL, NULL, 'can_be_purchased', NULL, NULL, NULL, NULL, NULL, NULL, 0, NULL, NULL, NULL, NULL, NULL, NULL, NULL, NULL, '', NULL, NULL, NULL, NULL, NULL, 0.00, NULL, NULL, NULL, 'ordered_quantities', NULL, NULL, 0.00, 0.00, 0.00, NULL, NULL),
(202, 'Ongkos kirim', NULL, 0.00, NULL, NULL, NULL, 0, '02329163732', '08594038515', 0, '0202', NULL, 1000000.00, NULL, 1, NULL, NULL, NULL, NULL, 'can_be_purchased', NULL, NULL, NULL, NULL, NULL, NULL, 0, NULL, NULL, NULL, NULL, NULL, NULL, NULL, NULL, '', NULL, NULL, NULL, NULL, NULL, 0.00, NULL, NULL, NULL, 'ordered_quantities', NULL, NULL, 0.00, 0.00, 0.00, NULL, NULL),
(203, 'Sepatu safety', NULL, 0.00, NULL, NULL, NULL, 0, '94194400711', '71319086351', 0, '0203', NULL, 550000.00, NULL, 1, NULL, NULL, NULL, NULL, 'can_be_purchased', NULL, NULL, NULL, NULL, NULL, NULL, 0, NULL, NULL, NULL, NULL, NULL, NULL, NULL, NULL, '', NULL, NULL, NULL, NULL, NULL, 0.00, NULL, NULL, NULL, 'ordered_quantities', NULL, NULL, 0.00, 0.00, 0.00, NULL, NULL),
(204, 'Helm safety', NULL, 0.00, NULL, NULL, NULL, 0, '19004802167', '99878614826', 0, '0204', NULL, 50000.00, NULL, 1, NULL, NULL, NULL, NULL, 'can_be_purchased', NULL, NULL, NULL, NULL, NULL, NULL, 0, NULL, NULL, NULL, NULL, NULL, NULL, NULL, NULL, '', NULL, NULL, NULL, NULL, NULL, 0.00, NULL, NULL, NULL, 'ordered_quantities', NULL, NULL, 0.00, 0.00, 0.00, NULL, NULL),
(205, 'Maker', NULL, 0.00, NULL, NULL, NULL, 0, '95848520473', '98829217582', 0, '0205', NULL, 50000.00, NULL, 1, NULL, NULL, NULL, NULL, 'can_be_purchased', NULL, NULL, NULL, NULL, NULL, NULL, 0, NULL, NULL, NULL, NULL, NULL, NULL, NULL, NULL, '', NULL, NULL, NULL, NULL, NULL, 0.00, NULL, NULL, NULL, 'ordered_quantities', NULL, NULL, 0.00, 0.00, 0.00, NULL, NULL),
(206, 'Pengajuan biaya bahan dapur', NULL, 0.00, NULL, NULL, NULL, 0, '30674887075', '97540252251', 0, '0206', NULL, 4410000.00, NULL, 1, NULL, NULL, NULL, NULL, 'can_be_purchased', NULL, NULL, NULL, NULL, NULL, NULL, 0, NULL, NULL, NULL, NULL, NULL, NULL, NULL, NULL, '', NULL, NULL, NULL, NULL, NULL, 0.00, NULL, NULL, NULL, 'ordered_quantities', NULL, NULL, 0.00, 0.00, 0.00, NULL, NULL),
(207, 'Biaya makan', NULL, 0.00, NULL, NULL, NULL, 0, '60542958129', '75109534829', 0, '0207', NULL, 50000.00, NULL, 1, NULL, NULL, NULL, NULL, 'can_be_purchased', NULL, NULL, NULL, NULL, NULL, NULL, 0, NULL, NULL, NULL, NULL, NULL, NULL, NULL, NULL, '', NULL, NULL, NULL, NULL, NULL, 0.00, NULL, NULL, NULL, 'ordered_quantities', NULL, NULL, 0.00, 0.00, 0.00, NULL, NULL),
(208, 'Steam mobil', NULL, 0.00, NULL, NULL, NULL, 0, '52035686579', '05569361329', 0, '0208', NULL, 100000.00, NULL, 1, NULL, NULL, NULL, NULL, 'can_be_purchased', NULL, NULL, NULL, NULL, NULL, NULL, 0, NULL, NULL, NULL, NULL, NULL, NULL, NULL, NULL, '', NULL, NULL, NULL, NULL, NULL, 0.00, NULL, NULL, NULL, 'ordered_quantities', NULL, NULL, 0.00, 0.00, 0.00, NULL, NULL),
(209, 'Mesin jet steam', NULL, 0.00, NULL, NULL, NULL, 0, '75276306910', '94959888895', 0, '0209', NULL, 800000.00, NULL, 1, NULL, NULL, NULL, NULL, 'can_be_purchased', NULL, NULL, NULL, NULL, NULL, NULL, 0, NULL, NULL, NULL, NULL, NULL, NULL, NULL, NULL, '', NULL, NULL, NULL, NULL, NULL, 0.00, NULL, NULL, NULL, 'ordered_quantities', NULL, NULL, 0.00, 0.00, 0.00, NULL, NULL),
(210, 'Vacum cleaner mobil', NULL, 0.00, NULL, NULL, NULL, 0, '36028305746', '17157714778', 0, '0210', NULL, 200000.00, NULL, 1, NULL, NULL, NULL, NULL, 'can_be_purchased', NULL, NULL, NULL, NULL, NULL, NULL, 0, NULL, NULL, NULL, NULL, NULL, NULL, NULL, NULL, '', NULL, NULL, NULL, NULL, NULL, 0.00, NULL, NULL, NULL, 'ordered_quantities', NULL, NULL, 0.00, 0.00, 0.00, NULL, NULL),
(211, 'Fuel all new avanza', NULL, 0.00, NULL, NULL, NULL, 0, '81663157719', '82915301533', 0, '0211', NULL, 10000.00, NULL, 1, NULL, NULL, NULL, NULL, 'can_be_purchased', NULL, NULL, NULL, NULL, NULL, NULL, 0, NULL, NULL, NULL, NULL, NULL, NULL, NULL, NULL, '', NULL, NULL, NULL, NULL, NULL, 0.00, NULL, NULL, NULL, 'ordered_quantities', NULL, NULL, 0.00, 0.00, 0.00, NULL, NULL),
(212, 'Cuci steam', NULL, 0.00, NULL, NULL, NULL, 0, '11668642589', '75950793884', 0, '0212', NULL, 50000.00, NULL, 1, NULL, NULL, NULL, NULL, 'can_be_purchased', NULL, NULL, NULL, NULL, NULL, NULL, 0, NULL, NULL, NULL, NULL, NULL, NULL, NULL, NULL, '', NULL, NULL, NULL, NULL, NULL, 0.00, NULL, NULL, NULL, 'ordered_quantities', NULL, NULL, 0.00, 0.00, 0.00, NULL, NULL),
(213, 'Biaya penginapan', NULL, 0.00, NULL, NULL, NULL, 0, '09704646963', '61091766322', 0, '0213', NULL, 280000.00, NULL, 1, NULL, NULL, NULL, NULL, 'can_be_purchased', NULL, NULL, NULL, NULL, NULL, NULL, 0, NULL, NULL, NULL, NULL, NULL, NULL, NULL, NULL, '', NULL, NULL, NULL, NULL, NULL, 0.00, NULL, NULL, NULL, 'ordered_quantities', NULL, NULL, 0.00, 0.00, 0.00, NULL, NULL),
(214, 'Penginapan 6 Mei 2025', NULL, 0.00, NULL, NULL, NULL, 0, '17060310236', '53016533386', 0, '0214', NULL, 450000.00, NULL, 1, NULL, NULL, NULL, NULL, 'can_be_purchased', NULL, NULL, NULL, NULL, NULL, NULL, 0, NULL, NULL, NULL, NULL, NULL, NULL, NULL, NULL, '', NULL, NULL, NULL, NULL, NULL, 0.00, NULL, NULL, NULL, 'ordered_quantities', NULL, NULL, 0.00, 0.00, 0.00, NULL, NULL),
(215, 'Akomodasi 7 Mei 2025', NULL, 0.00, NULL, NULL, NULL, 0, '03533503697', '67259470106', 0, '0215', NULL, 1300000.00, NULL, 1, NULL, NULL, NULL, NULL, 'can_be_purchased', NULL, NULL, NULL, NULL, NULL, NULL, 0, NULL, NULL, NULL, NULL, NULL, NULL, NULL, NULL, '', NULL, NULL, NULL, NULL, NULL, 0.00, NULL, NULL, NULL, 'ordered_quantities', NULL, NULL, 0.00, 0.00, 0.00, NULL, NULL),
(216, 'Sewa Mobil Avanza KH 1068 LF', NULL, 0.00, NULL, NULL, NULL, 0, '56958944975', '47133931140', 0, '0216', NULL, 9900000.00, NULL, 1, NULL, NULL, NULL, NULL, 'can_be_purchased', NULL, NULL, NULL, NULL, NULL, NULL, 0, NULL, NULL, NULL, NULL, NULL, NULL, NULL, NULL, '', NULL, NULL, NULL, NULL, NULL, 0.00, NULL, NULL, NULL, 'ordered_quantities', NULL, NULL, 0.00, 0.00, 0.00, NULL, NULL),
(217, 'Mobil Toyota Avanza', NULL, 0.00, NULL, NULL, NULL, 0, '13773897672', '95471631372', 0, '0217', NULL, 9900000.00, NULL, 1, NULL, NULL, NULL, NULL, 'can_be_purchased', NULL, NULL, NULL, NULL, NULL, NULL, 0, NULL, NULL, NULL, NULL, NULL, NULL, NULL, NULL, '', NULL, NULL, NULL, NULL, NULL, 0.00, NULL, NULL, NULL, 'ordered_quantities', NULL, NULL, 0.00, 0.00, 0.00, NULL, NULL),
(218, 'Oli pertamina meditran SX', NULL, 0.00, NULL, NULL, NULL, 0, '40528814800', '82392488990', 0, '0218', NULL, 45000.00, NULL, 1, NULL, NULL, NULL, NULL, 'can_be_purchased', NULL, NULL, NULL, NULL, NULL, NULL, 0, NULL, NULL, NULL, NULL, NULL, NULL, NULL, NULL, '', NULL, NULL, NULL, NULL, NULL, 0.00, NULL, NULL, NULL, 'ordered_quantities', NULL, NULL, 0.00, 0.00, 0.00, NULL, NULL),
(219, 'Filter oli Donaldson J86-19009', NULL, 0.00, NULL, NULL, NULL, 0, '32639523657', '40283320694', 0, '0219', NULL, 500000.00, NULL, 1, NULL, NULL, NULL, NULL, 'can_be_purchased', NULL, NULL, NULL, NULL, NULL, NULL, 0, NULL, NULL, NULL, NULL, NULL, NULL, NULL, NULL, '', NULL, NULL, NULL, NULL, NULL, 0.00, NULL, NULL, NULL, 'ordered_quantities', NULL, NULL, 0.00, 0.00, 0.00, NULL, NULL),
(220, 'Fleetguard WF 2073', NULL, 0.00, NULL, NULL, NULL, 0, '36109479374', '45054404815', 0, '0220', NULL, 150000.00, NULL, 1, NULL, NULL, NULL, NULL, 'can_be_purchased', NULL, NULL, NULL, NULL, NULL, NULL, 0, NULL, NULL, NULL, NULL, NULL, NULL, NULL, NULL, '', NULL, NULL, NULL, NULL, NULL, 0.00, NULL, NULL, NULL, 'ordered_quantities', NULL, NULL, 0.00, 0.00, 0.00, NULL, NULL),
(221, 'Pengurusan surat', NULL, 0.00, NULL, NULL, NULL, 0, '90635907019', '10878815188', 0, '0221', NULL, 1500000.00, NULL, 1, NULL, NULL, NULL, NULL, 'can_be_purchased', NULL, NULL, NULL, NULL, NULL, NULL, 0, NULL, NULL, NULL, NULL, NULL, NULL, NULL, NULL, '', NULL, NULL, NULL, NULL, NULL, 0.00, NULL, NULL, NULL, 'ordered_quantities', NULL, NULL, 0.00, 0.00, 0.00, NULL, NULL),
(222, 'Operasional Pengurusan', NULL, 0.00, NULL, NULL, NULL, 0, '47866671212', '33694369665', 0, '0222', NULL, 200000.00, NULL, 1, NULL, NULL, NULL, NULL, 'can_be_purchased', NULL, NULL, NULL, NULL, NULL, NULL, 0, NULL, NULL, NULL, NULL, NULL, NULL, NULL, NULL, '', NULL, NULL, NULL, NULL, NULL, 0.00, NULL, NULL, NULL, 'ordered_quantities', NULL, NULL, 0.00, 0.00, 0.00, NULL, NULL),
(223, 'Sewa senso satu hari', NULL, 0.00, NULL, NULL, NULL, 0, '24614458349', '86758440777', 0, '0223', NULL, 150000.00, NULL, 1, NULL, NULL, NULL, NULL, 'can_be_purchased', NULL, NULL, NULL, NULL, NULL, NULL, 0, NULL, NULL, NULL, NULL, NULL, NULL, NULL, NULL, '', NULL, NULL, NULL, NULL, NULL, 0.00, NULL, NULL, NULL, 'ordered_quantities', NULL, NULL, 0.00, 0.00, 0.00, NULL, NULL),
(224, 'Fuel senso', NULL, 0.00, NULL, NULL, NULL, 0, '13948149821', '67076195514', 0, '0224', NULL, 10000.00, NULL, 1, NULL, NULL, NULL, NULL, 'can_be_purchased', NULL, NULL, NULL, NULL, NULL, NULL, 0, NULL, NULL, NULL, NULL, NULL, NULL, NULL, NULL, '', NULL, NULL, NULL, NULL, NULL, 0.00, NULL, NULL, NULL, 'ordered_quantities', NULL, NULL, 0.00, 0.00, 0.00, NULL, NULL),
(225, 'Pertalite', NULL, 0.00, NULL, NULL, NULL, 0, '16347039111', '27571803475', 0, '0225', NULL, 14000.00, NULL, 1, NULL, NULL, NULL, NULL, 'can_be_purchased', NULL, NULL, NULL, NULL, NULL, NULL, 0, NULL, NULL, NULL, NULL, NULL, NULL, NULL, NULL, '', NULL, NULL, NULL, NULL, NULL, 0.00, NULL, NULL, NULL, 'ordered_quantities', NULL, NULL, 0.00, 0.00, 0.00, NULL, NULL),
(226, 'Pembelian latrit', NULL, 0.00, NULL, NULL, NULL, 0, '09420716104', '31117441775', 0, '0226', NULL, 750000.00, NULL, 1, NULL, NULL, NULL, NULL, 'can_be_purchased', NULL, NULL, NULL, NULL, NULL, NULL, 0, NULL, NULL, NULL, NULL, NULL, NULL, NULL, NULL, '', NULL, NULL, NULL, NULL, NULL, 0.00, NULL, NULL, NULL, 'ordered_quantities', NULL, NULL, 0.00, 0.00, 0.00, NULL, NULL),
(227, 'Konsumsi 5 hari karyawan office', NULL, 0.00, NULL, NULL, NULL, 0, '21078401887', '94110060709', 0, '0227', NULL, 225000.00, NULL, 1, NULL, NULL, NULL, NULL, 'can_be_purchased', NULL, NULL, NULL, NULL, NULL, NULL, 0, NULL, NULL, NULL, NULL, NULL, NULL, NULL, NULL, '', NULL, NULL, NULL, NULL, NULL, 0.00, NULL, NULL, NULL, 'ordered_quantities', NULL, NULL, 0.00, 0.00, 0.00, NULL, NULL),
(228, 'Konsumsi 5 hari karyawan lapangan 1x makan sehari', NULL, 0.00, NULL, NULL, NULL, 0, '31122031824', '69135644470', 0, '0228', NULL, 75000.00, NULL, 1, NULL, NULL, NULL, NULL, 'can_be_purchased', NULL, NULL, NULL, NULL, NULL, NULL, 0, NULL, NULL, NULL, NULL, NULL, NULL, NULL, NULL, '', NULL, NULL, NULL, NULL, NULL, 0.00, NULL, NULL, NULL, 'ordered_quantities', NULL, NULL, 0.00, 0.00, 0.00, NULL, NULL),
(229, 'Reimburse Fuel', NULL, 0.00, NULL, NULL, NULL, 0, '23944723940', '05660091796', 0, '0229', NULL, 10000.00, NULL, 1, NULL, NULL, NULL, NULL, 'can_be_purchased', NULL, NULL, NULL, NULL, NULL, NULL, 0, NULL, NULL, NULL, NULL, NULL, NULL, NULL, NULL, '', NULL, NULL, NULL, NULL, NULL, 0.00, NULL, NULL, NULL, 'ordered_quantities', NULL, NULL, 0.00, 0.00, 0.00, NULL, NULL),
(230, 'Pembelian fuel', NULL, 0.00, NULL, NULL, NULL, 0, '11616869732', '44548256434', 0, '0230', NULL, 10000.00, NULL, 1, NULL, NULL, NULL, NULL, 'can_be_purchased', NULL, NULL, NULL, NULL, NULL, NULL, 0, NULL, NULL, NULL, NULL, NULL, NULL, NULL, NULL, '', NULL, NULL, NULL, NULL, NULL, 0.00, NULL, NULL, NULL, 'ordered_quantities', NULL, NULL, 0.00, 0.00, 0.00, NULL, NULL),
(231, 'Kertas HVS', NULL, 0.00, NULL, NULL, NULL, 0, '92626599042', '97519859567', 0, '0231', NULL, 60000.00, NULL, 1, NULL, NULL, NULL, NULL, 'can_be_purchased', NULL, NULL, NULL, NULL, NULL, NULL, 0, NULL, NULL, NULL, NULL, NULL, NULL, NULL, NULL, '', NULL, NULL, NULL, NULL, NULL, 0.00, NULL, NULL, NULL, 'ordered_quantities', NULL, NULL, 0.00, 0.00, 0.00, NULL, NULL),
(232, 'Service printer', NULL, 0.00, NULL, NULL, NULL, 0, '50370199943', '45152338898', 0, '0232', NULL, 500000.00, NULL, 1, NULL, NULL, NULL, NULL, 'can_be_purchased', NULL, NULL, NULL, NULL, NULL, NULL, 0, NULL, NULL, NULL, NULL, NULL, NULL, NULL, NULL, '', NULL, NULL, NULL, NULL, NULL, 0.00, NULL, NULL, NULL, 'ordered_quantities', NULL, NULL, 0.00, 0.00, 0.00, NULL, NULL),
(233, 'Token listrik mess', NULL, 0.00, NULL, NULL, NULL, 0, '83129803293', '36119913193', 0, '0233', NULL, 500000.00, NULL, 1, NULL, NULL, NULL, NULL, 'can_be_purchased', NULL, NULL, NULL, NULL, NULL, NULL, 0, NULL, NULL, NULL, NULL, NULL, NULL, NULL, NULL, '', NULL, NULL, NULL, NULL, NULL, 0.00, NULL, NULL, NULL, 'ordered_quantities', NULL, NULL, 0.00, 0.00, 0.00, NULL, NULL),
(234, 'Cemical', NULL, 0.00, NULL, NULL, NULL, 0, '83889119502', '90490383277', 0, '0234', NULL, 4440000.00, NULL, 1, NULL, NULL, NULL, NULL, 'can_be_purchased', NULL, NULL, NULL, NULL, NULL, NULL, 0, NULL, NULL, NULL, NULL, NULL, NULL, NULL, NULL, '', NULL, NULL, NULL, NULL, NULL, 0.00, NULL, NULL, NULL, 'ordered_quantities', NULL, NULL, 0.00, 0.00, 0.00, NULL, NULL),
(235, 'Daia bubuk 250g', NULL, 0.00, NULL, NULL, NULL, 0, '48544812638', '73416108113', 0, '0235', NULL, 250000.00, NULL, 1, NULL, NULL, NULL, NULL, 'can_be_purchased', NULL, NULL, NULL, NULL, NULL, NULL, 0, NULL, NULL, NULL, NULL, NULL, NULL, NULL, NULL, '', NULL, NULL, NULL, NULL, NULL, 0.00, NULL, NULL, NULL, 'ordered_quantities', NULL, NULL, 0.00, 0.00, 0.00, NULL, NULL),
(236, 'Biaya pengiriman 2 Drum Chemical dari Jetty ke Marak', NULL, 0.00, NULL, NULL, NULL, 0, '66890297656', '99093526060', 0, '0236', NULL, 200000.00, NULL, 1, NULL, NULL, NULL, NULL, 'can_be_purchased', NULL, NULL, NULL, NULL, NULL, NULL, 0, NULL, NULL, NULL, NULL, NULL, NULL, NULL, NULL, '', NULL, NULL, NULL, NULL, NULL, 0.00, NULL, NULL, NULL, 'ordered_quantities', NULL, NULL, 0.00, 0.00, 0.00, NULL, NULL),
(237, 'Kasbon Gaji - Alfian (bayar kontrakan, parkir kantor)', NULL, 0.00, NULL, NULL, NULL, 0, '24818927395', '43092678238', 0, '0237', NULL, 3000000.00, NULL, 1, NULL, NULL, NULL, NULL, 'can_be_purchased', NULL, NULL, NULL, NULL, NULL, NULL, 0, NULL, NULL, NULL, NULL, NULL, NULL, NULL, NULL, '', NULL, NULL, NULL, NULL, NULL, 0.00, NULL, NULL, NULL, 'ordered_quantities', NULL, NULL, 0.00, 0.00, 0.00, NULL, NULL),
(238, 'Biaya penginapan', NULL, 0.00, NULL, NULL, NULL, 0, '52027127530', '27022716483', 0, '0238', NULL, 400000.00, NULL, 1, NULL, NULL, NULL, NULL, 'can_be_purchased', NULL, NULL, NULL, NULL, NULL, NULL, 0, NULL, NULL, NULL, NULL, NULL, NULL, NULL, NULL, '', NULL, NULL, NULL, NULL, NULL, 0.00, NULL, NULL, NULL, 'ordered_quantities', NULL, NULL, 0.00, 0.00, 0.00, NULL, NULL),
(239, 'Biaya makan', NULL, 0.00, NULL, NULL, NULL, 0, '41669041023', '30755748712', 0, '0239', NULL, 45000.00, NULL, 1, NULL, NULL, NULL, NULL, 'can_be_purchased', NULL, NULL, NULL, NULL, NULL, NULL, 0, NULL, NULL, NULL, NULL, NULL, NULL, NULL, NULL, '', NULL, NULL, NULL, NULL, NULL, 0.00, NULL, NULL, NULL, 'ordered_quantities', NULL, NULL, 0.00, 0.00, 0.00, NULL, NULL),
(240, 'biaya bensin pp jogja-bandung', NULL, 0.00, NULL, NULL, NULL, 0, '60215625890', '09149940116', 0, '0240', NULL, 1000000.00, NULL, 1, NULL, NULL, NULL, NULL, 'can_be_purchased', NULL, NULL, NULL, NULL, NULL, NULL, 0, NULL, NULL, NULL, NULL, NULL, NULL, NULL, NULL, '', NULL, NULL, NULL, NULL, NULL, 0.00, NULL, NULL, NULL, 'ordered_quantities', NULL, NULL, 0.00, 0.00, 0.00, NULL, NULL),
(241, 'Tol PP jogja bandung', NULL, 0.00, NULL, NULL, NULL, 0, '86755994292', '03520133655', 0, '0241', NULL, 1200000.00, NULL, 1, NULL, NULL, NULL, NULL, 'can_be_purchased', NULL, NULL, NULL, NULL, NULL, NULL, 0, NULL, NULL, NULL, NULL, NULL, NULL, NULL, NULL, '', NULL, NULL, NULL, NULL, NULL, 0.00, NULL, NULL, NULL, 'ordered_quantities', NULL, NULL, 0.00, 0.00, 0.00, NULL, NULL),
(242, 'Hotel 3 malam @450rb', NULL, 0.00, NULL, NULL, NULL, 0, '15055997623', '31624185610', 0, '0242', NULL, 1350000.00, NULL, 1, NULL, NULL, NULL, NULL, 'can_be_purchased', NULL, NULL, NULL, NULL, NULL, NULL, 0, NULL, NULL, NULL, NULL, NULL, NULL, NULL, NULL, '', NULL, NULL, NULL, NULL, NULL, 0.00, NULL, NULL, NULL, 'ordered_quantities', NULL, NULL, 0.00, 0.00, 0.00, NULL, NULL),
(243, 'uang operasional 3 hari', '', 0.00, 0, NULL, 'Pieces', 0, '49650639421', '85231472394', 9, '0243', '', 450000.00, '12', 1, NULL, NULL, NULL, NULL, 'can_be_purchased', NULL, NULL, NULL, NULL, NULL, NULL, 0, NULL, NULL, NULL, NULL, NULL, NULL, NULL, NULL, '', NULL, NULL, NULL, NULL, NULL, 0.00, NULL, NULL, NULL, 'ordered_quantities', NULL, NULL, 0.00, 0.00, 0.00, NULL, NULL),
(244, 'Kasbon Gaji-Deden Supriadi', NULL, 0.00, NULL, NULL, NULL, 0, '51034881827', '66618958253', 0, '0244', NULL, 1000000.00, NULL, 1, NULL, NULL, NULL, NULL, 'can_be_purchased', NULL, NULL, NULL, NULL, NULL, NULL, 0, NULL, NULL, NULL, NULL, NULL, NULL, NULL, NULL, '', NULL, NULL, NULL, NULL, NULL, 0.00, NULL, NULL, NULL, 'ordered_quantities', NULL, NULL, 0.00, 0.00, 0.00, NULL, NULL),
(245, 'Fuel', NULL, 0.00, NULL, NULL, NULL, 0, '70069264133', '49037347861', 0, '0245', NULL, 15000.00, NULL, 1, NULL, NULL, NULL, NULL, 'can_be_purchased', NULL, NULL, NULL, NULL, NULL, NULL, 0, NULL, NULL, NULL, NULL, NULL, NULL, NULL, NULL, '', NULL, NULL, NULL, NULL, NULL, 0.00, NULL, NULL, NULL, 'ordered_quantities', NULL, NULL, 0.00, 0.00, 0.00, NULL, NULL),
(246, 'Akomodasi', NULL, 0.00, NULL, NULL, NULL, 0, '37508122989', '56229357155', 0, '0246', NULL, 1300000.00, NULL, 1, NULL, NULL, NULL, NULL, 'can_be_purchased', NULL, NULL, NULL, NULL, NULL, NULL, 0, NULL, NULL, NULL, NULL, NULL, NULL, NULL, NULL, '', NULL, NULL, NULL, NULL, NULL, 0.00, NULL, NULL, NULL, 'ordered_quantities', NULL, NULL, 0.00, 0.00, 0.00, NULL, NULL),
(247, 'Penginapan', NULL, 0.00, NULL, NULL, NULL, 0, '23964435487', '44405763652', 0, '0247', NULL, 450000.00, NULL, 1, NULL, NULL, NULL, NULL, 'can_be_purchased', NULL, NULL, NULL, NULL, NULL, NULL, 0, NULL, NULL, NULL, NULL, NULL, NULL, NULL, NULL, '', NULL, NULL, NULL, NULL, NULL, 0.00, NULL, NULL, NULL, 'ordered_quantities', NULL, NULL, 0.00, 0.00, 0.00, NULL, NULL),
(248, 'Akomodasi admin subang meeting di Jakarta tanggal 14 Mei', NULL, 0.00, NULL, NULL, NULL, 0, '70308030917', '18451831979', 0, '0248', NULL, 750000.00, NULL, 1, NULL, NULL, NULL, NULL, 'can_be_purchased', NULL, NULL, NULL, NULL, NULL, NULL, 0, NULL, NULL, NULL, NULL, NULL, NULL, NULL, NULL, '', NULL, NULL, NULL, NULL, NULL, 0.00, NULL, NULL, NULL, 'ordered_quantities', NULL, NULL, 0.00, 0.00, 0.00, NULL, NULL),
(249, 'Akomodasi admin subang meeting di Jakarta tanggal 14 Mei', NULL, 0.00, NULL, NULL, NULL, 0, '13353586838', '10923992381', 0, '0249', NULL, 750000.00, NULL, 1, NULL, NULL, NULL, NULL, 'can_be_purchased', NULL, NULL, NULL, NULL, NULL, NULL, 0, NULL, NULL, NULL, NULL, NULL, NULL, NULL, NULL, '', NULL, NULL, NULL, NULL, NULL, 0.00, NULL, NULL, NULL, 'ordered_quantities', NULL, NULL, 0.00, 0.00, 0.00, NULL, NULL),
(250, 'Pengajuan biaya bahan dapur', NULL, 0.00, NULL, NULL, NULL, 0, '65763897173', '52622307679', 0, '0250', NULL, 4410000.00, NULL, 1, NULL, NULL, NULL, NULL, 'can_be_purchased', NULL, NULL, NULL, NULL, NULL, NULL, 0, NULL, NULL, NULL, NULL, NULL, NULL, NULL, NULL, '', NULL, NULL, NULL, NULL, NULL, 0.00, NULL, NULL, NULL, 'ordered_quantities', NULL, NULL, 0.00, 0.00, 0.00, NULL, NULL),
(251, 'Biaya tiket & operasional Pak Santosa ke Jakarta', NULL, 0.00, NULL, NULL, NULL, 0, '08836910256', '95891276113', 0, '0251', NULL, 1600000.00, NULL, 1, NULL, NULL, NULL, NULL, 'can_be_purchased', NULL, NULL, NULL, NULL, NULL, NULL, 0, NULL, NULL, NULL, NULL, NULL, NULL, NULL, NULL, '', NULL, NULL, NULL, NULL, NULL, 0.00, NULL, NULL, NULL, 'ordered_quantities', NULL, NULL, 0.00, 0.00, 0.00, NULL, NULL),
(252, 'Konsumsi meeting di Kantor Jakarta', NULL, 0.00, NULL, NULL, NULL, 0, '59358180876', '67856251212', 0, '0252', NULL, 1500000.00, NULL, 1, NULL, NULL, NULL, NULL, 'can_be_purchased', NULL, NULL, NULL, NULL, NULL, NULL, 0, NULL, NULL, NULL, NULL, NULL, NULL, NULL, NULL, '', NULL, NULL, NULL, NULL, NULL, 0.00, NULL, NULL, NULL, 'ordered_quantities', NULL, NULL, 0.00, 0.00, 0.00, NULL, NULL),
(253, 'Konsumsi Admin di Jakarta 14 Mei 2025', NULL, 0.00, NULL, NULL, NULL, 0, '50736580360', '73979800374', 0, '0253', NULL, 350000.00, NULL, 1, NULL, NULL, NULL, NULL, 'can_be_purchased', NULL, NULL, NULL, NULL, NULL, NULL, 0, NULL, NULL, NULL, NULL, NULL, NULL, NULL, NULL, '', NULL, NULL, NULL, NULL, NULL, 0.00, NULL, NULL, NULL, 'ordered_quantities', NULL, NULL, 0.00, 0.00, 0.00, NULL, NULL),
(254, 'Biaya tiket & operasional Pak Yanto ke Jakarta', NULL, 0.00, NULL, NULL, NULL, 0, '42025348022', '12213514403', 0, '0254', NULL, 1600000.00, NULL, 1, NULL, NULL, NULL, NULL, 'can_be_purchased', NULL, NULL, NULL, NULL, NULL, NULL, 0, NULL, NULL, NULL, NULL, NULL, NULL, NULL, NULL, '', NULL, NULL, NULL, NULL, NULL, 0.00, NULL, NULL, NULL, 'ordered_quantities', NULL, NULL, 0.00, 0.00, 0.00, NULL, NULL),
(255, 'Biaya Pengurusan Ijin Jalur Kabuo', NULL, 0.00, NULL, NULL, NULL, 0, '11764404660', '39020796603', 0, '0255', NULL, 1.00, NULL, 1, NULL, NULL, NULL, NULL, 'can_be_purchased', NULL, NULL, NULL, NULL, NULL, NULL, 0, NULL, NULL, NULL, NULL, NULL, NULL, NULL, NULL, '', NULL, NULL, NULL, NULL, NULL, 0.00, NULL, NULL, NULL, 'ordered_quantities', NULL, NULL, 0.00, 0.00, 0.00, NULL, NULL),
(256, 'pengajuan tiket dan akomodasi bang Samsul ke site', NULL, 0.00, NULL, NULL, NULL, 0, '52067093992', '46770271161', 0, '0256', NULL, 10000000.00, NULL, 1, NULL, NULL, NULL, NULL, 'can_be_purchased', NULL, NULL, NULL, NULL, NULL, NULL, 0, NULL, NULL, NULL, NULL, NULL, NULL, NULL, NULL, '', NULL, NULL, NULL, NULL, NULL, 0.00, NULL, NULL, NULL, 'ordered_quantities', NULL, NULL, 0.00, 0.00, 0.00, NULL, NULL),
(257, 'PSA batu bara di Stockpile PIT Tumbang Hangei - TRIBHAKTI', NULL, 0.00, NULL, NULL, NULL, 0, '78154336582', '03451909402', 0, '0257', NULL, 19647000.00, NULL, 1, NULL, NULL, NULL, NULL, 'can_be_purchased', NULL, NULL, NULL, NULL, NULL, NULL, 0, NULL, NULL, NULL, NULL, NULL, NULL, NULL, NULL, '', NULL, NULL, NULL, NULL, NULL, 0.00, NULL, NULL, NULL, 'ordered_quantities', NULL, NULL, 0.00, 0.00, 0.00, NULL, NULL),
(258, 'Pinjaman Wiradisastra untuk pengobatan mata', NULL, 0.00, NULL, NULL, NULL, 0, '65016541316', '74354988377', 0, '0258', NULL, 40000000.00, NULL, 1, NULL, NULL, NULL, NULL, 'can_be_purchased', NULL, NULL, NULL, NULL, NULL, NULL, 0, NULL, NULL, NULL, NULL, NULL, NULL, NULL, NULL, '', NULL, NULL, NULL, NULL, NULL, 0.00, NULL, NULL, NULL, 'ordered_quantities', NULL, NULL, 0.00, 0.00, 0.00, NULL, NULL),
(259, 'Operasional Kantor Jakarta', NULL, 0.00, NULL, NULL, NULL, 0, '72128303227', '38640485043', 0, '0259', NULL, 1000000.00, NULL, 1, NULL, NULL, NULL, NULL, 'can_be_purchased', NULL, NULL, NULL, NULL, NULL, NULL, 0, NULL, NULL, NULL, NULL, NULL, NULL, NULL, NULL, '', NULL, NULL, NULL, NULL, NULL, 0.00, NULL, NULL, NULL, 'ordered_quantities', NULL, NULL, 0.00, 0.00, 0.00, NULL, NULL),
(260, 'Permohonan untuk perbaikan laptop, Hp Omen bekas pemakaian Pak Bedi', NULL, 0.00, NULL, NULL, NULL, 0, '53868399428', '23822807482', 0, '0260', NULL, 4350000.00, NULL, 1, NULL, NULL, NULL, NULL, 'can_be_purchased', NULL, NULL, NULL, NULL, NULL, NULL, 0, NULL, NULL, NULL, NULL, NULL, NULL, NULL, NULL, '', NULL, NULL, NULL, NULL, NULL, 0.00, NULL, NULL, NULL, 'ordered_quantities', NULL, NULL, 0.00, 0.00, 0.00, NULL, NULL),
(261, 'Pengajuan CSR HUT SMAN-1 cempaga ', NULL, 0.00, NULL, NULL, NULL, 0, '62849751509', '12633140286', 0, '0261', NULL, 2000000.00, NULL, 1, NULL, NULL, NULL, NULL, 'can_be_purchased', NULL, NULL, NULL, NULL, NULL, NULL, 0, NULL, NULL, NULL, NULL, NULL, NULL, NULL, NULL, '', NULL, NULL, NULL, NULL, NULL, 0.00, NULL, NULL, NULL, 'ordered_quantities', NULL, NULL, 0.00, 0.00, 0.00, NULL, NULL),
(262, 'Konsumsi 9 orang karyawan office lima hari', NULL, 0.00, NULL, NULL, NULL, 0, '21831912303', '39768606171', 0, '0262', NULL, 225000.00, NULL, 1, NULL, NULL, NULL, NULL, 'can_be_purchased', NULL, NULL, NULL, NULL, NULL, NULL, 0, NULL, NULL, NULL, NULL, NULL, NULL, NULL, NULL, '', NULL, NULL, NULL, NULL, NULL, 0.00, NULL, NULL, NULL, 'ordered_quantities', NULL, NULL, 0.00, 0.00, 0.00, NULL, NULL),
(263, 'Konsumsi 9 orang karyawan lapangan lima hari', NULL, 0.00, NULL, NULL, NULL, 0, '84144007448', '80436948104', 0, '0263', NULL, 75000.00, NULL, 1, NULL, NULL, NULL, NULL, 'can_be_purchased', NULL, NULL, NULL, NULL, NULL, NULL, 0, NULL, NULL, NULL, NULL, NULL, NULL, NULL, NULL, '', NULL, NULL, NULL, NULL, NULL, 0.00, NULL, NULL, NULL, 'ordered_quantities', NULL, NULL, 0.00, 0.00, 0.00, NULL, NULL),
(264, 'Reimburse Bensin dan Tol Operasional Pak Unggul ke subang Tanggal 5 Mei', NULL, 0.00, NULL, NULL, NULL, 0, '16354032565', '40997587591', 0, '0264', NULL, 624000.00, NULL, 1, NULL, NULL, NULL, NULL, 'can_be_purchased', NULL, NULL, NULL, NULL, NULL, NULL, 0, NULL, NULL, NULL, NULL, NULL, NULL, NULL, NULL, '', NULL, NULL, NULL, NULL, NULL, 0.00, NULL, NULL, NULL, 'ordered_quantities', NULL, NULL, 0.00, 0.00, 0.00, NULL, NULL),
(265, 'Tiket Pak Santosa & Pak Yanto (JKT-PKY 16052025)', NULL, 0.00, NULL, NULL, NULL, 0, '53556647437', '86267143003', 0, '0265', NULL, 1650000.00, NULL, 1, NULL, NULL, NULL, NULL, 'can_be_purchased', NULL, NULL, NULL, NULL, NULL, NULL, 0, NULL, NULL, NULL, NULL, NULL, NULL, NULL, NULL, '', NULL, NULL, NULL, NULL, NULL, 0.00, NULL, NULL, NULL, 'ordered_quantities', NULL, NULL, 0.00, 0.00, 0.00, NULL, NULL),
(266, 'Penginapan 15 mei 2025', NULL, 0.00, NULL, NULL, NULL, 0, '77715585057', '14829867174', 0, '0266', NULL, 450000.00, NULL, 1, NULL, NULL, NULL, NULL, 'can_be_purchased', NULL, NULL, NULL, NULL, NULL, NULL, 0, NULL, NULL, NULL, NULL, NULL, NULL, NULL, NULL, '', NULL, NULL, NULL, NULL, NULL, 0.00, NULL, NULL, NULL, 'ordered_quantities', NULL, NULL, 0.00, 0.00, 0.00, NULL, NULL),
(267, 'Akomodasi 16 mei 2025', NULL, 0.00, NULL, NULL, NULL, 0, '22519144273', '55118329734', 0, '0267', NULL, 1300000.00, NULL, 1, NULL, NULL, NULL, NULL, 'can_be_purchased', NULL, NULL, NULL, NULL, NULL, NULL, 0, NULL, NULL, NULL, NULL, NULL, NULL, NULL, NULL, '', NULL, NULL, NULL, NULL, NULL, 0.00, NULL, NULL, NULL, 'ordered_quantities', NULL, NULL, 0.00, 0.00, 0.00, NULL, NULL),
(268, 'Akomodasi, penginapan di Jakarta, dan transport ke Site Hangei', NULL, 0.00, NULL, NULL, NULL, 0, '59028008048', '40612092835', 0, '0268', NULL, 3350000.00, NULL, 1, NULL, NULL, NULL, NULL, 'can_be_purchased', NULL, NULL, NULL, NULL, NULL, NULL, 0, NULL, NULL, NULL, NULL, NULL, NULL, NULL, NULL, '', NULL, NULL, NULL, NULL, NULL, 0.00, NULL, NULL, NULL, 'ordered_quantities', NULL, NULL, 0.00, 0.00, 0.00, NULL, NULL),
(269, 'pengajuan tambahan dana taktis pak glen', NULL, 0.00, NULL, NULL, NULL, 0, '96963790702', '82431539437', 0, '0269', NULL, 100000000.00, NULL, 1, NULL, NULL, NULL, NULL, 'can_be_purchased', NULL, NULL, NULL, NULL, NULL, NULL, 0, NULL, NULL, NULL, NULL, NULL, NULL, NULL, NULL, '', NULL, NULL, NULL, NULL, NULL, 0.00, NULL, NULL, NULL, 'ordered_quantities', NULL, NULL, 0.00, 0.00, 0.00, NULL, NULL),
(270, 'pengajuan reimburse dana koordinasi kalteng pak yanto', NULL, 0.00, NULL, NULL, NULL, 0, '10708517931', '29927490143', 0, '0270', NULL, 57000000.00, NULL, 1, NULL, NULL, NULL, NULL, 'can_be_purchased', NULL, NULL, NULL, NULL, NULL, NULL, 0, NULL, NULL, NULL, NULL, NULL, NULL, NULL, NULL, '', NULL, NULL, NULL, NULL, NULL, 0.00, NULL, NULL, NULL, 'ordered_quantities', NULL, NULL, 0.00, 0.00, 0.00, NULL, NULL),
(271, 'Pengajuan Anggaran Pengerjaan Dokumen Laporan PT SEAL ( Laporan RIPPM, Laporan Ketenegakerjaan dan Jumlah Laporan 8 bundel tahun 2022-2024)', NULL, 0.00, NULL, NULL, NULL, 0, '81636717605', '05171314669', 0, '0271', NULL, 10000000.00, NULL, 1, NULL, NULL, NULL, NULL, 'can_be_purchased', NULL, NULL, NULL, NULL, NULL, NULL, 0, NULL, NULL, NULL, NULL, NULL, NULL, NULL, NULL, '', NULL, NULL, NULL, NULL, NULL, 0.00, NULL, NULL, NULL, 'ordered_quantities', NULL, NULL, 0.00, 0.00, 0.00, NULL, NULL),
(272, 'Batu coral + angkutan', NULL, 0.00, NULL, NULL, NULL, 0, '47386496909', '07665069420', 0, '0272', NULL, 4500000.00, NULL, 1, NULL, NULL, NULL, NULL, 'can_be_purchased', NULL, NULL, NULL, NULL, NULL, NULL, 0, NULL, NULL, NULL, NULL, NULL, NULL, NULL, NULL, '', NULL, NULL, NULL, NULL, NULL, 0.00, NULL, NULL, NULL, 'ordered_quantities', NULL, NULL, 0.00, 0.00, 0.00, NULL, NULL),
(273, 'Travel', NULL, 0.00, NULL, NULL, NULL, 0, '43571488203', '25878209568', 0, '0273', NULL, 200000.00, NULL, 1, NULL, NULL, NULL, NULL, 'can_be_purchased', NULL, NULL, NULL, NULL, NULL, NULL, 0, NULL, NULL, NULL, NULL, NULL, NULL, NULL, NULL, '', NULL, NULL, NULL, NULL, NULL, 0.00, NULL, NULL, NULL, 'ordered_quantities', NULL, NULL, 0.00, 0.00, 0.00, NULL, NULL),
(274, 'Makan siang', NULL, 0.00, NULL, NULL, NULL, 0, '96536483653', '93541717307', 0, '0274', NULL, 50000.00, NULL, 1, NULL, NULL, NULL, NULL, 'can_be_purchased', NULL, NULL, NULL, NULL, NULL, NULL, 0, NULL, NULL, NULL, NULL, NULL, NULL, NULL, NULL, '', NULL, NULL, NULL, NULL, NULL, 0.00, NULL, NULL, NULL, 'ordered_quantities', NULL, NULL, 0.00, 0.00, 0.00, NULL, NULL),
(275, 'Reimburse Konsumsi FF', NULL, 0.00, NULL, NULL, NULL, 0, '56534855254', '00957885207', 0, '0275', NULL, 237000.00, NULL, 1, NULL, NULL, NULL, NULL, 'can_be_purchased', NULL, NULL, NULL, NULL, NULL, NULL, 0, NULL, NULL, NULL, NULL, NULL, NULL, NULL, NULL, '', NULL, NULL, NULL, NULL, NULL, 0.00, NULL, NULL, NULL, 'ordered_quantities', NULL, NULL, 0.00, 0.00, 0.00, NULL, NULL),
(276, 'Seragam karyawan', NULL, 0.00, NULL, NULL, NULL, 0, '96457205591', '10525479031', 0, '0276', NULL, 200000.00, NULL, 1, NULL, NULL, NULL, NULL, 'can_be_purchased', NULL, NULL, NULL, NULL, NULL, NULL, 0, NULL, NULL, NULL, NULL, NULL, NULL, NULL, NULL, '', NULL, NULL, NULL, NULL, NULL, 0.00, NULL, NULL, NULL, 'ordered_quantities', NULL, NULL, 0.00, 0.00, 0.00, NULL, NULL),
(277, 'Operasional Pak Glen ke Subang 18-05-2025', NULL, 0.00, NULL, NULL, NULL, 0, '71034509885', '83266316919', 0, '0277', NULL, 1000000.00, NULL, 1, NULL, NULL, NULL, NULL, 'can_be_purchased', NULL, NULL, NULL, NULL, NULL, NULL, 0, NULL, NULL, NULL, NULL, NULL, NULL, NULL, NULL, '', NULL, NULL, NULL, NULL, NULL, 0.00, NULL, NULL, NULL, 'ordered_quantities', NULL, NULL, 0.00, 0.00, 0.00, NULL, NULL),
(278, 'Tiket Pak Santosa PKY-JKT 20-05-2025', NULL, 0.00, NULL, NULL, NULL, 0, '41811330583', '04657482794', 0, '0278', NULL, 1500000.00, NULL, 1, NULL, NULL, NULL, NULL, 'can_be_purchased', NULL, NULL, NULL, NULL, NULL, NULL, 0, NULL, NULL, NULL, NULL, NULL, NULL, NULL, NULL, '', NULL, NULL, NULL, NULL, NULL, 0.00, NULL, NULL, NULL, 'ordered_quantities', NULL, NULL, 0.00, 0.00, 0.00, NULL, NULL),
(279, 'Sewa mobil 50', NULL, 0.00, NULL, NULL, NULL, 0, '79745999333', '50431957161', 0, '0279', NULL, 22000000.00, NULL, 1, NULL, NULL, NULL, NULL, 'can_be_purchased', NULL, NULL, NULL, NULL, NULL, NULL, 0, NULL, NULL, NULL, NULL, NULL, NULL, NULL, NULL, '', NULL, NULL, NULL, NULL, NULL, 0.00, NULL, NULL, NULL, 'ordered_quantities', NULL, NULL, 0.00, 0.00, 0.00, NULL, NULL),
(280, 'Total Biaya Upacara Ritual Balian Menyanggar di Pelabuahan PT. SEAL', NULL, 0.00, NULL, NULL, NULL, 0, '49090050936', '52264287825', 0, '0280', NULL, 134820000.00, NULL, 1, NULL, NULL, NULL, NULL, 'can_be_purchased', NULL, NULL, NULL, NULL, NULL, NULL, 0, NULL, NULL, NULL, NULL, NULL, NULL, NULL, NULL, '', NULL, NULL, NULL, NULL, NULL, 0.00, NULL, NULL, NULL, 'ordered_quantities', NULL, NULL, 0.00, 0.00, 0.00, NULL, NULL),
(281, 'Tiket Pesawat Jakarta - Palangka 21 Mei (Kades)', NULL, 0.00, NULL, NULL, NULL, 0, '39685773669', '69857975160', 0, '0281', NULL, 1135102.00, NULL, 1, NULL, NULL, NULL, NULL, 'can_be_purchased', NULL, NULL, NULL, NULL, NULL, NULL, 0, NULL, NULL, NULL, NULL, NULL, NULL, NULL, NULL, '', NULL, NULL, NULL, NULL, NULL, 0.00, NULL, NULL, NULL, 'ordered_quantities', NULL, NULL, 0.00, 0.00, 0.00, NULL, NULL),
(282, 'Tiket Pesawat Jakarta - Sampit 21 Mei (Asep Sulaeman Sabanda/Owner)', NULL, 0.00, NULL, NULL, NULL, 0, '76961360327', '27091339247', 0, '0282', NULL, 1601641.00, NULL, 1, NULL, NULL, NULL, NULL, 'can_be_purchased', NULL, NULL, NULL, NULL, NULL, NULL, 0, NULL, NULL, NULL, NULL, NULL, NULL, NULL, NULL, '', NULL, NULL, NULL, NULL, NULL, 0.00, NULL, NULL, NULL, 'ordered_quantities', NULL, NULL, 0.00, 0.00, 0.00, NULL, NULL),
(283, 'Tiket Pesawat Jakarta - Sampit 21 Mei (Yanto, Andi,Santosa)', NULL, 0.00, NULL, NULL, NULL, 0, '38276974866', '55487395923', 0, '0283', NULL, 4642778.00, NULL, 1, NULL, NULL, NULL, NULL, 'can_be_purchased', NULL, NULL, NULL, NULL, NULL, NULL, 0, NULL, NULL, NULL, NULL, NULL, NULL, NULL, NULL, '', NULL, NULL, NULL, NULL, NULL, 0.00, NULL, NULL, NULL, 'ordered_quantities', NULL, NULL, 0.00, 0.00, 0.00, NULL, NULL);
INSERT INTO `tblitems` (`id`, `description`, `long_description`, `rate`, `tax`, `tax2`, `unit`, `group_id`, `commodity_code`, `commodity_barcode`, `unit_id`, `sku_code`, `sku_name`, `purchase_price`, `sub_group`, `active`, `parent_id`, `attributes`, `parent_attributes`, `can_be_sold`, `can_be_purchased`, `can_be_manufacturing`, `can_be_inventory`, `from_vendor_item`, `guarantee`, `profif_ratio`, `long_descriptions`, `without_checking_warehouse`, `series_id`, `warehouse_id`, `origin`, `color_id`, `style_id`, `model_id`, `size_id`, `commodity_type`, `commodity_name`, `color`, `product_type`, `description_internal_transfers`, `description_receipts`, `description_delivery_orders`, `customer_lead_time`, `replenish_on_order`, `supplier_taxes_id`, `description_sale`, `invoice_policy`, `purchase_unit_measure`, `manufacture`, `manufacturing_lead_time`, `weight`, `volume`, `hs_code`, `rate_currency_1`) VALUES
(284, 'seragam karyawan', NULL, 0.00, NULL, NULL, NULL, 0, '52723097478', '87905994116', 0, '0284', NULL, 200000.00, NULL, 1, NULL, NULL, NULL, NULL, 'can_be_purchased', NULL, NULL, NULL, NULL, NULL, NULL, 0, NULL, NULL, NULL, NULL, NULL, NULL, NULL, NULL, '', NULL, NULL, NULL, NULL, NULL, 0.00, NULL, NULL, NULL, 'ordered_quantities', NULL, NULL, 0.00, 0.00, 0.00, NULL, NULL),
(285, 'ongkos kirim Bandung-Samba', NULL, 0.00, NULL, NULL, NULL, 0, '65810301416', '81738654909', 0, '0285', NULL, 250000.00, NULL, 1, NULL, NULL, NULL, NULL, 'can_be_purchased', NULL, NULL, NULL, NULL, NULL, NULL, 0, NULL, NULL, NULL, NULL, NULL, NULL, NULL, NULL, '', NULL, NULL, NULL, NULL, NULL, 0.00, NULL, NULL, NULL, 'ordered_quantities', NULL, NULL, 0.00, 0.00, 0.00, NULL, NULL),
(286, 'Akomodasi admin subang meeting di jakarta 20 may 2025', NULL, 0.00, NULL, NULL, NULL, 0, '27060556399', '42095982670', 0, '0286', NULL, 750000.00, NULL, 1, NULL, NULL, NULL, NULL, 'can_be_purchased', NULL, NULL, NULL, NULL, NULL, NULL, 0, NULL, NULL, NULL, NULL, NULL, NULL, NULL, NULL, '', NULL, NULL, NULL, NULL, NULL, 0.00, NULL, NULL, NULL, 'ordered_quantities', NULL, NULL, 0.00, 0.00, 0.00, NULL, NULL),
(287, 'Starlink gen 3', NULL, 0.00, NULL, NULL, NULL, 0, '26518275562', '18058722617', 0, '0287', NULL, 5900000.00, NULL, 1, NULL, NULL, NULL, NULL, 'can_be_purchased', NULL, NULL, NULL, NULL, NULL, NULL, 0, NULL, NULL, NULL, NULL, NULL, NULL, NULL, NULL, '', NULL, NULL, NULL, NULL, NULL, 0.00, NULL, NULL, NULL, 'ordered_quantities', NULL, NULL, 0.00, 0.00, 0.00, NULL, NULL),
(288, 'Biaya setting starlink gen 3', NULL, 0.00, NULL, NULL, NULL, 0, '66720686444', '85709386340', 0, '0288', NULL, 500000.00, NULL, 1, NULL, NULL, NULL, NULL, 'can_be_purchased', NULL, NULL, NULL, NULL, NULL, NULL, 0, NULL, NULL, NULL, NULL, NULL, NULL, NULL, NULL, '', NULL, NULL, NULL, NULL, NULL, 0.00, NULL, NULL, NULL, 'ordered_quantities', NULL, NULL, 0.00, 0.00, 0.00, NULL, NULL),
(289, 'Biaya tagihan 1 bulan', NULL, 0.00, NULL, NULL, NULL, 0, '18246243467', '21508228948', 0, '0289', NULL, 750000.00, NULL, 1, NULL, NULL, NULL, NULL, 'can_be_purchased', NULL, NULL, NULL, NULL, NULL, NULL, 0, NULL, NULL, NULL, NULL, NULL, NULL, NULL, NULL, '', NULL, NULL, NULL, NULL, NULL, 0.00, NULL, NULL, NULL, 'ordered_quantities', NULL, NULL, 0.00, 0.00, 0.00, NULL, NULL),
(290, 'Fuel all new avanza unit KH 1068 LF', NULL, 0.00, NULL, NULL, NULL, 0, '87976310725', '03958651085', 0, '0290', NULL, 10000.00, NULL, 1, NULL, NULL, NULL, NULL, 'can_be_purchased', NULL, NULL, NULL, NULL, NULL, NULL, 0, NULL, NULL, NULL, NULL, NULL, NULL, NULL, NULL, '', NULL, NULL, NULL, NULL, NULL, 0.00, NULL, NULL, NULL, 'ordered_quantities', NULL, NULL, 0.00, 0.00, 0.00, NULL, NULL),
(291, 'Lemari pakaian', NULL, 0.00, NULL, NULL, NULL, 0, '87273931963', '50344294190', 0, '0291', NULL, 1000000.00, NULL, 1, NULL, NULL, NULL, NULL, 'can_be_purchased', NULL, NULL, NULL, NULL, NULL, NULL, 0, NULL, NULL, NULL, NULL, NULL, NULL, NULL, NULL, '', NULL, NULL, NULL, NULL, NULL, 0.00, NULL, NULL, NULL, 'ordered_quantities', NULL, NULL, 0.00, 0.00, 0.00, NULL, NULL),
(292, 'Reimburse uang pembuatan banner savety', NULL, 0.00, NULL, NULL, NULL, 0, '94030820485', '13045072194', 0, '0292', NULL, 150000.00, NULL, 1, NULL, NULL, NULL, NULL, 'can_be_purchased', NULL, NULL, NULL, NULL, NULL, NULL, 0, NULL, NULL, NULL, NULL, NULL, NULL, NULL, NULL, '', NULL, NULL, NULL, NULL, NULL, 0.00, NULL, NULL, NULL, 'ordered_quantities', NULL, NULL, 0.00, 0.00, 0.00, NULL, NULL),
(293, 'Pembuatan banner CSR 1x1 M', NULL, 0.00, NULL, NULL, NULL, 0, '65319182498', '38391196304', 0, '0293', NULL, 50000.00, NULL, 1, NULL, NULL, NULL, NULL, 'can_be_purchased', NULL, NULL, NULL, NULL, NULL, NULL, 0, NULL, NULL, NULL, NULL, NULL, NULL, NULL, NULL, '', NULL, NULL, NULL, NULL, NULL, 0.00, NULL, NULL, NULL, 'ordered_quantities', NULL, NULL, 0.00, 0.00, 0.00, NULL, NULL),
(294, 'pengajuan uang saku operasional pak andi ke site 21 may', NULL, 0.00, NULL, NULL, NULL, 0, '51642686757', '85323430510', 0, '0294', NULL, 1000000.00, NULL, 1, NULL, NULL, NULL, NULL, 'can_be_purchased', NULL, NULL, NULL, NULL, NULL, NULL, 0, NULL, NULL, NULL, NULL, NULL, NULL, NULL, NULL, '', NULL, NULL, NULL, NULL, NULL, 0.00, NULL, NULL, NULL, 'ordered_quantities', NULL, NULL, 0.00, 0.00, 0.00, NULL, NULL),
(295, 'BBM Bio Solar Industri', NULL, 0.00, NULL, NULL, NULL, 0, '39819873808', '65268734917', 0, '0295', NULL, 16400.00, NULL, 1, NULL, NULL, NULL, NULL, 'can_be_purchased', NULL, NULL, NULL, NULL, NULL, NULL, 0, NULL, NULL, NULL, NULL, NULL, NULL, NULL, NULL, '', NULL, NULL, NULL, NULL, NULL, 0.00, NULL, NULL, NULL, 'ordered_quantities', NULL, NULL, 0.00, 0.00, 0.00, NULL, NULL),
(296, 'BBM Bio solar Industri', NULL, 0.00, NULL, NULL, NULL, 0, '67282141137', '27966896675', 0, '0296', NULL, 16810.00, NULL, 1, NULL, NULL, NULL, NULL, 'can_be_purchased', NULL, NULL, NULL, NULL, NULL, NULL, 0, NULL, NULL, NULL, NULL, NULL, NULL, NULL, NULL, '', NULL, NULL, NULL, NULL, NULL, 0.00, NULL, NULL, NULL, 'ordered_quantities', NULL, NULL, 0.00, 0.00, 0.00, NULL, NULL),
(297, 'Makan', NULL, 0.00, NULL, NULL, NULL, 0, '30599686953', '45895784001', 0, '0297', NULL, 45000.00, NULL, 1, NULL, NULL, NULL, NULL, 'can_be_purchased', NULL, NULL, NULL, NULL, NULL, NULL, 0, NULL, NULL, NULL, NULL, NULL, NULL, NULL, NULL, '', NULL, NULL, NULL, NULL, NULL, 0.00, NULL, NULL, NULL, 'ordered_quantities', NULL, NULL, 0.00, 0.00, 0.00, NULL, NULL),
(298, 'Penginapan', NULL, 0.00, NULL, NULL, NULL, 0, '32921026899', '76087117299', 0, '0298', NULL, 370000.00, NULL, 1, NULL, NULL, NULL, NULL, 'can_be_purchased', NULL, NULL, NULL, NULL, NULL, NULL, 0, NULL, NULL, NULL, NULL, NULL, NULL, NULL, NULL, '', NULL, NULL, NULL, NULL, NULL, 0.00, NULL, NULL, NULL, 'ordered_quantities', NULL, NULL, 0.00, 0.00, 0.00, NULL, NULL),
(299, 'Akomodasi dan penginapan pak yanto ke Jakarta 20-21 Mei', NULL, 0.00, NULL, NULL, NULL, 0, '66786804191', '24114966583', 0, '0299', NULL, 902500.00, NULL, 1, NULL, NULL, NULL, NULL, 'can_be_purchased', NULL, NULL, NULL, NULL, NULL, NULL, 0, NULL, NULL, NULL, NULL, NULL, NULL, NULL, NULL, '', NULL, NULL, NULL, NULL, NULL, 0.00, NULL, NULL, NULL, 'ordered_quantities', NULL, NULL, 0.00, 0.00, 0.00, NULL, NULL),
(300, 'Akomodasi dan penginapan pak yanto ke Jakarta 20-21 Mei', NULL, 0.00, NULL, NULL, NULL, 0, '10468368163', '34716579232', 0, '0300', NULL, 2002500.00, NULL, 1, NULL, NULL, NULL, NULL, 'can_be_purchased', NULL, NULL, NULL, NULL, NULL, NULL, 0, NULL, NULL, NULL, NULL, NULL, NULL, NULL, NULL, '', NULL, NULL, NULL, NULL, NULL, 0.00, NULL, NULL, NULL, 'ordered_quantities', NULL, NULL, 0.00, 0.00, 0.00, NULL, NULL),
(301, 'Service pompa fuel rite', NULL, 0.00, NULL, NULL, NULL, 0, '63549079973', '51388188131', 0, '0301', NULL, 100000.00, NULL, 1, NULL, NULL, NULL, NULL, 'can_be_purchased', NULL, NULL, NULL, NULL, NULL, NULL, 0, NULL, NULL, NULL, NULL, NULL, NULL, NULL, NULL, '', NULL, NULL, NULL, NULL, NULL, 0.00, NULL, NULL, NULL, 'ordered_quantities', NULL, NULL, 0.00, 0.00, 0.00, NULL, NULL),
(302, 'Konsumsi 9 karyawan office 3x makan sehari', NULL, 0.00, NULL, NULL, NULL, 0, '73702008044', '69168456056', 0, '0302', NULL, 225000.00, NULL, 1, NULL, NULL, NULL, NULL, 'can_be_purchased', NULL, NULL, NULL, NULL, NULL, NULL, 0, NULL, NULL, NULL, NULL, NULL, NULL, NULL, NULL, '', NULL, NULL, NULL, NULL, NULL, 0.00, NULL, NULL, NULL, 'ordered_quantities', NULL, NULL, 0.00, 0.00, 0.00, NULL, NULL),
(303, 'Konsumsi 9 karyawan lapangan 1x makan sehari', NULL, 0.00, NULL, NULL, NULL, 0, '79310020011', '20833572974', 0, '0303', NULL, 75000.00, NULL, 1, NULL, NULL, NULL, NULL, 'can_be_purchased', NULL, NULL, NULL, NULL, NULL, NULL, 0, NULL, NULL, NULL, NULL, NULL, NULL, NULL, NULL, '', NULL, NULL, NULL, NULL, NULL, 0.00, NULL, NULL, NULL, 'ordered_quantities', NULL, NULL, 0.00, 0.00, 0.00, NULL, NULL),
(304, 'Oli hidrolik meditran S10W', NULL, 0.00, NULL, NULL, NULL, 0, '76362714832', '37399937166', 0, '0304', NULL, 6400000.00, NULL, 1, NULL, NULL, NULL, NULL, 'can_be_purchased', NULL, NULL, NULL, NULL, NULL, NULL, 0, NULL, NULL, NULL, NULL, NULL, NULL, NULL, NULL, '', NULL, NULL, NULL, NULL, NULL, 0.00, NULL, NULL, NULL, 'ordered_quantities', NULL, NULL, 0.00, 0.00, 0.00, NULL, NULL),
(305, 'Oli mesin meditran SC 15W 40CH', NULL, 0.00, NULL, NULL, NULL, 0, '76230136965', '98845496193', 0, '0305', NULL, 6820000.00, NULL, 1, NULL, NULL, NULL, NULL, 'can_be_purchased', NULL, NULL, NULL, NULL, NULL, NULL, 0, NULL, NULL, NULL, NULL, NULL, NULL, NULL, NULL, '', NULL, NULL, NULL, NULL, NULL, 0.00, NULL, NULL, NULL, 'ordered_quantities', NULL, NULL, 0.00, 0.00, 0.00, NULL, NULL),
(306, 'Pompa oli manual', NULL, 0.00, NULL, NULL, NULL, 0, '16022079631', '46725161861', 0, '0306', NULL, 400000.00, NULL, 1, NULL, NULL, NULL, NULL, 'can_be_purchased', NULL, NULL, NULL, NULL, NULL, NULL, 0, NULL, NULL, NULL, NULL, NULL, NULL, NULL, NULL, '', NULL, NULL, NULL, NULL, NULL, 0.00, NULL, NULL, NULL, 'ordered_quantities', NULL, NULL, 0.00, 0.00, 0.00, NULL, NULL),
(307, 'Fuel all new avanza unit KH 1071 LF', NULL, 0.00, NULL, NULL, NULL, 0, '31151078251', '94922244669', 0, '0307', NULL, 10000.00, NULL, 1, NULL, NULL, NULL, NULL, 'can_be_purchased', NULL, NULL, NULL, NULL, NULL, NULL, 0, NULL, NULL, NULL, NULL, NULL, NULL, NULL, NULL, '', NULL, NULL, NULL, NULL, NULL, 0.00, NULL, NULL, NULL, 'ordered_quantities', NULL, NULL, 0.00, 0.00, 0.00, NULL, NULL),
(308, 'Konsumsi meeting 20-05-2025', NULL, 0.00, NULL, NULL, NULL, 0, '91581084767', '91904602110', 0, '0308', NULL, 1000000.00, NULL, 1, NULL, NULL, NULL, NULL, 'can_be_purchased', NULL, NULL, NULL, NULL, NULL, NULL, 0, NULL, NULL, NULL, NULL, NULL, NULL, NULL, NULL, '', NULL, NULL, NULL, NULL, NULL, 0.00, NULL, NULL, NULL, 'ordered_quantities', NULL, NULL, 0.00, 0.00, 0.00, NULL, NULL),
(309, 'Partisipasi Kegiatan Kabupaten Kotawaringin Timur - Turnamen Sepak Bola', NULL, 0.00, NULL, NULL, NULL, 0, '85997488094', '39870336291', 0, '0309', NULL, 19070000.00, NULL, 1, NULL, NULL, NULL, NULL, 'can_be_purchased', NULL, NULL, NULL, NULL, NULL, NULL, 0, NULL, NULL, NULL, NULL, NULL, NULL, NULL, NULL, '', NULL, NULL, NULL, NULL, NULL, 0.00, NULL, NULL, NULL, 'ordered_quantities', NULL, NULL, 0.00, 0.00, 0.00, NULL, NULL),
(310, 'Pengajuan Anggaran Pelaksanaan Uji Tertulis', NULL, 0.00, NULL, NULL, NULL, 0, '64432557421', '86504644960', 0, '0310', NULL, 30000000.00, NULL, 1, NULL, NULL, NULL, NULL, 'can_be_purchased', NULL, NULL, NULL, NULL, NULL, NULL, 0, NULL, NULL, NULL, NULL, NULL, NULL, NULL, NULL, '', NULL, NULL, NULL, NULL, NULL, 0.00, NULL, NULL, NULL, 'ordered_quantities', NULL, NULL, 0.00, 0.00, 0.00, NULL, NULL),
(311, 'Biaya Operasioal', NULL, 0.00, NULL, NULL, NULL, 0, '93230030656', '14111359568', 0, '0311', NULL, 1500000.00, NULL, 1, NULL, NULL, NULL, NULL, 'can_be_purchased', NULL, NULL, NULL, NULL, NULL, NULL, 0, NULL, NULL, NULL, NULL, NULL, NULL, NULL, NULL, '', NULL, NULL, NULL, NULL, NULL, 0.00, NULL, NULL, NULL, 'ordered_quantities', NULL, NULL, 0.00, 0.00, 0.00, NULL, NULL),
(312, 'Biaya bahan dapur', NULL, 0.00, NULL, NULL, NULL, 0, '11091078641', '75160799541', 0, '0312', NULL, 4410000.00, NULL, 1, NULL, NULL, NULL, NULL, 'can_be_purchased', NULL, NULL, NULL, NULL, NULL, NULL, 0, NULL, NULL, NULL, NULL, NULL, NULL, NULL, NULL, '', NULL, NULL, NULL, NULL, NULL, 0.00, NULL, NULL, NULL, 'ordered_quantities', NULL, NULL, 0.00, 0.00, 0.00, NULL, NULL),
(313, 'Pembayaran cicilan source code system periode mei 2025', NULL, 0.00, NULL, NULL, NULL, 0, '48788010951', '71278886271', 0, '0313', NULL, 42000000.00, NULL, 1, NULL, NULL, NULL, NULL, 'can_be_purchased', NULL, NULL, NULL, NULL, NULL, NULL, 0, NULL, NULL, NULL, NULL, NULL, NULL, NULL, NULL, '', NULL, NULL, NULL, NULL, NULL, 0.00, NULL, NULL, NULL, 'ordered_quantities', NULL, NULL, 0.00, 0.00, 0.00, NULL, NULL),
(314, 'Sewa Hilux Double Cabin 2.4 E (4x4) DSL KH 8780 LF (Periode 21 Mei -20 Juni 2025)', NULL, 0.00, NULL, NULL, NULL, 0, '04528821856', '31768133905', 0, '0314', NULL, 21500000.00, NULL, 1, NULL, NULL, NULL, NULL, 'can_be_purchased', NULL, NULL, NULL, NULL, NULL, NULL, 0, NULL, NULL, NULL, NULL, NULL, NULL, NULL, NULL, '', NULL, NULL, NULL, NULL, NULL, 0.00, NULL, NULL, NULL, 'ordered_quantities', NULL, NULL, 0.00, 0.00, 0.00, NULL, NULL),
(315, 'Sewa Hilux Double Cabin 2.4 E (4x4) DSL KH 8779 LF (Periode 21 Mei - 20 Juni 2025)', NULL, 0.00, NULL, NULL, NULL, 0, '38911695837', '18028141505', 0, '0315', NULL, 21500000.00, NULL, 1, NULL, NULL, NULL, NULL, 'can_be_purchased', NULL, NULL, NULL, NULL, NULL, NULL, 0, NULL, NULL, NULL, NULL, NULL, NULL, NULL, NULL, '', NULL, NULL, NULL, NULL, NULL, 0.00, NULL, NULL, NULL, 'ordered_quantities', NULL, NULL, 0.00, 0.00, 0.00, NULL, NULL),
(316, 'pengajuan pemindahan timbangan dari intermediate ke stockrom', NULL, 0.00, NULL, NULL, NULL, 0, '48636809745', '70970449630', 0, '0316', NULL, 150000000.00, NULL, 1, NULL, NULL, NULL, NULL, 'can_be_purchased', NULL, NULL, NULL, NULL, NULL, NULL, 0, NULL, NULL, NULL, NULL, NULL, NULL, NULL, NULL, '', NULL, NULL, NULL, NULL, NULL, 0.00, NULL, NULL, NULL, 'ordered_quantities', NULL, NULL, 0.00, 0.00, 0.00, NULL, NULL),
(317, 'Pengajuan Pembelian 15 Pcs Ban Hongyan TM12.40167', NULL, 0.00, NULL, NULL, NULL, 0, '69419520219', '83800807712', 0, '0317', NULL, 6700000.00, NULL, 1, NULL, NULL, NULL, NULL, 'can_be_purchased', NULL, NULL, NULL, NULL, NULL, NULL, 0, NULL, NULL, NULL, NULL, NULL, NULL, NULL, NULL, '', NULL, NULL, NULL, NULL, NULL, 0.00, NULL, NULL, NULL, 'ordered_quantities', NULL, NULL, 0.00, 0.00, 0.00, NULL, NULL),
(318, 'Akomodasi', NULL, 0.00, NULL, NULL, NULL, 0, '56675022378', '82349888070', 0, '0318', NULL, 1300000.00, NULL, 1, NULL, NULL, NULL, NULL, 'can_be_purchased', NULL, NULL, NULL, NULL, NULL, NULL, 0, NULL, NULL, NULL, NULL, NULL, NULL, NULL, NULL, '', NULL, NULL, NULL, NULL, NULL, 0.00, NULL, NULL, NULL, 'ordered_quantities', NULL, NULL, 0.00, 0.00, 0.00, NULL, NULL),
(319, 'Penginapan', NULL, 0.00, NULL, NULL, NULL, 0, '38521768461', '71538028730', 0, '0319', NULL, 450000.00, NULL, 1, NULL, NULL, NULL, NULL, 'can_be_purchased', NULL, NULL, NULL, NULL, NULL, NULL, 0, NULL, NULL, NULL, NULL, NULL, NULL, NULL, NULL, '', NULL, NULL, NULL, NULL, NULL, 0.00, NULL, NULL, NULL, 'ordered_quantities', NULL, NULL, 0.00, 0.00, 0.00, NULL, NULL),
(320, 'fuel Pajero pengantaran tamu CCECC ', NULL, 0.00, NULL, NULL, NULL, 0, '09515718439', '39354435962', 0, '0320', NULL, 600000.00, NULL, 1, NULL, NULL, NULL, NULL, 'can_be_purchased', NULL, NULL, NULL, NULL, NULL, NULL, 0, NULL, NULL, NULL, NULL, NULL, NULL, NULL, NULL, '', NULL, NULL, NULL, NULL, NULL, 0.00, NULL, NULL, NULL, 'ordered_quantities', NULL, NULL, 0.00, 0.00, 0.00, NULL, NULL),
(321, 'reimburse pak Yanto untuk operasional tiket dan penginapan', NULL, 0.00, NULL, NULL, NULL, 0, '72864222481', '75871473085', 0, '0321', NULL, 7050000.00, NULL, 1, NULL, NULL, NULL, NULL, 'can_be_purchased', NULL, NULL, NULL, NULL, NULL, NULL, 0, NULL, NULL, NULL, NULL, NULL, NULL, NULL, NULL, '', NULL, NULL, NULL, NULL, NULL, 0.00, NULL, NULL, NULL, 'ordered_quantities', NULL, NULL, 0.00, 0.00, 0.00, NULL, NULL),
(322, 'Termin BLC Pak Wartono', NULL, 0.00, NULL, NULL, NULL, 0, '75847947166', '72229024774', 0, '0322', NULL, 500000000.00, NULL, 1, NULL, NULL, NULL, NULL, 'can_be_purchased', NULL, NULL, NULL, NULL, NULL, NULL, 0, NULL, NULL, NULL, NULL, NULL, NULL, NULL, NULL, '', NULL, NULL, NULL, NULL, NULL, 0.00, NULL, NULL, NULL, 'ordered_quantities', NULL, NULL, 0.00, 0.00, 0.00, NULL, NULL),
(323, 'Cuci mobil', NULL, 0.00, NULL, NULL, NULL, 0, '54893185601', '91635710754', 0, '0323', NULL, 105000.00, NULL, 1, NULL, NULL, NULL, NULL, 'can_be_purchased', NULL, NULL, NULL, NULL, NULL, NULL, 0, NULL, NULL, NULL, NULL, NULL, NULL, NULL, NULL, '', NULL, NULL, NULL, NULL, NULL, 0.00, NULL, NULL, NULL, 'ordered_quantities', NULL, NULL, 0.00, 0.00, 0.00, NULL, NULL),
(324, 'biaya kontraktor tambang periode April 2025', NULL, 0.00, NULL, NULL, NULL, 0, '51430195349', '21622955596', 0, '0324', NULL, 856412700.00, NULL, 1, NULL, NULL, NULL, NULL, 'can_be_purchased', NULL, NULL, NULL, NULL, NULL, NULL, 0, NULL, NULL, NULL, NULL, NULL, NULL, NULL, NULL, '', NULL, NULL, NULL, NULL, NULL, 0.00, NULL, NULL, NULL, 'ordered_quantities', NULL, NULL, 0.00, 0.00, 0.00, NULL, NULL),
(325, 'Berobat', NULL, 0.00, NULL, NULL, NULL, 0, '36928748943', '90384875367', 0, '0325', NULL, 200000.00, NULL, 1, NULL, NULL, NULL, NULL, 'can_be_purchased', NULL, NULL, NULL, NULL, NULL, NULL, 0, NULL, NULL, NULL, NULL, NULL, NULL, NULL, NULL, '', NULL, NULL, NULL, NULL, NULL, 0.00, NULL, NULL, NULL, 'ordered_quantities', NULL, NULL, 0.00, 0.00, 0.00, NULL, NULL),
(326, 'Tebus obat', NULL, 0.00, NULL, NULL, NULL, 0, '62529214943', '81679736815', 0, '0326', NULL, 50000.00, NULL, 1, NULL, NULL, NULL, NULL, 'can_be_purchased', NULL, NULL, NULL, NULL, NULL, NULL, 0, NULL, NULL, NULL, NULL, NULL, NULL, NULL, NULL, '', NULL, NULL, NULL, NULL, NULL, 0.00, NULL, NULL, NULL, 'ordered_quantities', NULL, NULL, 0.00, 0.00, 0.00, NULL, NULL),
(327, 'Kayu ulin 5x10', NULL, 0.00, NULL, NULL, NULL, 0, '38464725771', '54693576574', 0, '0327', NULL, 200000.00, NULL, 1, NULL, NULL, NULL, NULL, 'can_be_purchased', NULL, NULL, NULL, NULL, NULL, NULL, 0, NULL, NULL, NULL, NULL, NULL, NULL, NULL, NULL, '', NULL, NULL, NULL, NULL, NULL, 0.00, NULL, NULL, NULL, 'ordered_quantities', NULL, NULL, 0.00, 0.00, 0.00, NULL, NULL),
(328, 'Kayu ulin 5x7', NULL, 0.00, NULL, NULL, NULL, 0, '57622901106', '25392926650', 0, '0328', NULL, 180000.00, NULL, 1, NULL, NULL, NULL, NULL, 'can_be_purchased', NULL, NULL, NULL, NULL, NULL, NULL, 0, NULL, NULL, NULL, NULL, NULL, NULL, NULL, NULL, '', NULL, NULL, NULL, NULL, NULL, 0.00, NULL, NULL, NULL, 'ordered_quantities', NULL, NULL, 0.00, 0.00, 0.00, NULL, NULL),
(329, 'Kabel', NULL, 0.00, NULL, NULL, NULL, 0, '11010979207', '01826277272', 0, '0329', NULL, 10000.00, NULL, 1, NULL, NULL, NULL, NULL, 'can_be_purchased', NULL, NULL, NULL, NULL, NULL, NULL, 0, NULL, NULL, NULL, NULL, NULL, NULL, NULL, NULL, '', NULL, NULL, NULL, NULL, NULL, 0.00, NULL, NULL, NULL, 'ordered_quantities', NULL, NULL, 0.00, 0.00, 0.00, NULL, NULL),
(330, 'Baut ukuran 14', NULL, 0.00, NULL, NULL, NULL, 0, '59572596625', '19826166636', 0, '0330', NULL, 10000.00, NULL, 1, NULL, NULL, NULL, NULL, 'can_be_purchased', NULL, NULL, NULL, NULL, NULL, NULL, 0, NULL, NULL, NULL, NULL, NULL, NULL, NULL, NULL, '', NULL, NULL, NULL, NULL, NULL, 0.00, NULL, NULL, NULL, 'ordered_quantities', NULL, NULL, 0.00, 0.00, 0.00, NULL, NULL),
(331, 'Kasur', NULL, 0.00, NULL, NULL, NULL, 0, '24772833456', '02392459125', 0, '0331', NULL, 500000.00, NULL, 1, NULL, NULL, NULL, NULL, 'can_be_purchased', NULL, NULL, NULL, NULL, NULL, NULL, 0, NULL, NULL, NULL, NULL, NULL, NULL, NULL, NULL, '', NULL, NULL, NULL, NULL, NULL, 0.00, NULL, NULL, NULL, 'ordered_quantities', NULL, NULL, 0.00, 0.00, 0.00, NULL, NULL),
(332, 'Bantal', NULL, 0.00, NULL, NULL, NULL, 0, '55182061938', '08707659297', 0, '0332', NULL, 50000.00, NULL, 1, NULL, NULL, NULL, NULL, 'can_be_purchased', NULL, NULL, NULL, NULL, NULL, NULL, 0, NULL, NULL, NULL, NULL, NULL, NULL, NULL, NULL, '', NULL, NULL, NULL, NULL, NULL, 0.00, NULL, NULL, NULL, 'ordered_quantities', NULL, NULL, 0.00, 0.00, 0.00, NULL, NULL),
(333, 'Guling', NULL, 0.00, NULL, NULL, NULL, 0, '55749379417', '75626624254', 0, '0333', NULL, 60000.00, NULL, 1, NULL, NULL, NULL, NULL, 'can_be_purchased', NULL, NULL, NULL, NULL, NULL, NULL, 0, NULL, NULL, NULL, NULL, NULL, NULL, NULL, NULL, '', NULL, NULL, NULL, NULL, NULL, 0.00, NULL, NULL, NULL, 'ordered_quantities', NULL, NULL, 0.00, 0.00, 0.00, NULL, NULL),
(334, 'Sprei', NULL, 0.00, NULL, NULL, NULL, 0, '81550368212', '08120442592', 0, '0334', NULL, 100000.00, NULL, 1, NULL, NULL, NULL, NULL, 'can_be_purchased', NULL, NULL, NULL, NULL, NULL, NULL, 0, NULL, NULL, NULL, NULL, NULL, NULL, NULL, NULL, '', NULL, NULL, NULL, NULL, NULL, 0.00, NULL, NULL, NULL, 'ordered_quantities', NULL, NULL, 0.00, 0.00, 0.00, NULL, NULL),
(335, 'Operasional Pak Jangkung ke Subang 23-05-2025', NULL, 0.00, NULL, NULL, NULL, 0, '09529508428', '36511296200', 0, '0335', NULL, 750000.00, NULL, 1, NULL, NULL, NULL, NULL, 'can_be_purchased', NULL, NULL, NULL, NULL, NULL, NULL, 0, NULL, NULL, NULL, NULL, NULL, NULL, NULL, NULL, '', NULL, NULL, NULL, NULL, NULL, 0.00, NULL, NULL, NULL, 'ordered_quantities', NULL, NULL, 0.00, 0.00, 0.00, NULL, NULL),
(336, 'Akomodasi dan tiket  Aep selama dua hari di jogja', NULL, 0.00, NULL, NULL, NULL, 0, '29947329352', '96351625308', 0, '0336', NULL, 1000000.00, NULL, 1, NULL, NULL, NULL, NULL, 'can_be_purchased', NULL, NULL, NULL, NULL, NULL, NULL, 0, NULL, NULL, NULL, NULL, NULL, NULL, NULL, NULL, '', NULL, NULL, NULL, NULL, NULL, 0.00, NULL, NULL, NULL, 'ordered_quantities', NULL, NULL, 0.00, 0.00, 0.00, NULL, NULL),
(337, 'Honorarium trainer', NULL, 0.00, NULL, NULL, NULL, 0, '06937089914', '67326747709', 0, '0337', NULL, 3000000.00, NULL, 1, NULL, NULL, NULL, NULL, 'can_be_purchased', NULL, NULL, NULL, NULL, NULL, NULL, 0, NULL, NULL, NULL, NULL, NULL, NULL, NULL, NULL, '', NULL, NULL, NULL, NULL, NULL, 0.00, NULL, NULL, NULL, 'ordered_quantities', NULL, NULL, 0.00, 0.00, 0.00, NULL, NULL),
(338, 'Tiket pesawat jakarta sampit', NULL, 0.00, NULL, NULL, NULL, 0, '11056740034', '66796859714', 0, '0338', NULL, 1600000.00, NULL, 1, NULL, NULL, NULL, NULL, 'can_be_purchased', NULL, NULL, NULL, NULL, NULL, NULL, 0, NULL, NULL, NULL, NULL, NULL, NULL, NULL, NULL, '', NULL, NULL, NULL, NULL, NULL, 0.00, NULL, NULL, NULL, 'ordered_quantities', NULL, NULL, 0.00, 0.00, 0.00, NULL, NULL),
(339, 'Akomodasi PP bandara soeta - subang', NULL, 0.00, NULL, NULL, NULL, 0, '70737429792', '97982107285', 0, '0339', NULL, 600000.00, NULL, 1, NULL, NULL, NULL, NULL, 'can_be_purchased', NULL, NULL, NULL, NULL, NULL, NULL, 0, NULL, NULL, NULL, NULL, NULL, NULL, NULL, NULL, '', NULL, NULL, NULL, NULL, NULL, 0.00, NULL, NULL, NULL, 'ordered_quantities', NULL, NULL, 0.00, 0.00, 0.00, NULL, NULL),
(340, 'Akomodasi', NULL, 0.00, NULL, NULL, NULL, 0, '83518406166', '59287623088', 0, '0340', NULL, 1300000.00, NULL, 1, NULL, NULL, NULL, NULL, 'can_be_purchased', NULL, NULL, NULL, NULL, NULL, NULL, 0, NULL, NULL, NULL, NULL, NULL, NULL, NULL, NULL, '', NULL, NULL, NULL, NULL, NULL, 0.00, NULL, NULL, NULL, 'ordered_quantities', NULL, NULL, 0.00, 0.00, 0.00, NULL, NULL),
(341, 'Penginapan', NULL, 0.00, NULL, NULL, NULL, 0, '32552835818', '24966155592', 0, '0341', NULL, 450000.00, NULL, 1, NULL, NULL, NULL, NULL, 'can_be_purchased', NULL, NULL, NULL, NULL, NULL, NULL, 0, NULL, NULL, NULL, NULL, NULL, NULL, NULL, NULL, '', NULL, NULL, NULL, NULL, NULL, 0.00, NULL, NULL, NULL, 'ordered_quantities', NULL, NULL, 0.00, 0.00, 0.00, NULL, NULL),
(342, '250514-PerpanjanganDomain-indopureco.co.id-H_24398578', NULL, 0.00, NULL, NULL, NULL, 0, '76693063611', '85890919952', 0, '0342', NULL, 332889.00, NULL, 1, NULL, NULL, NULL, NULL, 'can_be_purchased', NULL, NULL, NULL, NULL, NULL, NULL, 0, NULL, NULL, NULL, NULL, NULL, NULL, NULL, NULL, '', NULL, NULL, NULL, NULL, NULL, 0.00, NULL, NULL, NULL, 'ordered_quantities', NULL, NULL, 0.00, 0.00, 0.00, NULL, NULL),
(343, '250514-Perpanjangan-MainDomainServer-H_24399187', NULL, 0.00, NULL, NULL, NULL, 0, '09296241462', '42555896725', 0, '0343', NULL, 225008.10, NULL, 1, NULL, NULL, NULL, NULL, 'can_be_purchased', NULL, NULL, NULL, NULL, NULL, NULL, 0, NULL, NULL, NULL, NULL, NULL, NULL, NULL, NULL, '', NULL, NULL, NULL, NULL, NULL, 0.00, NULL, NULL, NULL, 'ordered_quantities', NULL, NULL, 0.00, 0.00, 0.00, NULL, NULL),
(344, 'Percetakan terlampir', NULL, 0.00, NULL, NULL, NULL, 0, '00946970062', '05970349497', 0, '0344', NULL, 250000.00, NULL, 1, NULL, NULL, NULL, NULL, 'can_be_purchased', NULL, NULL, NULL, NULL, NULL, NULL, 0, NULL, NULL, NULL, NULL, NULL, NULL, NULL, NULL, '', NULL, NULL, NULL, NULL, NULL, 0.00, NULL, NULL, NULL, 'ordered_quantities', NULL, NULL, 0.00, 0.00, 0.00, NULL, NULL),
(345, 'Reimburse konsumsi meeting Pak Glen dengan Ketua DPRD Sampit & Ajudan Bupati 23-05-2025', NULL, 0.00, NULL, NULL, NULL, 0, '66353499468', '82194314616', 0, '0345', NULL, 774538.00, NULL, 1, NULL, NULL, NULL, NULL, 'can_be_purchased', NULL, NULL, NULL, NULL, NULL, NULL, 0, NULL, NULL, NULL, NULL, NULL, NULL, NULL, NULL, '', NULL, NULL, NULL, NULL, NULL, 0.00, NULL, NULL, NULL, 'ordered_quantities', NULL, NULL, 0.00, 0.00, 0.00, NULL, NULL),
(346, 'Pembelian Vehicle Card dan Vendor Card untuk truck Hauling', NULL, 0.00, NULL, NULL, NULL, 0, '55211248656', '84975252234', 0, '0346', NULL, 1500000.00, NULL, 1, NULL, NULL, NULL, NULL, 'can_be_purchased', NULL, NULL, NULL, NULL, NULL, NULL, 0, NULL, NULL, NULL, NULL, NULL, NULL, NULL, NULL, '', NULL, NULL, NULL, NULL, NULL, 0.00, NULL, NULL, NULL, 'ordered_quantities', NULL, NULL, 0.00, 0.00, 0.00, NULL, NULL),
(347, 'ongkir bandung ke subang', NULL, 0.00, NULL, NULL, NULL, 0, '64108899116', '02354490274', 0, '0347', NULL, 30000.00, NULL, 1, NULL, NULL, NULL, NULL, 'can_be_purchased', NULL, NULL, NULL, NULL, NULL, NULL, 0, NULL, NULL, NULL, NULL, NULL, NULL, NULL, NULL, '', NULL, NULL, NULL, NULL, NULL, 0.00, NULL, NULL, NULL, 'ordered_quantities', NULL, NULL, 0.00, 0.00, 0.00, NULL, NULL),
(348, 'pengajuan proposal BATAMAD', NULL, 0.00, NULL, NULL, NULL, 0, '59517807749', '54882558318', 0, '0348', NULL, 2500000.00, NULL, 1, NULL, NULL, NULL, NULL, 'can_be_purchased', NULL, NULL, NULL, NULL, NULL, NULL, 0, NULL, NULL, NULL, NULL, NULL, NULL, NULL, NULL, '', NULL, NULL, NULL, NULL, NULL, 0.00, NULL, NULL, NULL, 'ordered_quantities', NULL, NULL, 0.00, 0.00, 0.00, NULL, NULL),
(349, 'BBM Bio solar Industri PT.SBS 20 KL 050/SP/SBS-BJM/V2025', NULL, 0.00, NULL, NULL, NULL, 0, '10185929853', '18927995552', 0, '0349', NULL, 16810.00, NULL, 1, NULL, NULL, NULL, NULL, 'can_be_purchased', NULL, NULL, NULL, NULL, NULL, NULL, 0, NULL, NULL, NULL, NULL, NULL, NULL, NULL, NULL, '', NULL, NULL, NULL, NULL, NULL, 0.00, NULL, NULL, NULL, 'ordered_quantities', NULL, NULL, 0.00, 0.00, 0.00, NULL, NULL),
(350, 'pengajuan  CSR kambing qurban di kotawaringin timur', NULL, 0.00, NULL, NULL, NULL, 0, '61475485724', '27144071754', 0, '0350', NULL, 4000000.00, NULL, 1, NULL, NULL, NULL, NULL, 'can_be_purchased', NULL, NULL, NULL, NULL, NULL, NULL, 0, NULL, NULL, NULL, NULL, NULL, NULL, NULL, NULL, '', NULL, NULL, NULL, NULL, NULL, 0.00, NULL, NULL, NULL, 'ordered_quantities', NULL, NULL, 0.00, 0.00, 0.00, NULL, NULL),
(351, 'Akomodasi', NULL, 0.00, NULL, NULL, NULL, 0, '42894414459', '17556814169', 0, '0351', NULL, 1300000.00, NULL, 1, NULL, NULL, NULL, NULL, 'can_be_purchased', NULL, NULL, NULL, NULL, NULL, NULL, 0, NULL, NULL, NULL, NULL, NULL, NULL, NULL, NULL, '', NULL, NULL, NULL, NULL, NULL, 0.00, NULL, NULL, NULL, 'ordered_quantities', NULL, NULL, 0.00, 0.00, 0.00, NULL, NULL),
(352, 'Penginapan', NULL, 0.00, NULL, NULL, NULL, 0, '23346231999', '70746937065', 0, '0352', NULL, 450000.00, NULL, 1, NULL, NULL, NULL, NULL, 'can_be_purchased', NULL, NULL, NULL, NULL, NULL, NULL, 0, NULL, NULL, NULL, NULL, NULL, NULL, NULL, NULL, '', NULL, NULL, NULL, NULL, NULL, 0.00, NULL, NULL, NULL, 'ordered_quantities', NULL, NULL, 0.00, 0.00, 0.00, NULL, NULL),
(353, 'Tiket Pak Jangkung JKT-SPT 28-05-2025', NULL, 0.00, NULL, NULL, NULL, 0, '53517850480', '45538734467', 0, '0353', NULL, 1500000.00, NULL, 1, NULL, NULL, NULL, NULL, 'can_be_purchased', NULL, NULL, NULL, NULL, NULL, NULL, 0, NULL, NULL, NULL, NULL, NULL, NULL, NULL, NULL, '', NULL, NULL, NULL, NULL, NULL, 0.00, NULL, NULL, NULL, 'ordered_quantities', NULL, NULL, 0.00, 0.00, 0.00, NULL, NULL),
(354, 'Tiket Pak Glen SPT-JKT 31-05-2025', NULL, 0.00, NULL, NULL, NULL, 0, '26027333910', '39776467873', 0, '0354', NULL, 1500000.00, NULL, 1, NULL, NULL, NULL, NULL, 'can_be_purchased', NULL, NULL, NULL, NULL, NULL, NULL, 0, NULL, NULL, NULL, NULL, NULL, NULL, NULL, NULL, '', NULL, NULL, NULL, NULL, NULL, 0.00, NULL, NULL, NULL, 'ordered_quantities', NULL, NULL, 0.00, 0.00, 0.00, NULL, NULL),
(355, 'Operasional Pak Jangkung JKT-SPT 28-05-2025', NULL, 0.00, NULL, NULL, NULL, 0, '59642152162', '79731904815', 0, '0355', NULL, 3000000.00, NULL, 1, NULL, NULL, NULL, NULL, 'can_be_purchased', NULL, NULL, NULL, NULL, NULL, NULL, 0, NULL, NULL, NULL, NULL, NULL, NULL, NULL, NULL, '', NULL, NULL, NULL, NULL, NULL, 0.00, NULL, NULL, NULL, 'ordered_quantities', NULL, NULL, 0.00, 0.00, 0.00, NULL, NULL),
(356, 'Solar', NULL, 0.00, NULL, NULL, NULL, 0, '75692536874', '58678401123', 0, '0356', NULL, 13500.00, NULL, 1, NULL, NULL, NULL, NULL, 'can_be_purchased', NULL, NULL, NULL, NULL, NULL, NULL, 0, NULL, NULL, NULL, NULL, NULL, NULL, NULL, NULL, '', NULL, NULL, NULL, NULL, NULL, 0.00, NULL, NULL, NULL, 'ordered_quantities', NULL, NULL, 0.00, 0.00, 0.00, NULL, NULL),
(357, 'Konsumsi 10 karyawan office 3x makan sehari', NULL, 0.00, NULL, NULL, NULL, 0, '58200529367', '39521504138', 0, '0357', NULL, 315000.00, NULL, 1, NULL, NULL, NULL, NULL, 'can_be_purchased', NULL, NULL, NULL, NULL, NULL, NULL, 0, NULL, NULL, NULL, NULL, NULL, NULL, NULL, NULL, '', NULL, NULL, NULL, NULL, NULL, 0.00, NULL, NULL, NULL, 'ordered_quantities', NULL, NULL, 0.00, 0.00, 0.00, NULL, NULL),
(358, 'Konsumsi 9 Karyawan lapangan 1x makan sehari', NULL, 0.00, NULL, NULL, NULL, 0, '18470961856', '29776906714', 0, '0358', NULL, 105000.00, NULL, 1, NULL, NULL, NULL, NULL, 'can_be_purchased', NULL, NULL, NULL, NULL, NULL, NULL, 0, NULL, NULL, NULL, NULL, NULL, NULL, NULL, NULL, '', NULL, NULL, NULL, NULL, NULL, 0.00, NULL, NULL, NULL, 'ordered_quantities', NULL, NULL, 0.00, 0.00, 0.00, NULL, NULL),
(359, 'Masker safety', NULL, 0.00, NULL, NULL, NULL, 0, '21141753577', '04371552683', 0, '0359', NULL, 30000.00, NULL, 1, NULL, NULL, NULL, NULL, 'can_be_purchased', NULL, NULL, NULL, NULL, NULL, NULL, 0, NULL, NULL, NULL, NULL, NULL, NULL, NULL, NULL, '', NULL, NULL, NULL, NULL, NULL, 0.00, NULL, NULL, NULL, 'ordered_quantities', NULL, NULL, 0.00, 0.00, 0.00, NULL, NULL),
(360, 'Kertas thermal kassen 80x70', NULL, 0.00, NULL, NULL, NULL, 0, '14604652961', '92865358055', 0, '0360', NULL, 16000.00, NULL, 1, NULL, NULL, NULL, NULL, 'can_be_purchased', NULL, NULL, NULL, NULL, NULL, NULL, 0, NULL, NULL, NULL, NULL, NULL, NULL, NULL, NULL, '', NULL, NULL, NULL, NULL, NULL, 0.00, NULL, NULL, NULL, 'ordered_quantities', NULL, NULL, 0.00, 0.00, 0.00, NULL, NULL),
(361, 'Usb hub 3.0 digigear 7 port', NULL, 0.00, NULL, NULL, NULL, 0, '98141468619', '09008080467', 0, '0361', NULL, 120000.00, NULL, 1, NULL, NULL, NULL, NULL, 'can_be_purchased', NULL, NULL, NULL, NULL, NULL, NULL, 0, NULL, NULL, NULL, NULL, NULL, NULL, NULL, NULL, '', NULL, NULL, NULL, NULL, NULL, 0.00, NULL, NULL, NULL, 'ordered_quantities', NULL, NULL, 0.00, 0.00, 0.00, NULL, NULL),
(362, 'Tagihan starlink', NULL, 0.00, NULL, NULL, NULL, 0, '18606071382', '57187093144', 0, '0362', NULL, 1250000.00, NULL, 1, NULL, NULL, NULL, NULL, 'can_be_purchased', NULL, NULL, NULL, NULL, NULL, NULL, 0, NULL, NULL, NULL, NULL, NULL, NULL, NULL, NULL, '', NULL, NULL, NULL, NULL, NULL, 0.00, NULL, NULL, NULL, 'ordered_quantities', NULL, NULL, 0.00, 0.00, 0.00, NULL, NULL),
(363, 'Tagihan starlink', NULL, 0.00, NULL, NULL, NULL, 0, '86624661237', '89389878156', 0, '0363', NULL, 1215000.00, NULL, 1, NULL, NULL, NULL, NULL, 'can_be_purchased', NULL, NULL, NULL, NULL, NULL, NULL, 0, NULL, NULL, NULL, NULL, NULL, NULL, NULL, NULL, '', NULL, NULL, NULL, NULL, NULL, 0.00, NULL, NULL, NULL, 'ordered_quantities', NULL, NULL, 0.00, 0.00, 0.00, NULL, NULL),
(364, 'Tiket pesawat', NULL, 0.00, NULL, NULL, NULL, 0, '91383741508', '17484292566', 0, '0364', NULL, 1500000.00, NULL, 1, NULL, NULL, NULL, NULL, 'can_be_purchased', NULL, NULL, NULL, NULL, NULL, NULL, 0, NULL, NULL, NULL, NULL, NULL, NULL, NULL, NULL, '', NULL, NULL, NULL, NULL, NULL, 0.00, NULL, NULL, NULL, 'ordered_quantities', NULL, NULL, 0.00, 0.00, 0.00, NULL, NULL),
(365, 'Travel samba ke bandara', NULL, 0.00, NULL, NULL, NULL, 0, '35252160088', '69979760244', 0, '0365', NULL, 250000.00, NULL, 1, NULL, NULL, NULL, NULL, 'can_be_purchased', NULL, NULL, NULL, NULL, NULL, NULL, 0, NULL, NULL, NULL, NULL, NULL, NULL, NULL, NULL, '', NULL, NULL, NULL, NULL, NULL, 0.00, NULL, NULL, NULL, 'ordered_quantities', NULL, NULL, 0.00, 0.00, 0.00, NULL, NULL),
(366, 'Travel bandara ke bandung', NULL, 0.00, NULL, NULL, NULL, 0, '77566833913', '31283423727', 0, '0366', NULL, 250000.00, NULL, 1, NULL, NULL, NULL, NULL, 'can_be_purchased', NULL, NULL, NULL, NULL, NULL, NULL, 0, NULL, NULL, NULL, NULL, NULL, NULL, NULL, NULL, '', NULL, NULL, NULL, NULL, NULL, 0.00, NULL, NULL, NULL, 'ordered_quantities', NULL, NULL, 0.00, 0.00, 0.00, NULL, NULL),
(367, 'INV202503-52935', NULL, 0.00, NULL, NULL, NULL, 0, '07501673024', '43541404051', 0, '0367', NULL, 21076125.00, NULL, 1, NULL, NULL, NULL, NULL, 'can_be_purchased', NULL, NULL, NULL, NULL, NULL, NULL, 0, NULL, NULL, NULL, NULL, NULL, NULL, NULL, NULL, '', NULL, NULL, NULL, NULL, NULL, 0.00, NULL, NULL, NULL, 'ordered_quantities', NULL, NULL, 0.00, 0.00, 0.00, NULL, NULL),
(368, 'INV202504-53062', NULL, 0.00, NULL, NULL, NULL, 0, '66470601543', '46159211947', 0, '0368', NULL, 13320000.00, NULL, 1, NULL, NULL, NULL, NULL, 'can_be_purchased', NULL, NULL, NULL, NULL, NULL, NULL, 0, NULL, NULL, NULL, NULL, NULL, NULL, NULL, NULL, '', NULL, NULL, NULL, NULL, NULL, 0.00, NULL, NULL, NULL, 'ordered_quantities', NULL, NULL, 0.00, 0.00, 0.00, NULL, NULL),
(369, '1 ekor sapi Bali BB 447 kg', NULL, 0.00, NULL, NULL, NULL, 0, '93456151956', '45788304462', 0, '0369', NULL, 31290000.00, NULL, 1, NULL, NULL, NULL, NULL, 'can_be_purchased', NULL, NULL, NULL, NULL, NULL, NULL, 0, NULL, NULL, NULL, NULL, NULL, NULL, NULL, NULL, '', NULL, NULL, NULL, NULL, NULL, 0.00, NULL, NULL, NULL, 'ordered_quantities', NULL, NULL, 0.00, 0.00, 0.00, NULL, NULL),
(370, 'Pembelian Keyboard Tab Pak Jangkung', NULL, 0.00, NULL, NULL, NULL, 0, '77806269389', '73787534237', 0, '0370', NULL, 500000.00, NULL, 1, NULL, NULL, NULL, NULL, 'can_be_purchased', NULL, NULL, NULL, NULL, NULL, NULL, 0, NULL, NULL, NULL, NULL, NULL, NULL, NULL, NULL, '', NULL, NULL, NULL, NULL, NULL, 0.00, NULL, NULL, NULL, 'ordered_quantities', NULL, NULL, 0.00, 0.00, 0.00, NULL, NULL),
(371, 'BBM BIO SOLAR PT. SBS 20 KL 050/SP/SBS-BJM/V/2025', NULL, 0.00, NULL, NULL, NULL, 0, '21585747288', '02518042416', 0, '0371', NULL, 16810.00, NULL, 1, NULL, NULL, NULL, NULL, 'can_be_purchased', NULL, NULL, NULL, NULL, NULL, NULL, 0, NULL, NULL, NULL, NULL, NULL, NULL, NULL, NULL, '', NULL, NULL, NULL, NULL, NULL, 0.00, NULL, NULL, NULL, 'ordered_quantities', NULL, NULL, 0.00, 0.00, 0.00, NULL, NULL),
(372, 'Pembelian Keyboard Tab Pak Glen', NULL, 0.00, NULL, NULL, NULL, 0, '06393967814', '10557330774', 0, '0372', NULL, 500000.00, NULL, 1, NULL, NULL, NULL, NULL, 'can_be_purchased', NULL, NULL, NULL, NULL, NULL, NULL, 0, NULL, NULL, NULL, NULL, NULL, NULL, NULL, NULL, '', NULL, NULL, NULL, NULL, NULL, 0.00, NULL, NULL, NULL, 'ordered_quantities', NULL, NULL, 0.00, 0.00, 0.00, NULL, NULL),
(373, 'bahan dapur', NULL, 0.00, NULL, NULL, NULL, 0, '13394748027', '43446277431', 0, '0373', NULL, 4410000.00, NULL, 1, NULL, NULL, NULL, NULL, 'can_be_purchased', NULL, NULL, NULL, NULL, NULL, NULL, 0, NULL, NULL, NULL, NULL, NULL, NULL, NULL, NULL, '', NULL, NULL, NULL, NULL, NULL, 0.00, NULL, NULL, NULL, 'ordered_quantities', NULL, NULL, 0.00, 0.00, 0.00, NULL, NULL),
(374, 'Token listrik kantor', NULL, 0.00, NULL, NULL, NULL, 0, '39352140043', '67956550099', 0, '0374', NULL, 500000.00, NULL, 1, NULL, NULL, NULL, NULL, 'can_be_purchased', NULL, NULL, NULL, NULL, NULL, NULL, 0, NULL, NULL, NULL, NULL, NULL, NULL, NULL, NULL, '', NULL, NULL, NULL, NULL, NULL, 0.00, NULL, NULL, NULL, 'ordered_quantities', NULL, NULL, 0.00, 0.00, 0.00, NULL, NULL),
(375, 'Operasional Pak Glen Jakarta-Cimanggis-Cirebon 28 Mei 2025', NULL, 0.00, NULL, NULL, NULL, 0, '32480515382', '92773953684', 0, '0375', NULL, 1300000.00, NULL, 1, NULL, NULL, NULL, NULL, 'can_be_purchased', NULL, NULL, NULL, NULL, NULL, NULL, 0, NULL, NULL, NULL, NULL, NULL, NULL, NULL, NULL, '', NULL, NULL, NULL, NULL, NULL, 0.00, NULL, NULL, NULL, 'ordered_quantities', NULL, NULL, 0.00, 0.00, 0.00, NULL, NULL),
(376, 'Latrit', NULL, 0.00, NULL, NULL, NULL, 0, '37459846833', '09018026723', 0, '0376', NULL, 750000.00, NULL, 1, NULL, NULL, NULL, NULL, 'can_be_purchased', NULL, NULL, NULL, NULL, NULL, NULL, 0, NULL, NULL, NULL, NULL, NULL, NULL, NULL, NULL, '', NULL, NULL, NULL, NULL, NULL, 0.00, NULL, NULL, NULL, 'ordered_quantities', NULL, NULL, 0.00, 0.00, 0.00, NULL, NULL),
(377, 'Sling 25 meter', NULL, 0.00, NULL, NULL, NULL, 0, '72891076262', '88346022851', 0, '0377', NULL, 55000.00, NULL, 1, NULL, NULL, NULL, NULL, 'can_be_purchased', NULL, NULL, NULL, NULL, NULL, NULL, 0, NULL, NULL, NULL, NULL, NULL, NULL, NULL, NULL, '', NULL, NULL, NULL, NULL, NULL, 0.00, NULL, NULL, NULL, 'ordered_quantities', NULL, NULL, 0.00, 0.00, 0.00, NULL, NULL),
(378, 'Kuku badak', NULL, 0.00, NULL, NULL, NULL, 0, '44505672000', '07290412692', 0, '0378', NULL, 20000.00, NULL, 1, NULL, NULL, NULL, NULL, 'can_be_purchased', NULL, NULL, NULL, NULL, NULL, NULL, 0, NULL, NULL, NULL, NULL, NULL, NULL, NULL, NULL, '', NULL, NULL, NULL, NULL, NULL, 0.00, NULL, NULL, NULL, 'ordered_quantities', NULL, NULL, 0.00, 0.00, 0.00, NULL, NULL),
(379, 'Pertalite', NULL, 0.00, NULL, NULL, NULL, 0, '86333607113', '24486250068', 0, '0379', NULL, 10000.00, NULL, 1, NULL, NULL, NULL, NULL, 'can_be_purchased', NULL, NULL, NULL, NULL, NULL, NULL, 0, NULL, NULL, NULL, NULL, NULL, NULL, NULL, NULL, '', NULL, NULL, NULL, NULL, NULL, 0.00, NULL, NULL, NULL, 'ordered_quantities', NULL, NULL, 0.00, 0.00, 0.00, NULL, NULL),
(380, 'Latrit', NULL, 0.00, NULL, NULL, NULL, 0, '42834676089', '38345965458', 0, '0380', NULL, 750000.00, NULL, 1, NULL, NULL, NULL, NULL, 'can_be_purchased', NULL, NULL, NULL, NULL, NULL, NULL, 0, NULL, NULL, NULL, NULL, NULL, NULL, NULL, NULL, '', NULL, NULL, NULL, NULL, NULL, 0.00, NULL, NULL, NULL, 'ordered_quantities', NULL, NULL, 0.00, 0.00, 0.00, NULL, NULL),
(381, 'Penginapan', NULL, 0.00, NULL, NULL, NULL, 0, '27414923844', '37503339556', 0, '0381', NULL, 250000.00, NULL, 1, NULL, NULL, NULL, NULL, 'can_be_purchased', NULL, NULL, NULL, NULL, NULL, NULL, 0, NULL, NULL, NULL, NULL, NULL, NULL, NULL, NULL, '', NULL, NULL, NULL, NULL, NULL, 0.00, NULL, NULL, NULL, 'ordered_quantities', NULL, NULL, 0.00, 0.00, 0.00, NULL, NULL),
(382, 'Makan', NULL, 0.00, NULL, NULL, NULL, 0, '02063295428', '99840368734', 0, '0382', NULL, 50000.00, NULL, 1, NULL, NULL, NULL, NULL, 'can_be_purchased', NULL, NULL, NULL, NULL, NULL, NULL, 0, NULL, NULL, NULL, NULL, NULL, NULL, NULL, NULL, '', NULL, NULL, NULL, NULL, NULL, 0.00, NULL, NULL, NULL, 'ordered_quantities', NULL, NULL, 0.00, 0.00, 0.00, NULL, NULL),
(383, 'kewajiban Jamrek 2014', NULL, 0.00, NULL, NULL, NULL, 0, '86134506051', '12346523464', 0, '0383', NULL, 1.00, NULL, 1, NULL, NULL, NULL, NULL, 'can_be_purchased', NULL, NULL, NULL, NULL, NULL, NULL, 0, NULL, NULL, NULL, NULL, NULL, NULL, NULL, NULL, '', NULL, NULL, NULL, NULL, NULL, 0.00, NULL, NULL, NULL, 'ordered_quantities', NULL, NULL, 0.00, 0.00, 0.00, NULL, NULL),
(384, 'Denda DMO sebesar USD, 46.939,40', NULL, 0.00, NULL, NULL, NULL, 0, '24462435996', '21200395122', 0, '0384', NULL, 750000000.00, NULL, 1, NULL, NULL, NULL, NULL, 'can_be_purchased', NULL, NULL, NULL, NULL, NULL, NULL, 0, NULL, NULL, NULL, NULL, NULL, NULL, NULL, NULL, '', NULL, NULL, NULL, NULL, NULL, 0.00, NULL, NULL, NULL, 'ordered_quantities', NULL, NULL, 0.00, 0.00, 0.00, NULL, NULL),
(385, 'tagihan SEAL terkait PNBP, jenis IURAN TETAP', NULL, 0.00, NULL, NULL, NULL, 0, '98450708564', '18858796372', 0, '0385', NULL, 541000000.00, NULL, 1, NULL, NULL, NULL, NULL, 'can_be_purchased', NULL, NULL, NULL, NULL, NULL, NULL, 0, NULL, NULL, NULL, NULL, NULL, NULL, NULL, NULL, '', NULL, NULL, NULL, NULL, NULL, 0.00, NULL, NULL, NULL, 'ordered_quantities', NULL, NULL, 0.00, 0.00, 0.00, NULL, NULL),
(386, 'Sumbangan duka cita atas meninggalnya Mantir', NULL, 0.00, NULL, NULL, NULL, 0, '57150681599', '73093870578', 0, '0386', NULL, 1500000.00, NULL, 1, NULL, NULL, NULL, NULL, 'can_be_purchased', NULL, NULL, NULL, NULL, NULL, NULL, 0, NULL, NULL, NULL, NULL, NULL, NULL, NULL, NULL, '', NULL, NULL, NULL, NULL, NULL, 0.00, NULL, NULL, NULL, 'ordered_quantities', NULL, NULL, 0.00, 0.00, 0.00, NULL, NULL),
(387, 'Dana taktis polsek cempaga atas kunjungan polres', NULL, 0.00, NULL, NULL, NULL, 0, '88926713220', '19310250503', 0, '0387', NULL, 5000000.00, NULL, 1, NULL, NULL, NULL, NULL, 'can_be_purchased', NULL, NULL, NULL, NULL, NULL, NULL, 0, NULL, NULL, NULL, NULL, NULL, NULL, NULL, NULL, '', NULL, NULL, NULL, NULL, NULL, 0.00, NULL, NULL, NULL, 'ordered_quantities', NULL, NULL, 0.00, 0.00, 0.00, NULL, NULL),
(388, 'Penginapan', NULL, 0.00, NULL, NULL, NULL, 0, '96350938973', '24056161619', 0, '0388', NULL, 250000.00, NULL, 1, NULL, NULL, NULL, NULL, 'can_be_purchased', NULL, NULL, NULL, NULL, NULL, NULL, 0, NULL, NULL, NULL, NULL, NULL, NULL, NULL, NULL, '', NULL, NULL, NULL, NULL, NULL, 0.00, NULL, NULL, NULL, 'ordered_quantities', NULL, NULL, 0.00, 0.00, 0.00, NULL, NULL),
(389, 'dana taktis pelaksanaan Konferensi Pemilihan Calon Ketua Persatuan Wartawan Indonesia (PWI) Kabupaten Katingan', NULL, 0.00, NULL, NULL, NULL, 0, '96602602769', '76942873346', 0, '0389', NULL, 2500000.00, NULL, 1, NULL, NULL, NULL, NULL, 'can_be_purchased', NULL, NULL, NULL, NULL, NULL, NULL, 0, NULL, NULL, NULL, NULL, NULL, NULL, NULL, NULL, '', NULL, NULL, NULL, NULL, NULL, 0.00, NULL, NULL, NULL, 'ordered_quantities', NULL, NULL, 0.00, 0.00, 0.00, NULL, NULL),
(390, 'CSR tabligh akbar tumbang samba', NULL, 0.00, NULL, NULL, NULL, 0, '26353649229', '10815186082', 0, '0390', NULL, 2500000.00, NULL, 1, NULL, NULL, NULL, NULL, 'can_be_purchased', NULL, NULL, NULL, NULL, NULL, NULL, 0, NULL, NULL, NULL, NULL, NULL, NULL, NULL, NULL, '', NULL, NULL, NULL, NULL, NULL, 0.00, NULL, NULL, NULL, 'ordered_quantities', NULL, NULL, 0.00, 0.00, 0.00, NULL, NULL),
(391, 'reimburse akomodasi pak unggul meeting di subang tgl 16 mei', NULL, 0.00, NULL, NULL, NULL, 0, '32984603441', '87761977078', 0, '0391', NULL, 581000.00, NULL, 1, NULL, NULL, NULL, NULL, 'can_be_purchased', NULL, NULL, NULL, NULL, NULL, NULL, 0, NULL, NULL, NULL, NULL, NULL, NULL, NULL, NULL, '', NULL, NULL, NULL, NULL, NULL, 0.00, NULL, NULL, NULL, 'ordered_quantities', NULL, NULL, 0.00, 0.00, 0.00, NULL, NULL),
(392, 'Grease cobra', NULL, 0.00, NULL, NULL, NULL, 0, '75684906013', '54976435362', 0, '0392', NULL, 850000.00, NULL, 1, NULL, NULL, NULL, NULL, 'can_be_purchased', NULL, NULL, NULL, NULL, NULL, NULL, 0, NULL, NULL, NULL, NULL, NULL, NULL, NULL, NULL, '', NULL, NULL, NULL, NULL, NULL, 0.00, NULL, NULL, NULL, 'ordered_quantities', NULL, NULL, 0.00, 0.00, 0.00, NULL, NULL),
(393, 'Tiket Pak Jangkung SPT-JKT 31-05-2025', NULL, 0.00, NULL, NULL, NULL, 0, '70426911482', '48673844969', 0, '0393', NULL, 1410587.00, NULL, 1, NULL, NULL, NULL, NULL, 'can_be_purchased', NULL, NULL, NULL, NULL, NULL, NULL, 0, NULL, NULL, NULL, NULL, NULL, NULL, NULL, NULL, '', NULL, NULL, NULL, NULL, NULL, 0.00, NULL, NULL, NULL, 'ordered_quantities', NULL, NULL, 0.00, 0.00, 0.00, NULL, NULL),
(394, 'Pelunasan pengerjaan Dokumen Laporan PT SEAL ( Laporan RIPPM, Laporan Ketenegakerjaan dan Jumlah Laporan 8 bundel tahun 2022-2024)', NULL, 0.00, NULL, NULL, NULL, 0, '57404717231', '05218619640', 0, '0394', NULL, 15000000.00, NULL, 1, NULL, NULL, NULL, NULL, 'can_be_purchased', NULL, NULL, NULL, NULL, NULL, NULL, 0, NULL, NULL, NULL, NULL, NULL, NULL, NULL, NULL, '', NULL, NULL, NULL, NULL, NULL, 0.00, NULL, NULL, NULL, 'ordered_quantities', NULL, NULL, 0.00, 0.00, 0.00, NULL, NULL),
(395, 'Makan', NULL, 0.00, NULL, NULL, NULL, 0, '34916672058', '16276450110', 0, '0395', NULL, 50000.00, NULL, 1, NULL, NULL, NULL, NULL, 'can_be_purchased', NULL, NULL, NULL, NULL, NULL, NULL, 0, NULL, NULL, NULL, NULL, NULL, NULL, NULL, NULL, '', NULL, NULL, NULL, NULL, NULL, 0.00, NULL, NULL, NULL, 'ordered_quantities', NULL, NULL, 0.00, 0.00, 0.00, NULL, NULL),
(396, 'CSR PertandinganSepak Bola HNR Cup I 2025', NULL, 0.00, NULL, NULL, NULL, 0, '80785318775', '75103039645', 0, '0396', NULL, 40005000.00, NULL, 1, NULL, NULL, NULL, NULL, 'can_be_purchased', NULL, NULL, NULL, NULL, NULL, NULL, 0, NULL, NULL, NULL, NULL, NULL, NULL, NULL, NULL, '', NULL, NULL, NULL, NULL, NULL, 0.00, NULL, NULL, NULL, 'ordered_quantities', NULL, NULL, 0.00, 0.00, 0.00, NULL, NULL),
(397, 'dana taktis untuk wartawan 6 channel berita terkait acara nyanggar', NULL, 0.00, NULL, NULL, NULL, 0, '41284420463', '86019113669', 0, '0397', NULL, 3000000.00, NULL, 1, NULL, NULL, NULL, NULL, 'can_be_purchased', NULL, NULL, NULL, NULL, NULL, NULL, 0, NULL, NULL, NULL, NULL, NULL, NULL, NULL, NULL, '', NULL, NULL, NULL, NULL, NULL, 0.00, NULL, NULL, NULL, 'ordered_quantities', NULL, NULL, 0.00, 0.00, 0.00, NULL, NULL),
(398, 'Akomodasi', NULL, 0.00, NULL, NULL, NULL, 0, '11098409680', '10002050977', 0, '0398', NULL, 1300000.00, NULL, 1, NULL, NULL, NULL, NULL, 'can_be_purchased', NULL, NULL, NULL, NULL, NULL, NULL, 0, NULL, NULL, NULL, NULL, NULL, NULL, NULL, NULL, '', NULL, NULL, NULL, NULL, NULL, 0.00, NULL, NULL, NULL, 'ordered_quantities', NULL, NULL, 0.00, 0.00, 0.00, NULL, NULL),
(399, 'Penginapan', NULL, 0.00, NULL, NULL, NULL, 0, '82141829526', '70928557867', 0, '0399', NULL, 450000.00, NULL, 1, NULL, NULL, NULL, NULL, 'can_be_purchased', NULL, NULL, NULL, NULL, NULL, NULL, 0, NULL, NULL, NULL, NULL, NULL, NULL, NULL, NULL, '', NULL, NULL, NULL, NULL, NULL, 0.00, NULL, NULL, NULL, 'ordered_quantities', NULL, NULL, 0.00, 0.00, 0.00, NULL, NULL),
(400, 'Tiket', NULL, 0.00, NULL, NULL, NULL, 0, '54646398095', '03400129973', 0, '0400', NULL, 1500000.00, NULL, 1, NULL, NULL, NULL, NULL, 'can_be_purchased', NULL, NULL, NULL, NULL, NULL, NULL, 0, NULL, NULL, NULL, NULL, NULL, NULL, NULL, NULL, '', NULL, NULL, NULL, NULL, NULL, 0.00, NULL, NULL, NULL, 'ordered_quantities', NULL, NULL, 0.00, 0.00, 0.00, NULL, NULL),
(401, 'Akomodasi', NULL, 0.00, NULL, NULL, NULL, 0, '49522479847', '89636356218', 0, '0401', NULL, 3000000.00, NULL, 1, NULL, NULL, NULL, NULL, 'can_be_purchased', NULL, NULL, NULL, NULL, NULL, NULL, 0, NULL, NULL, NULL, NULL, NULL, NULL, NULL, NULL, '', NULL, NULL, NULL, NULL, NULL, 0.00, NULL, NULL, NULL, 'ordered_quantities', NULL, NULL, 0.00, 0.00, 0.00, NULL, NULL),
(402, 'Operasional Kantor Jakarta', NULL, 0.00, NULL, NULL, NULL, 0, '94042262401', '17552548256', 0, '0402', NULL, 993500.00, NULL, 1, NULL, NULL, NULL, NULL, 'can_be_purchased', NULL, NULL, NULL, NULL, NULL, NULL, 0, NULL, NULL, NULL, NULL, NULL, NULL, NULL, NULL, '', NULL, NULL, NULL, NULL, NULL, 0.00, NULL, NULL, NULL, 'ordered_quantities', NULL, NULL, 0.00, 0.00, 0.00, NULL, NULL),
(403, 'Pembayaran Tahap Pertama saat masuk dokumen', NULL, 0.00, NULL, NULL, NULL, 0, '06721487995', '47239439053', 0, '0403', NULL, 89000000.00, NULL, 1, NULL, NULL, NULL, NULL, 'can_be_purchased', NULL, NULL, NULL, NULL, NULL, NULL, 0, NULL, NULL, NULL, NULL, NULL, NULL, NULL, NULL, '', NULL, NULL, NULL, NULL, NULL, 0.00, NULL, NULL, NULL, 'ordered_quantities', NULL, NULL, 0.00, 0.00, 0.00, NULL, NULL),
(404, 'Makan pak santosa', NULL, 0.00, NULL, NULL, NULL, 0, '39992999069', '74738155704', 0, '0404', NULL, 50000.00, NULL, 1, NULL, NULL, NULL, NULL, 'can_be_purchased', NULL, NULL, NULL, NULL, NULL, NULL, 0, NULL, NULL, NULL, NULL, NULL, NULL, NULL, NULL, '', NULL, NULL, NULL, NULL, NULL, 0.00, NULL, NULL, NULL, 'ordered_quantities', NULL, NULL, 0.00, 0.00, 0.00, NULL, NULL),
(405, 'Makan driver', NULL, 0.00, NULL, NULL, NULL, 0, '91620809738', '28871819578', 0, '0405', NULL, 50000.00, NULL, 1, NULL, NULL, NULL, NULL, 'can_be_purchased', NULL, NULL, NULL, NULL, NULL, NULL, 0, NULL, NULL, NULL, NULL, NULL, NULL, NULL, NULL, '', NULL, NULL, NULL, NULL, NULL, 0.00, NULL, NULL, NULL, 'ordered_quantities', NULL, NULL, 0.00, 0.00, 0.00, NULL, NULL),
(406, 'Penginapan', NULL, 0.00, NULL, NULL, NULL, 0, '41463835643', '35731041649', 0, '0406', NULL, 350000.00, NULL, 1, NULL, NULL, NULL, NULL, 'can_be_purchased', NULL, NULL, NULL, NULL, NULL, NULL, 0, NULL, NULL, NULL, NULL, NULL, NULL, NULL, NULL, '', NULL, NULL, NULL, NULL, NULL, 0.00, NULL, NULL, NULL, 'ordered_quantities', NULL, NULL, 0.00, 0.00, 0.00, NULL, NULL),
(407, 'Konsumsi Satu minggu 11 orang karyawan office', NULL, 0.00, NULL, NULL, NULL, 0, '91013114926', '47118536362', 0, '0407', NULL, 315000.00, NULL, 1, NULL, NULL, NULL, NULL, 'can_be_purchased', NULL, NULL, NULL, NULL, NULL, NULL, 0, NULL, NULL, NULL, NULL, NULL, NULL, NULL, NULL, '', NULL, NULL, NULL, NULL, NULL, 0.00, NULL, NULL, NULL, 'ordered_quantities', NULL, NULL, 0.00, 0.00, 0.00, NULL, NULL),
(408, 'Konsumsi satu minggu 9 orang karyawan lapangan', NULL, 0.00, NULL, NULL, NULL, 0, '32997745261', '02223770158', 0, '0408', NULL, 105000.00, NULL, 1, NULL, NULL, NULL, NULL, 'can_be_purchased', NULL, NULL, NULL, NULL, NULL, NULL, 0, NULL, NULL, NULL, NULL, NULL, NULL, NULL, NULL, '', NULL, NULL, NULL, NULL, NULL, 0.00, NULL, NULL, NULL, 'ordered_quantities', NULL, NULL, 0.00, 0.00, 0.00, NULL, NULL);
INSERT INTO `tblitems` (`id`, `description`, `long_description`, `rate`, `tax`, `tax2`, `unit`, `group_id`, `commodity_code`, `commodity_barcode`, `unit_id`, `sku_code`, `sku_name`, `purchase_price`, `sub_group`, `active`, `parent_id`, `attributes`, `parent_attributes`, `can_be_sold`, `can_be_purchased`, `can_be_manufacturing`, `can_be_inventory`, `from_vendor_item`, `guarantee`, `profif_ratio`, `long_descriptions`, `without_checking_warehouse`, `series_id`, `warehouse_id`, `origin`, `color_id`, `style_id`, `model_id`, `size_id`, `commodity_type`, `commodity_name`, `color`, `product_type`, `description_internal_transfers`, `description_receipts`, `description_delivery_orders`, `customer_lead_time`, `replenish_on_order`, `supplier_taxes_id`, `description_sale`, `invoice_policy`, `purchase_unit_measure`, `manufacture`, `manufacturing_lead_time`, `weight`, `volume`, `hs_code`, `rate_currency_1`) VALUES
(409, 'biaya koordinasi pak Yanto utk penempatan anggota samapta polda di site', NULL, 0.00, NULL, NULL, NULL, 0, '15386488417', '68528519030', 0, '0409', NULL, 40000000.00, NULL, 1, NULL, NULL, NULL, NULL, 'can_be_purchased', NULL, NULL, NULL, NULL, NULL, NULL, 0, NULL, NULL, NULL, NULL, NULL, NULL, NULL, NULL, '', NULL, NULL, NULL, NULL, NULL, 0.00, NULL, NULL, NULL, 'ordered_quantities', NULL, NULL, 0.00, 0.00, 0.00, NULL, NULL),
(410, 'DP 2 ekor sapi untuk acara peresmian jetty', NULL, 0.00, NULL, NULL, NULL, 0, '24086784814', '86585924844', 0, '0410', NULL, 5000000.00, NULL, 1, NULL, NULL, NULL, NULL, 'can_be_purchased', NULL, NULL, NULL, NULL, NULL, NULL, 0, NULL, NULL, NULL, NULL, NULL, NULL, NULL, NULL, '', NULL, NULL, NULL, NULL, NULL, 0.00, NULL, NULL, NULL, 'ordered_quantities', NULL, NULL, 0.00, 0.00, 0.00, NULL, NULL),
(411, 'Operasional Kantor Jakarta - Konsumsi meeting Owner dengan Coeclerici', NULL, 0.00, NULL, NULL, NULL, 0, '03879781389', '05419386021', 0, '0411', NULL, 1401200.00, NULL, 1, NULL, NULL, NULL, NULL, 'can_be_purchased', NULL, NULL, NULL, NULL, NULL, NULL, 0, NULL, NULL, NULL, NULL, NULL, NULL, NULL, NULL, '', NULL, NULL, NULL, NULL, NULL, 0.00, NULL, NULL, NULL, 'ordered_quantities', NULL, NULL, 0.00, 0.00, 0.00, NULL, NULL),
(412, 'Fee Delivery', NULL, 0.00, NULL, NULL, NULL, 0, '74521053545', '91686057520', 0, '0412', NULL, 847033.00, NULL, 1, NULL, NULL, NULL, NULL, 'can_be_purchased', NULL, NULL, NULL, NULL, NULL, NULL, 0, NULL, NULL, NULL, NULL, NULL, NULL, NULL, NULL, '', NULL, NULL, NULL, NULL, NULL, 0.00, NULL, NULL, NULL, 'ordered_quantities', NULL, NULL, 0.00, 0.00, 0.00, NULL, NULL),
(413, 'Etoll Subang-Cimanggis', NULL, 0.00, NULL, NULL, NULL, 0, '18761768456', '18818319621', 0, '0413', NULL, 100000.00, NULL, 1, NULL, NULL, NULL, NULL, 'can_be_purchased', NULL, NULL, NULL, NULL, NULL, NULL, 0, NULL, NULL, NULL, NULL, NULL, NULL, NULL, NULL, '', NULL, NULL, NULL, NULL, NULL, 0.00, NULL, NULL, NULL, 'ordered_quantities', NULL, NULL, 0.00, 0.00, 0.00, NULL, NULL),
(414, 'Tali Rafia 5 pcs', NULL, 0.00, NULL, NULL, NULL, 0, '59697140246', '67768858200', 0, '0414', NULL, 105000.00, NULL, 1, NULL, NULL, NULL, NULL, 'can_be_purchased', NULL, NULL, NULL, NULL, NULL, NULL, 0, NULL, NULL, NULL, NULL, NULL, NULL, NULL, NULL, '', NULL, NULL, NULL, NULL, NULL, 0.00, NULL, NULL, NULL, 'ordered_quantities', NULL, NULL, 0.00, 0.00, 0.00, NULL, NULL),
(415, 'Biaya Muat', NULL, 0.00, NULL, NULL, NULL, 0, '97417456461', '50219298853', 0, '0415', NULL, 250000.00, NULL, 1, NULL, NULL, NULL, NULL, 'can_be_purchased', NULL, NULL, NULL, NULL, NULL, NULL, 0, NULL, NULL, NULL, NULL, NULL, NULL, NULL, NULL, '', NULL, NULL, NULL, NULL, NULL, 0.00, NULL, NULL, NULL, 'ordered_quantities', NULL, NULL, 0.00, 0.00, 0.00, NULL, NULL),
(416, 'Tambal ban', NULL, 0.00, NULL, NULL, NULL, 0, '19116746038', '79127351208', 0, '0416', NULL, 50000.00, NULL, 1, NULL, NULL, NULL, NULL, 'can_be_purchased', NULL, NULL, NULL, NULL, NULL, NULL, 0, NULL, NULL, NULL, NULL, NULL, NULL, NULL, NULL, '', NULL, NULL, NULL, NULL, NULL, 0.00, NULL, NULL, NULL, 'ordered_quantities', NULL, NULL, 0.00, 0.00, 0.00, NULL, NULL),
(417, 'Cuci mobil', NULL, 0.00, NULL, NULL, NULL, 0, '82864520753', '20277929495', 0, '0417', NULL, 115000.00, NULL, 1, NULL, NULL, NULL, NULL, 'can_be_purchased', NULL, NULL, NULL, NULL, NULL, NULL, 0, NULL, NULL, NULL, NULL, NULL, NULL, NULL, NULL, '', NULL, NULL, NULL, NULL, NULL, 0.00, NULL, NULL, NULL, 'ordered_quantities', NULL, NULL, 0.00, 0.00, 0.00, NULL, NULL),
(418, 'pengajuan tiket pesawat kepulangan pak andi sampit-jkt 4 juni', NULL, 0.00, NULL, NULL, NULL, 0, '72133705100', '85395516655', 0, '0418', NULL, 1482541.00, NULL, 1, NULL, NULL, NULL, NULL, 'can_be_purchased', NULL, NULL, NULL, NULL, NULL, NULL, 0, NULL, NULL, NULL, NULL, NULL, NULL, NULL, NULL, '', NULL, NULL, NULL, NULL, NULL, 0.00, NULL, NULL, NULL, 'ordered_quantities', NULL, NULL, 0.00, 0.00, 0.00, NULL, NULL),
(419, 'Operasional Polisi', NULL, 0.00, NULL, NULL, NULL, 0, '39040674357', '68639205817', 0, '0419', NULL, 150000.00, NULL, 1, NULL, NULL, NULL, NULL, 'can_be_purchased', NULL, NULL, NULL, NULL, NULL, NULL, 0, NULL, NULL, NULL, NULL, NULL, NULL, NULL, NULL, '', NULL, NULL, NULL, NULL, NULL, 0.00, NULL, NULL, NULL, 'ordered_quantities', NULL, NULL, 0.00, 0.00, 0.00, NULL, NULL),
(420, 'pengajuan akomodasi pak andi bandara - subang', NULL, 0.00, NULL, NULL, NULL, 0, '96234332591', '63178273216', 0, '0420', NULL, 300000.00, NULL, 1, NULL, NULL, NULL, NULL, 'can_be_purchased', NULL, NULL, NULL, NULL, NULL, NULL, 0, NULL, NULL, NULL, NULL, NULL, NULL, NULL, NULL, '', NULL, NULL, NULL, NULL, NULL, 0.00, NULL, NULL, NULL, 'ordered_quantities', NULL, NULL, 0.00, 0.00, 0.00, NULL, NULL),
(421, 'Tiket Pak Santosa - Jakarta-Sampit 04-05-2025', NULL, 0.00, NULL, NULL, NULL, 0, '21425493580', '92143746813', 0, '0421', NULL, 1400739.00, NULL, 1, NULL, NULL, NULL, NULL, 'can_be_purchased', NULL, NULL, NULL, NULL, NULL, NULL, 0, NULL, NULL, NULL, NULL, NULL, NULL, NULL, NULL, '', NULL, NULL, NULL, NULL, NULL, 0.00, NULL, NULL, NULL, 'ordered_quantities', NULL, NULL, 0.00, 0.00, 0.00, NULL, NULL),
(422, 'Operasional Pak Santosa - Palangka-Jakarta-Sampit', NULL, 0.00, NULL, NULL, NULL, 0, '84577298297', '25947310304', 0, '0422', NULL, 2740000.00, NULL, 1, NULL, NULL, NULL, NULL, 'can_be_purchased', NULL, NULL, NULL, NULL, NULL, NULL, 0, NULL, NULL, NULL, NULL, NULL, NULL, NULL, NULL, '', NULL, NULL, NULL, NULL, NULL, 0.00, NULL, NULL, NULL, 'ordered_quantities', NULL, NULL, 0.00, 0.00, 0.00, NULL, NULL),
(423, 'Penginapan', NULL, 0.00, NULL, NULL, NULL, 0, '96481304732', '51154877797', 0, '0423', NULL, 350000.00, NULL, 1, NULL, NULL, NULL, NULL, 'can_be_purchased', NULL, NULL, NULL, NULL, NULL, NULL, 0, NULL, NULL, NULL, NULL, NULL, NULL, NULL, NULL, '', NULL, NULL, NULL, NULL, NULL, 0.00, NULL, NULL, NULL, 'ordered_quantities', NULL, NULL, 0.00, 0.00, 0.00, NULL, NULL),
(424, 'Makan', NULL, 0.00, NULL, NULL, NULL, 0, '73025024139', '13498638168', 0, '0424', NULL, 50000.00, NULL, 1, NULL, NULL, NULL, NULL, 'can_be_purchased', NULL, NULL, NULL, NULL, NULL, NULL, 0, NULL, NULL, NULL, NULL, NULL, NULL, NULL, NULL, '', NULL, NULL, NULL, NULL, NULL, 0.00, NULL, NULL, NULL, 'ordered_quantities', NULL, NULL, 0.00, 0.00, 0.00, NULL, NULL),
(425, 'Tiket JKT-SPT 04-06-2025', NULL, 0.00, NULL, NULL, NULL, 0, '22040727442', '55017143164', 0, '0425', NULL, 1650000.00, NULL, 1, NULL, NULL, NULL, NULL, 'can_be_purchased', NULL, NULL, NULL, NULL, NULL, NULL, 0, NULL, NULL, NULL, NULL, NULL, NULL, NULL, NULL, '', NULL, NULL, NULL, NULL, NULL, 0.00, NULL, NULL, NULL, 'ordered_quantities', NULL, NULL, 0.00, 0.00, 0.00, NULL, NULL),
(426, 'Akomodasi', NULL, 0.00, NULL, NULL, NULL, 0, '57810337161', '34643019413', 0, '0426', NULL, 3000000.00, NULL, 1, NULL, NULL, NULL, NULL, 'can_be_purchased', NULL, NULL, NULL, NULL, NULL, NULL, 0, NULL, NULL, NULL, NULL, NULL, NULL, NULL, NULL, '', NULL, NULL, NULL, NULL, NULL, 0.00, NULL, NULL, NULL, 'ordered_quantities', NULL, NULL, 0.00, 0.00, 0.00, NULL, NULL),
(427, 'dana koordinasi polres kotim 1 ekor sapi hewan qurban', NULL, 0.00, NULL, NULL, NULL, 0, '95689872227', '08121553355', 0, '0427', NULL, 20000000.00, NULL, 1, NULL, NULL, NULL, NULL, 'can_be_purchased', NULL, NULL, NULL, NULL, NULL, NULL, 0, NULL, NULL, NULL, NULL, NULL, NULL, NULL, NULL, '', NULL, NULL, NULL, NULL, NULL, 0.00, NULL, NULL, NULL, 'ordered_quantities', NULL, NULL, 0.00, 0.00, 0.00, NULL, NULL),
(428, 'pengajuan pembayaran angsuran BPJSTK SEAL', NULL, 0.00, NULL, NULL, NULL, 0, '35093038869', '74945723922', 0, '0428', NULL, 4392456.00, NULL, 1, NULL, NULL, NULL, NULL, 'can_be_purchased', NULL, NULL, NULL, NULL, NULL, NULL, 0, NULL, NULL, NULL, NULL, NULL, NULL, NULL, NULL, '', NULL, NULL, NULL, NULL, NULL, 0.00, NULL, NULL, NULL, 'ordered_quantities', NULL, NULL, 0.00, 0.00, 0.00, NULL, NULL),
(429, 'Sepatu boot', NULL, 0.00, NULL, NULL, NULL, 0, '38823847228', '90153035527', 0, '0429', NULL, 200000.00, NULL, 1, NULL, NULL, NULL, NULL, 'can_be_purchased', NULL, NULL, NULL, NULL, NULL, NULL, 0, NULL, NULL, NULL, NULL, NULL, NULL, NULL, NULL, '', NULL, NULL, NULL, NULL, NULL, 0.00, NULL, NULL, NULL, 'ordered_quantities', NULL, NULL, 0.00, 0.00, 0.00, NULL, NULL),
(430, 'Kebutuhan operasional', NULL, 0.00, NULL, NULL, NULL, 0, '39019199368', '80607432281', 0, '0430', NULL, 410000.00, NULL, 1, NULL, NULL, NULL, NULL, 'can_be_purchased', NULL, NULL, NULL, NULL, NULL, NULL, 0, NULL, NULL, NULL, NULL, NULL, NULL, NULL, NULL, '', NULL, NULL, NULL, NULL, NULL, 0.00, NULL, NULL, NULL, 'ordered_quantities', NULL, NULL, 0.00, 0.00, 0.00, NULL, NULL),
(431, 'DP Portal IoT dengan quantity 3 dan unit price nya', NULL, 0.00, NULL, NULL, NULL, 0, '38073721229', '13222675671', 0, '0431', NULL, 56000000.00, NULL, 1, NULL, NULL, NULL, NULL, 'can_be_purchased', NULL, NULL, NULL, NULL, NULL, NULL, 0, NULL, NULL, NULL, NULL, NULL, NULL, NULL, NULL, '', NULL, NULL, NULL, NULL, NULL, 0.00, NULL, NULL, NULL, 'ordered_quantities', NULL, NULL, 0.00, 0.00, 0.00, NULL, NULL),
(432, 'DP Perubahan & Pengembangan Mine System', NULL, 0.00, NULL, NULL, NULL, 0, '50095187869', '84795794923', 0, '0432', NULL, 5000000.00, NULL, 1, NULL, NULL, NULL, NULL, 'can_be_purchased', NULL, NULL, NULL, NULL, NULL, NULL, 0, NULL, NULL, NULL, NULL, NULL, NULL, NULL, NULL, '', NULL, NULL, NULL, NULL, NULL, 0.00, NULL, NULL, NULL, 'ordered_quantities', NULL, NULL, 0.00, 0.00, 0.00, NULL, NULL),
(433, 'biaya bahan dapur', NULL, 0.00, NULL, NULL, NULL, 0, '32843998364', '91490076169', 0, '0433', NULL, 5040000.00, NULL, 1, NULL, NULL, NULL, NULL, 'can_be_purchased', NULL, NULL, NULL, NULL, NULL, NULL, 0, NULL, NULL, NULL, NULL, NULL, NULL, NULL, NULL, '', NULL, NULL, NULL, NULL, NULL, 0.00, NULL, NULL, NULL, 'ordered_quantities', NULL, NULL, 0.00, 0.00, 0.00, NULL, NULL),
(434, 'Fuel jemput mobil L300 dan Operasional', NULL, 0.00, NULL, NULL, NULL, 0, '89616586250', '36216254626', 0, '0434', NULL, 300000.00, NULL, 1, NULL, NULL, NULL, NULL, 'can_be_purchased', NULL, NULL, NULL, NULL, NULL, NULL, 0, NULL, NULL, NULL, NULL, NULL, NULL, NULL, NULL, '', NULL, NULL, NULL, NULL, NULL, 0.00, NULL, NULL, NULL, 'ordered_quantities', NULL, NULL, 0.00, 0.00, 0.00, NULL, NULL),
(435, 'Operasional dan Akomodasi pengantaran 500 Hampers ke Sampit PP', NULL, 0.00, NULL, NULL, NULL, 0, '53536404832', '80584144654', 0, '0435', NULL, 15432000.00, NULL, 1, NULL, NULL, NULL, NULL, 'can_be_purchased', NULL, NULL, NULL, NULL, NULL, NULL, 0, NULL, NULL, NULL, NULL, NULL, NULL, NULL, NULL, '', NULL, NULL, NULL, NULL, NULL, 0.00, NULL, NULL, NULL, 'ordered_quantities', NULL, NULL, 0.00, 0.00, 0.00, NULL, NULL),
(436, 'dana darurat di perjalanan', NULL, 0.00, NULL, NULL, NULL, 0, '29232752547', '05069974622', 0, '0436', NULL, 600000.00, NULL, 1, NULL, NULL, NULL, NULL, 'can_be_purchased', NULL, NULL, NULL, NULL, NULL, NULL, 0, NULL, NULL, NULL, NULL, NULL, NULL, NULL, NULL, '', NULL, NULL, NULL, NULL, NULL, 0.00, NULL, NULL, NULL, 'ordered_quantities', NULL, NULL, 0.00, 0.00, 0.00, NULL, NULL),
(437, 'Tiket Pesawat Jakarta-Sampit', NULL, 0.00, NULL, NULL, NULL, 0, '99822335978', '59674064516', 0, '0437', NULL, 1147360.00, NULL, 1, NULL, NULL, NULL, NULL, 'can_be_purchased', NULL, NULL, NULL, NULL, NULL, NULL, 0, NULL, NULL, NULL, NULL, NULL, NULL, NULL, NULL, '', NULL, NULL, NULL, NULL, NULL, 0.00, NULL, NULL, NULL, 'ordered_quantities', NULL, NULL, 0.00, 0.00, 0.00, NULL, NULL),
(438, 'Tiket Pesawat Palangka-Jakarta', NULL, 0.00, NULL, NULL, NULL, 0, '66404313152', '98898177539', 0, '0438', NULL, 608622.00, NULL, 1, NULL, NULL, NULL, NULL, 'can_be_purchased', NULL, NULL, NULL, NULL, NULL, NULL, 0, NULL, NULL, NULL, NULL, NULL, NULL, NULL, NULL, '', NULL, NULL, NULL, NULL, NULL, 0.00, NULL, NULL, NULL, 'ordered_quantities', NULL, NULL, 0.00, 0.00, 0.00, NULL, NULL),
(439, 'Akomodasi di Jakarta 03-06-2025', NULL, 0.00, NULL, NULL, NULL, 0, '75432822907', '58265169967', 0, '0439', NULL, 1300000.00, NULL, 1, NULL, NULL, NULL, NULL, 'can_be_purchased', NULL, NULL, NULL, NULL, NULL, NULL, 0, NULL, NULL, NULL, NULL, NULL, NULL, NULL, NULL, '', NULL, NULL, NULL, NULL, NULL, 0.00, NULL, NULL, NULL, 'ordered_quantities', NULL, NULL, 0.00, 0.00, 0.00, NULL, NULL),
(440, 'Akomodasi di Jakarta 05-06-2025', NULL, 0.00, NULL, NULL, NULL, 0, '11564272903', '39981935350', 0, '0440', NULL, 1300000.00, NULL, 1, NULL, NULL, NULL, NULL, 'can_be_purchased', NULL, NULL, NULL, NULL, NULL, NULL, 0, NULL, NULL, NULL, NULL, NULL, NULL, NULL, NULL, '', NULL, NULL, NULL, NULL, NULL, 0.00, NULL, NULL, NULL, 'ordered_quantities', NULL, NULL, 0.00, 0.00, 0.00, NULL, NULL),
(441, 'Tiket pesawat', NULL, 0.00, NULL, NULL, NULL, 0, '98470406161', '90310465724', 0, '0441', NULL, 1600000.00, NULL, 1, NULL, NULL, NULL, NULL, 'can_be_purchased', NULL, NULL, NULL, NULL, NULL, NULL, 0, NULL, NULL, NULL, NULL, NULL, NULL, NULL, NULL, '', NULL, NULL, NULL, NULL, NULL, 0.00, NULL, NULL, NULL, 'ordered_quantities', NULL, NULL, 0.00, 0.00, 0.00, NULL, NULL),
(442, 'Travel ke bandara', NULL, 0.00, NULL, NULL, NULL, 0, '94662609844', '13640830722', 0, '0442', NULL, 250000.00, NULL, 1, NULL, NULL, NULL, NULL, 'can_be_purchased', NULL, NULL, NULL, NULL, NULL, NULL, 0, NULL, NULL, NULL, NULL, NULL, NULL, NULL, NULL, '', NULL, NULL, NULL, NULL, NULL, 0.00, NULL, NULL, NULL, 'ordered_quantities', NULL, NULL, 0.00, 0.00, 0.00, NULL, NULL),
(443, 'Travel bandara ke samba', NULL, 0.00, NULL, NULL, NULL, 0, '21788148514', '18194110104', 0, '0443', NULL, 250000.00, NULL, 1, NULL, NULL, NULL, NULL, 'can_be_purchased', NULL, NULL, NULL, NULL, NULL, NULL, 0, NULL, NULL, NULL, NULL, NULL, NULL, NULL, NULL, '', NULL, NULL, NULL, NULL, NULL, 0.00, NULL, NULL, NULL, 'ordered_quantities', NULL, NULL, 0.00, 0.00, 0.00, NULL, NULL),
(444, 'DP Pemasangan CCTV', NULL, 0.00, NULL, NULL, NULL, 0, '25189075907', '06565626398', 0, '0444', NULL, 100000000.00, NULL, 1, NULL, NULL, NULL, NULL, 'can_be_purchased', NULL, NULL, NULL, NULL, NULL, NULL, 0, NULL, NULL, NULL, NULL, NULL, NULL, NULL, NULL, '', NULL, NULL, NULL, NULL, NULL, 0.00, NULL, NULL, NULL, 'ordered_quantities', NULL, NULL, 0.00, 0.00, 0.00, NULL, NULL),
(445, 'peresmian jetty', NULL, 0.00, NULL, NULL, NULL, 0, '83741655554', '93376356204', 0, '0445', NULL, 86205000.00, NULL, 1, NULL, NULL, NULL, NULL, 'can_be_purchased', NULL, NULL, NULL, NULL, NULL, NULL, 0, NULL, NULL, NULL, NULL, NULL, NULL, NULL, NULL, '', NULL, NULL, NULL, NULL, NULL, 0.00, NULL, NULL, NULL, 'ordered_quantities', NULL, NULL, 0.00, 0.00, 0.00, NULL, NULL),
(446, 'pelunasan 2 ekor sapi', NULL, 0.00, NULL, NULL, NULL, 0, '27224700735', '18161454310', 0, '0446', NULL, 29900000.00, NULL, 1, NULL, NULL, NULL, NULL, 'can_be_purchased', NULL, NULL, NULL, NULL, NULL, NULL, 0, NULL, NULL, NULL, NULL, NULL, NULL, NULL, NULL, '', NULL, NULL, NULL, NULL, NULL, 0.00, NULL, NULL, NULL, 'ordered_quantities', NULL, NULL, 0.00, 0.00, 0.00, NULL, NULL),
(447, 'Fuel all new avanza', NULL, 0.00, NULL, NULL, NULL, 0, '38785105890', '23368662460', 0, '0447', NULL, 10000.00, NULL, 1, NULL, NULL, NULL, NULL, 'can_be_purchased', NULL, NULL, NULL, NULL, NULL, NULL, 0, NULL, NULL, NULL, NULL, NULL, NULL, NULL, NULL, '', NULL, NULL, NULL, NULL, NULL, 0.00, NULL, NULL, NULL, 'ordered_quantities', NULL, NULL, 0.00, 0.00, 0.00, NULL, NULL),
(448, 'Kertas thermal', NULL, 0.00, NULL, NULL, NULL, 0, '07719905816', '43826179727', 0, '0448', NULL, 16000.00, NULL, 1, NULL, NULL, NULL, NULL, 'can_be_purchased', NULL, NULL, NULL, NULL, NULL, NULL, 0, NULL, NULL, NULL, NULL, NULL, NULL, NULL, NULL, '', NULL, NULL, NULL, NULL, NULL, 0.00, NULL, NULL, NULL, 'ordered_quantities', NULL, NULL, 0.00, 0.00, 0.00, NULL, NULL),
(449, 'Helm safety', NULL, 0.00, NULL, NULL, NULL, 0, '04166541850', '29817607601', 0, '0449', NULL, 200000.00, NULL, 1, NULL, NULL, NULL, NULL, 'can_be_purchased', NULL, NULL, NULL, NULL, NULL, NULL, 0, NULL, NULL, NULL, NULL, NULL, NULL, NULL, NULL, '', NULL, NULL, NULL, NULL, NULL, 0.00, NULL, NULL, NULL, 'ordered_quantities', NULL, NULL, 0.00, 0.00, 0.00, NULL, NULL),
(450, 'Rompi', NULL, 0.00, NULL, NULL, NULL, 0, '37025782701', '58832030404', 0, '0450', NULL, 150000.00, NULL, 1, NULL, NULL, NULL, NULL, 'can_be_purchased', NULL, NULL, NULL, NULL, NULL, NULL, 0, NULL, NULL, NULL, NULL, NULL, NULL, NULL, NULL, '', NULL, NULL, NULL, NULL, NULL, 0.00, NULL, NULL, NULL, 'ordered_quantities', NULL, NULL, 0.00, 0.00, 0.00, NULL, NULL),
(451, 'Sepatu safety', NULL, 0.00, NULL, NULL, NULL, 0, '82860810441', '56586916099', 0, '0451', NULL, 400000.00, NULL, 1, NULL, NULL, NULL, NULL, 'can_be_purchased', NULL, NULL, NULL, NULL, NULL, NULL, 0, NULL, NULL, NULL, NULL, NULL, NULL, NULL, NULL, '', NULL, NULL, NULL, NULL, NULL, 0.00, NULL, NULL, NULL, 'ordered_quantities', NULL, NULL, 0.00, 0.00, 0.00, NULL, NULL),
(452, 'Senter jaga malam pos timbangan', NULL, 0.00, NULL, NULL, NULL, 0, '63361528224', '00920133806', 0, '0452', NULL, 250000.00, NULL, 1, NULL, NULL, NULL, NULL, 'can_be_purchased', NULL, NULL, NULL, NULL, NULL, NULL, 0, NULL, NULL, NULL, NULL, NULL, NULL, NULL, NULL, '', NULL, NULL, NULL, NULL, NULL, 0.00, NULL, NULL, NULL, 'ordered_quantities', NULL, NULL, 0.00, 0.00, 0.00, NULL, NULL),
(453, 'Fuel jemput mobil L300 dan Operasional', NULL, 0.00, NULL, NULL, NULL, 0, '95563341051', '33951004387', 0, '0453', NULL, 300000.00, NULL, 1, NULL, NULL, NULL, NULL, 'can_be_purchased', NULL, NULL, NULL, NULL, NULL, NULL, 0, NULL, NULL, NULL, NULL, NULL, NULL, NULL, NULL, '', NULL, NULL, NULL, NULL, NULL, 0.00, NULL, NULL, NULL, 'ordered_quantities', NULL, NULL, 0.00, 0.00, 0.00, NULL, NULL),
(454, 'Tali tambang ikat Hampers', NULL, 0.00, NULL, NULL, NULL, 0, '43905815579', '90354165276', 0, '0454', NULL, 225000.00, NULL, 1, NULL, NULL, NULL, NULL, 'can_be_purchased', NULL, NULL, NULL, NULL, NULL, NULL, 0, NULL, NULL, NULL, NULL, NULL, NULL, NULL, NULL, '', NULL, NULL, NULL, NULL, NULL, 0.00, NULL, NULL, NULL, 'ordered_quantities', NULL, NULL, 0.00, 0.00, 0.00, NULL, NULL),
(455, 'Biosolar Industri IRE 10KL, arrived 5 Juni 2025', NULL, 0.00, NULL, NULL, NULL, 0, '31813191310', '30091722253', 0, '0455', NULL, 163999957.00, NULL, 1, NULL, NULL, NULL, NULL, 'can_be_purchased', NULL, NULL, NULL, NULL, NULL, NULL, 0, NULL, NULL, NULL, NULL, NULL, NULL, NULL, NULL, '', NULL, NULL, NULL, NULL, NULL, 0.00, NULL, NULL, NULL, 'ordered_quantities', NULL, NULL, 0.00, 0.00, 0.00, NULL, NULL),
(456, 'Tiket pesawat Jakarta - sampit', NULL, 0.00, NULL, NULL, NULL, 0, '91789738637', '38030374410', 0, '0456', NULL, 1300000.00, NULL, 1, NULL, NULL, NULL, NULL, 'can_be_purchased', NULL, NULL, NULL, NULL, NULL, NULL, 0, NULL, NULL, NULL, NULL, NULL, NULL, NULL, NULL, '', NULL, NULL, NULL, NULL, NULL, 0.00, NULL, NULL, NULL, 'ordered_quantities', NULL, NULL, 0.00, 0.00, 0.00, NULL, NULL),
(457, 'Uang operasional', NULL, 0.00, NULL, NULL, NULL, 0, '12387299371', '47830473680', 0, '0457', NULL, 1000000.00, NULL, 1, NULL, NULL, NULL, NULL, 'can_be_purchased', NULL, NULL, NULL, NULL, NULL, NULL, 0, NULL, NULL, NULL, NULL, NULL, NULL, NULL, NULL, '', NULL, NULL, NULL, NULL, NULL, 0.00, NULL, NULL, NULL, 'ordered_quantities', NULL, NULL, 0.00, 0.00, 0.00, NULL, NULL),
(458, 'Akomodasi rumah - bandara ', NULL, 0.00, NULL, NULL, NULL, 0, '39251151340', '40953326603', 0, '0458', NULL, 300000.00, NULL, 1, NULL, NULL, NULL, NULL, 'can_be_purchased', NULL, NULL, NULL, NULL, NULL, NULL, 0, NULL, NULL, NULL, NULL, NULL, NULL, NULL, NULL, '', NULL, NULL, NULL, NULL, NULL, 0.00, NULL, NULL, NULL, 'ordered_quantities', NULL, NULL, 0.00, 0.00, 0.00, NULL, NULL),
(459, 'Konsumsi meeting koordinasi Pak Glen dengan KSOP', NULL, 0.00, NULL, NULL, NULL, 0, '47959918442', '31310533014', 0, '0459', NULL, 1240700.00, NULL, 1, NULL, NULL, NULL, NULL, 'can_be_purchased', NULL, NULL, NULL, NULL, NULL, NULL, 0, NULL, NULL, NULL, NULL, NULL, NULL, NULL, NULL, '', NULL, NULL, NULL, NULL, NULL, 0.00, NULL, NULL, NULL, 'ordered_quantities', NULL, NULL, 0.00, 0.00, 0.00, NULL, NULL),
(460, 'Kursi', NULL, 0.00, NULL, NULL, NULL, 0, '89085935560', '43640929327', 0, '0460', NULL, 2480000.00, NULL, 1, NULL, NULL, NULL, NULL, 'can_be_purchased', NULL, NULL, NULL, NULL, NULL, NULL, 0, NULL, NULL, NULL, NULL, NULL, NULL, NULL, NULL, '', NULL, NULL, NULL, NULL, NULL, 0.00, NULL, NULL, NULL, 'ordered_quantities', NULL, NULL, 0.00, 0.00, 0.00, NULL, NULL),
(461, 'Tiket pesawat JKT-PKY', NULL, 0.00, NULL, NULL, NULL, 0, '83281087577', '70556449648', 0, '0461', NULL, 1600000.00, NULL, 1, NULL, NULL, NULL, NULL, 'can_be_purchased', NULL, NULL, NULL, NULL, NULL, NULL, 0, NULL, NULL, NULL, NULL, NULL, NULL, NULL, NULL, '', NULL, NULL, NULL, NULL, NULL, 0.00, NULL, NULL, NULL, 'ordered_quantities', NULL, NULL, 0.00, 0.00, 0.00, NULL, NULL),
(462, 'Akomodasi rumah-bandara', NULL, 0.00, NULL, NULL, NULL, 0, '35005029970', '98099166541', 0, '0462', NULL, 700000.00, NULL, 1, NULL, NULL, NULL, NULL, 'can_be_purchased', NULL, NULL, NULL, NULL, NULL, NULL, 0, NULL, NULL, NULL, NULL, NULL, NULL, NULL, NULL, '', NULL, NULL, NULL, NULL, NULL, 0.00, NULL, NULL, NULL, 'ordered_quantities', NULL, NULL, 0.00, 0.00, 0.00, NULL, NULL),
(463, 'Solar', NULL, 0.00, NULL, NULL, NULL, 0, '08273206830', '67091755230', 0, '0463', NULL, 13500.00, NULL, 1, NULL, NULL, NULL, NULL, 'can_be_purchased', NULL, NULL, NULL, NULL, NULL, NULL, 0, NULL, NULL, NULL, NULL, NULL, NULL, NULL, NULL, '', NULL, NULL, NULL, NULL, NULL, 0.00, NULL, NULL, NULL, 'ordered_quantities', NULL, NULL, 0.00, 0.00, 0.00, NULL, NULL),
(464, 'Sewa senso harian', NULL, 0.00, NULL, NULL, NULL, 0, '18846331585', '32443459134', 0, '0464', NULL, 250000.00, NULL, 1, NULL, NULL, NULL, NULL, 'can_be_purchased', NULL, NULL, NULL, NULL, NULL, NULL, 0, NULL, NULL, NULL, NULL, NULL, NULL, NULL, NULL, '', NULL, NULL, NULL, NULL, NULL, 0.00, NULL, NULL, NULL, 'ordered_quantities', NULL, NULL, 0.00, 0.00, 0.00, NULL, NULL),
(465, 'Perubahan perbaikan dokumen DLH sampit ', NULL, 0.00, NULL, NULL, NULL, 0, '69500911583', '76101066766', 0, '0465', NULL, 40000000.00, NULL, 1, NULL, NULL, NULL, NULL, 'can_be_purchased', NULL, NULL, NULL, NULL, NULL, NULL, 0, NULL, NULL, NULL, NULL, NULL, NULL, NULL, NULL, '', NULL, NULL, NULL, NULL, NULL, 0.00, NULL, NULL, NULL, 'ordered_quantities', NULL, NULL, 0.00, 0.00, 0.00, NULL, NULL),
(466, 'Konsumsi Tamu', NULL, 0.00, NULL, NULL, NULL, 0, '86951829304', '28385080096', 0, '0466', NULL, 1500000.00, NULL, 1, NULL, NULL, NULL, NULL, 'can_be_purchased', NULL, NULL, NULL, NULL, NULL, NULL, 0, NULL, NULL, NULL, NULL, NULL, NULL, NULL, NULL, '', NULL, NULL, NULL, NULL, NULL, 0.00, NULL, NULL, NULL, 'ordered_quantities', NULL, NULL, 0.00, 0.00, 0.00, NULL, NULL),
(467, 'pembayaran sisa dana koordinasi', NULL, 0.00, NULL, NULL, NULL, 0, '42899278822', '08134106118', 0, '0467', NULL, 97000000.00, NULL, 1, NULL, NULL, NULL, NULL, 'can_be_purchased', NULL, NULL, NULL, NULL, NULL, NULL, 0, NULL, NULL, NULL, NULL, NULL, NULL, NULL, NULL, '', NULL, NULL, NULL, NULL, NULL, 0.00, NULL, NULL, NULL, 'ordered_quantities', NULL, NULL, 0.00, 0.00, 0.00, NULL, NULL),
(468, 'DP 35% Jasa konsultan pengurusan izin tersus', NULL, 0.00, NULL, NULL, NULL, 0, '55369537685', '82771210975', 0, '0468', NULL, 122500000.00, NULL, 1, NULL, NULL, NULL, NULL, 'can_be_purchased', NULL, NULL, NULL, NULL, NULL, NULL, 0, NULL, NULL, NULL, NULL, NULL, NULL, NULL, NULL, '', NULL, NULL, NULL, NULL, NULL, 0.00, NULL, NULL, NULL, 'ordered_quantities', NULL, NULL, 0.00, 0.00, 0.00, NULL, NULL),
(469, 'Biosolar Industri IRE 20KL, arrived 9 Juni 2025', NULL, 0.00, NULL, NULL, NULL, 0, '07747971795', '29360593908', 0, '0469', NULL, 16400.00, NULL, 1, NULL, NULL, NULL, NULL, 'can_be_purchased', NULL, NULL, NULL, NULL, NULL, NULL, 0, NULL, NULL, NULL, NULL, NULL, NULL, NULL, NULL, '', NULL, NULL, NULL, NULL, NULL, 0.00, NULL, NULL, NULL, 'ordered_quantities', NULL, NULL, 0.00, 0.00, 0.00, NULL, NULL),
(470, 'Kursi', NULL, 0.00, NULL, NULL, NULL, 0, '35103395874', '56130133526', 0, '0470', NULL, 275000.00, NULL, 1, NULL, NULL, NULL, NULL, 'can_be_purchased', NULL, NULL, NULL, NULL, NULL, NULL, 0, NULL, NULL, NULL, NULL, NULL, NULL, NULL, NULL, '', NULL, NULL, NULL, NULL, NULL, 0.00, NULL, NULL, NULL, 'ordered_quantities', NULL, NULL, 0.00, 0.00, 0.00, NULL, NULL),
(471, 'Sepatu safety', NULL, 0.00, NULL, NULL, NULL, 0, '26045765918', '61618328826', 0, '0471', NULL, 350000.00, NULL, 1, NULL, NULL, NULL, NULL, 'can_be_purchased', NULL, NULL, NULL, NULL, NULL, NULL, 0, NULL, NULL, NULL, NULL, NULL, NULL, NULL, NULL, '', NULL, NULL, NULL, NULL, NULL, 0.00, NULL, NULL, NULL, 'ordered_quantities', NULL, NULL, 0.00, 0.00, 0.00, NULL, NULL),
(472, 'Oli genset', NULL, 0.00, NULL, NULL, NULL, 0, '87489531242', '74996051043', 0, '0472', NULL, 75000.00, NULL, 1, NULL, NULL, NULL, NULL, 'can_be_purchased', NULL, NULL, NULL, NULL, NULL, NULL, 0, NULL, NULL, NULL, NULL, NULL, NULL, NULL, NULL, '', NULL, NULL, NULL, NULL, NULL, 0.00, NULL, NULL, NULL, 'ordered_quantities', NULL, NULL, 0.00, 0.00, 0.00, NULL, NULL),
(473, 'Biaya makan', NULL, 0.00, NULL, NULL, NULL, 0, '05107654843', '19000607826', 0, '0473', NULL, 50000.00, NULL, 1, NULL, NULL, NULL, NULL, 'can_be_purchased', NULL, NULL, NULL, NULL, NULL, NULL, 0, NULL, NULL, NULL, NULL, NULL, NULL, NULL, NULL, '', NULL, NULL, NULL, NULL, NULL, 0.00, NULL, NULL, NULL, 'ordered_quantities', NULL, NULL, 0.00, 0.00, 0.00, NULL, NULL),
(474, 'Pembayaran harian pembantu', NULL, 0.00, NULL, NULL, NULL, 0, '13613355622', '39421211587', 0, '0474', NULL, 150000.00, NULL, 1, NULL, NULL, NULL, NULL, 'can_be_purchased', NULL, NULL, NULL, NULL, NULL, NULL, 0, NULL, NULL, NULL, NULL, NULL, NULL, NULL, NULL, '', NULL, NULL, NULL, NULL, NULL, 0.00, NULL, NULL, NULL, 'ordered_quantities', NULL, NULL, 0.00, 0.00, 0.00, NULL, NULL),
(475, 'Akomodasi Pak Glen ke Jakarta 09 Juni 2025', NULL, 0.00, NULL, NULL, NULL, 0, '21922295801', '82529057257', 0, '0475', NULL, 1300000.00, NULL, 1, NULL, NULL, NULL, NULL, 'can_be_purchased', NULL, NULL, NULL, NULL, NULL, NULL, 0, NULL, NULL, NULL, NULL, NULL, NULL, NULL, NULL, '', NULL, NULL, NULL, NULL, NULL, 0.00, NULL, NULL, NULL, 'ordered_quantities', NULL, NULL, 0.00, 0.00, 0.00, NULL, NULL),
(476, 'Penginapan Pak Glen di Jakarta 09 Juni 2025', NULL, 0.00, NULL, NULL, NULL, 0, '77354016410', '01388027792', 0, '0476', NULL, 500000.00, NULL, 1, NULL, NULL, NULL, NULL, 'can_be_purchased', NULL, NULL, NULL, NULL, NULL, NULL, 0, NULL, NULL, NULL, NULL, NULL, NULL, NULL, NULL, '', NULL, NULL, NULL, NULL, NULL, 0.00, NULL, NULL, NULL, 'ordered_quantities', NULL, NULL, 0.00, 0.00, 0.00, NULL, NULL),
(477, 'Penginapan', NULL, 0.00, NULL, NULL, NULL, 0, '59511868087', '67226872669', 0, '0477', NULL, 350000.00, NULL, 1, NULL, NULL, NULL, NULL, 'can_be_purchased', NULL, NULL, NULL, NULL, NULL, NULL, 0, NULL, NULL, NULL, NULL, NULL, NULL, NULL, NULL, '', NULL, NULL, NULL, NULL, NULL, 0.00, NULL, NULL, NULL, 'ordered_quantities', NULL, NULL, 0.00, 0.00, 0.00, NULL, NULL),
(478, 'Makan', NULL, 0.00, NULL, NULL, NULL, 0, '86418514848', '77891508184', 0, '0478', NULL, 150000.00, NULL, 1, NULL, NULL, NULL, NULL, 'can_be_purchased', NULL, NULL, NULL, NULL, NULL, NULL, 0, NULL, NULL, NULL, NULL, NULL, NULL, NULL, NULL, '', NULL, NULL, NULL, NULL, NULL, 0.00, NULL, NULL, NULL, 'ordered_quantities', NULL, NULL, 0.00, 0.00, 0.00, NULL, NULL),
(479, 'Biaya pembatu dapur', NULL, 0.00, NULL, NULL, NULL, 0, '28502737734', '87899923710', 0, '0479', NULL, 150000.00, NULL, 1, NULL, NULL, NULL, NULL, 'can_be_purchased', NULL, NULL, NULL, NULL, NULL, NULL, 0, NULL, NULL, NULL, NULL, NULL, NULL, NULL, NULL, '', NULL, NULL, NULL, NULL, NULL, 0.00, NULL, NULL, NULL, 'ordered_quantities', NULL, NULL, 0.00, 0.00, 0.00, NULL, NULL),
(480, 'Biaya konsumsi', NULL, 0.00, NULL, NULL, NULL, 0, '73490055368', '54884225044', 0, '0480', NULL, 2500000.00, NULL, 1, NULL, NULL, NULL, NULL, 'can_be_purchased', NULL, NULL, NULL, NULL, NULL, NULL, 0, NULL, NULL, NULL, NULL, NULL, NULL, NULL, NULL, '', NULL, NULL, NULL, NULL, NULL, 0.00, NULL, NULL, NULL, 'ordered_quantities', NULL, NULL, 0.00, 0.00, 0.00, NULL, NULL),
(481, 'Biaya pembantu tim survey', NULL, 0.00, NULL, NULL, NULL, 0, '61326120435', '01275796213', 0, '0481', NULL, 500000.00, NULL, 1, NULL, NULL, NULL, NULL, 'can_be_purchased', NULL, NULL, NULL, NULL, NULL, NULL, 0, NULL, NULL, NULL, NULL, NULL, NULL, NULL, NULL, '', NULL, NULL, NULL, NULL, NULL, 0.00, NULL, NULL, NULL, 'ordered_quantities', NULL, NULL, 0.00, 0.00, 0.00, NULL, NULL),
(482, 'Biaya operasional', NULL, 0.00, NULL, NULL, NULL, 0, '96146308238', '57723297094', 0, '0482', NULL, 2500000.00, NULL, 1, NULL, NULL, NULL, NULL, 'can_be_purchased', NULL, NULL, NULL, NULL, NULL, NULL, 0, NULL, NULL, NULL, NULL, NULL, NULL, NULL, NULL, '', NULL, NULL, NULL, NULL, NULL, 0.00, NULL, NULL, NULL, 'ordered_quantities', NULL, NULL, 0.00, 0.00, 0.00, NULL, NULL),
(483, 'Tiket Pak Glen dari Sampit ke Jakarta 12-06-2025', NULL, 0.00, NULL, NULL, NULL, 0, '30604192791', '96212940931', 0, '0483', NULL, 1500000.00, NULL, 1, NULL, NULL, NULL, NULL, 'can_be_purchased', NULL, NULL, NULL, NULL, NULL, NULL, 0, NULL, NULL, NULL, NULL, NULL, NULL, NULL, NULL, '', NULL, NULL, NULL, NULL, NULL, 0.00, NULL, NULL, NULL, 'ordered_quantities', NULL, NULL, 0.00, 0.00, 0.00, NULL, NULL),
(484, 'Pembelian kuota internet Kantor Jakarta', NULL, 0.00, NULL, NULL, NULL, 0, '68647292129', '58563955361', 0, '0484', NULL, 500000.00, NULL, 1, NULL, NULL, NULL, NULL, 'can_be_purchased', NULL, NULL, NULL, NULL, NULL, NULL, 0, NULL, NULL, NULL, NULL, NULL, NULL, NULL, NULL, '', NULL, NULL, NULL, NULL, NULL, 0.00, NULL, NULL, NULL, 'ordered_quantities', NULL, NULL, 0.00, 0.00, 0.00, NULL, NULL),
(485, 'Tiket Pak Jangkung & Pak Imron dari Palangka ke Jakarta', NULL, 0.00, NULL, NULL, NULL, 0, '50549730940', '53090747587', 0, '0485', NULL, 1990939.00, NULL, 1, NULL, NULL, NULL, NULL, 'can_be_purchased', NULL, NULL, NULL, NULL, NULL, NULL, 0, NULL, NULL, NULL, NULL, NULL, NULL, NULL, NULL, '', NULL, NULL, NULL, NULL, NULL, 0.00, NULL, NULL, NULL, 'ordered_quantities', NULL, NULL, 0.00, 0.00, 0.00, NULL, NULL),
(486, 'Penginapan Pak Glen di Sampit 10-12 Juni 2025', NULL, 0.00, NULL, NULL, NULL, 0, '20647742254', '21553790579', 0, '0486', NULL, 630000.00, NULL, 1, NULL, NULL, NULL, NULL, 'can_be_purchased', NULL, NULL, NULL, NULL, NULL, NULL, 0, NULL, NULL, NULL, NULL, NULL, NULL, NULL, NULL, '', NULL, NULL, NULL, NULL, NULL, 0.00, NULL, NULL, NULL, 'ordered_quantities', NULL, NULL, 0.00, 0.00, 0.00, NULL, NULL),
(487, 'Token listrik mess', NULL, 0.00, NULL, NULL, NULL, 0, '36133271315', '08090477610', 0, '0487', NULL, 500000.00, NULL, 1, NULL, NULL, NULL, NULL, 'can_be_purchased', NULL, NULL, NULL, NULL, NULL, NULL, 0, NULL, NULL, NULL, NULL, NULL, NULL, NULL, NULL, '', NULL, NULL, NULL, NULL, NULL, 0.00, NULL, NULL, NULL, 'ordered_quantities', NULL, NULL, 0.00, 0.00, 0.00, NULL, NULL),
(488, 'Grease cobra', NULL, 0.00, NULL, NULL, NULL, 0, '44572219811', '34139325608', 0, '0488', NULL, 850000.00, NULL, 1, NULL, NULL, NULL, NULL, 'can_be_purchased', NULL, NULL, NULL, NULL, NULL, NULL, 0, NULL, NULL, NULL, NULL, NULL, NULL, NULL, NULL, '', NULL, NULL, NULL, NULL, NULL, 0.00, NULL, NULL, NULL, 'ordered_quantities', NULL, NULL, 0.00, 0.00, 0.00, NULL, NULL),
(489, 'Cctv', NULL, 0.00, NULL, NULL, NULL, 0, '66878852146', '02256387114', 0, '0489', NULL, 1000000.00, NULL, 1, NULL, NULL, NULL, NULL, 'can_be_purchased', NULL, NULL, NULL, NULL, NULL, NULL, 0, NULL, NULL, NULL, NULL, NULL, NULL, NULL, NULL, '', NULL, NULL, NULL, NULL, NULL, 0.00, NULL, NULL, NULL, 'ordered_quantities', NULL, NULL, 0.00, 0.00, 0.00, NULL, NULL),
(490, 'Micro SD 256 GB', NULL, 0.00, NULL, NULL, NULL, 0, '59783819661', '43115640561', 0, '0490', NULL, 375000.00, NULL, 1, NULL, NULL, NULL, NULL, 'can_be_purchased', NULL, NULL, NULL, NULL, NULL, NULL, 0, NULL, NULL, NULL, NULL, NULL, NULL, NULL, NULL, '', NULL, NULL, NULL, NULL, NULL, 0.00, NULL, NULL, NULL, 'ordered_quantities', NULL, NULL, 0.00, 0.00, 0.00, NULL, NULL),
(491, 'Latrit', NULL, 0.00, NULL, NULL, NULL, 0, '76314432378', '44857174137', 0, '0491', NULL, 750000.00, NULL, 1, NULL, NULL, NULL, NULL, 'can_be_purchased', NULL, NULL, NULL, NULL, NULL, NULL, 0, NULL, NULL, NULL, NULL, NULL, NULL, NULL, NULL, '', NULL, NULL, NULL, NULL, NULL, 0.00, NULL, NULL, NULL, 'ordered_quantities', NULL, NULL, 0.00, 0.00, 0.00, NULL, NULL),
(492, 'sumbangan duka kecelakaan lalu lintas di tumbang marak', NULL, 0.00, NULL, NULL, NULL, 0, '04861242806', '81347518706', 0, '0492', NULL, 2500000.00, NULL, 1, NULL, NULL, NULL, NULL, 'can_be_purchased', NULL, NULL, NULL, NULL, NULL, NULL, 0, NULL, NULL, NULL, NULL, NULL, NULL, NULL, NULL, '', NULL, NULL, NULL, NULL, NULL, 0.00, NULL, NULL, NULL, 'ordered_quantities', NULL, NULL, 0.00, 0.00, 0.00, NULL, NULL),
(493, 'Konsumsi karyawan office satu minggu 3x maka Sehari', NULL, 0.00, NULL, NULL, NULL, 0, '04666364919', '55490573911', 0, '0493', NULL, 315000.00, NULL, 1, NULL, NULL, NULL, NULL, 'can_be_purchased', NULL, NULL, NULL, NULL, NULL, NULL, 0, NULL, NULL, NULL, NULL, NULL, NULL, NULL, NULL, '', NULL, NULL, NULL, NULL, NULL, 0.00, NULL, NULL, NULL, 'ordered_quantities', NULL, NULL, 0.00, 0.00, 0.00, NULL, NULL),
(494, 'Konsumsi karyawan lapangan satu minggu 1x makan sehari', NULL, 0.00, NULL, NULL, NULL, 0, '34560041730', '24034756925', 0, '0494', NULL, 105000.00, NULL, 1, NULL, NULL, NULL, NULL, 'can_be_purchased', NULL, NULL, NULL, NULL, NULL, NULL, 0, NULL, NULL, NULL, NULL, NULL, NULL, NULL, NULL, '', NULL, NULL, NULL, NULL, NULL, 0.00, NULL, NULL, NULL, 'ordered_quantities', NULL, NULL, 0.00, 0.00, 0.00, NULL, NULL),
(495, 'Sewa Mobil Toyota Avanza 1.3 Type E<br />\r\nCVT KH 1071 L', NULL, 0.00, NULL, NULL, NULL, 0, '66073795204', '55844388727', 0, '0495', NULL, 9900000.00, NULL, 1, NULL, NULL, NULL, NULL, 'can_be_purchased', NULL, NULL, NULL, NULL, NULL, NULL, 0, NULL, NULL, NULL, NULL, NULL, NULL, NULL, NULL, '', NULL, NULL, NULL, NULL, NULL, 0.00, NULL, NULL, NULL, 'ordered_quantities', NULL, NULL, 0.00, 0.00, 0.00, NULL, NULL),
(496, 'Biaya wartawan acara CSR di SMAN 1 Cempaga tgl 11 juni', NULL, 0.00, NULL, NULL, NULL, 0, '80804121114', '66498043743', 0, '0496', NULL, 500000.00, NULL, 1, NULL, NULL, NULL, NULL, 'can_be_purchased', NULL, NULL, NULL, NULL, NULL, NULL, 0, NULL, NULL, NULL, NULL, NULL, NULL, NULL, NULL, '', NULL, NULL, NULL, NULL, NULL, 0.00, NULL, NULL, NULL, 'ordered_quantities', NULL, NULL, 0.00, 0.00, 0.00, NULL, NULL),
(497, 'Ganti rugi', NULL, 0.00, NULL, NULL, NULL, 0, '94437556790', '62285673886', 0, '0497', NULL, 2000000.00, NULL, 1, NULL, NULL, NULL, NULL, 'can_be_purchased', NULL, NULL, NULL, NULL, NULL, NULL, 0, NULL, NULL, NULL, NULL, NULL, NULL, NULL, NULL, '', NULL, NULL, NULL, NULL, NULL, 0.00, NULL, NULL, NULL, 'ordered_quantities', NULL, NULL, 0.00, 0.00, 0.00, NULL, NULL),
(498, 'Penginapan', NULL, 0.00, NULL, NULL, NULL, 0, '74101053793', '16632002818', 0, '0498', NULL, 350000.00, NULL, 1, NULL, NULL, NULL, NULL, 'can_be_purchased', NULL, NULL, NULL, NULL, NULL, NULL, 0, NULL, NULL, NULL, NULL, NULL, NULL, NULL, NULL, '', NULL, NULL, NULL, NULL, NULL, 0.00, NULL, NULL, NULL, 'ordered_quantities', NULL, NULL, 0.00, 0.00, 0.00, NULL, NULL),
(499, 'Makan', NULL, 0.00, NULL, NULL, NULL, 0, '29392689215', '84972092056', 0, '0499', NULL, 50000.00, NULL, 1, NULL, NULL, NULL, NULL, 'can_be_purchased', NULL, NULL, NULL, NULL, NULL, NULL, 0, NULL, NULL, NULL, NULL, NULL, NULL, NULL, NULL, '', NULL, NULL, NULL, NULL, NULL, 0.00, NULL, NULL, NULL, 'ordered_quantities', NULL, NULL, 0.00, 0.00, 0.00, NULL, NULL),
(500, 'Biaya pertemuan luar kantor', NULL, 0.00, NULL, NULL, NULL, 0, '32657863051', '69842510297', 0, '0500', NULL, 600000.00, NULL, 1, NULL, NULL, NULL, NULL, 'can_be_purchased', NULL, NULL, NULL, NULL, NULL, NULL, 0, NULL, NULL, NULL, NULL, NULL, NULL, NULL, NULL, '', NULL, NULL, NULL, NULL, NULL, 0.00, NULL, NULL, NULL, 'ordered_quantities', NULL, NULL, 0.00, 0.00, 0.00, NULL, NULL),
(501, 'Pembelian Fuel Solar Pengembalian Mobil L300 ', NULL, 0.00, NULL, NULL, NULL, 0, '63062285658', '85296934090', 0, '0501', NULL, 100000.00, NULL, 1, NULL, NULL, NULL, NULL, 'can_be_purchased', NULL, NULL, NULL, NULL, NULL, NULL, 0, NULL, NULL, NULL, NULL, NULL, NULL, NULL, NULL, '', NULL, NULL, NULL, NULL, NULL, 0.00, NULL, NULL, NULL, 'ordered_quantities', NULL, NULL, 0.00, 0.00, 0.00, NULL, NULL),
(502, 'Penginapan Pak Imron, Pak Jangkung, & Pak Iyan di Sampit tanggal 09 Juni 2025', NULL, 0.00, NULL, NULL, NULL, 0, '17692345559', '71657783646', 0, '0502', NULL, 1095000.00, NULL, 1, NULL, NULL, NULL, NULL, 'can_be_purchased', NULL, NULL, NULL, NULL, NULL, NULL, 0, NULL, NULL, NULL, NULL, NULL, NULL, NULL, NULL, '', NULL, NULL, NULL, NULL, NULL, 0.00, NULL, NULL, NULL, 'ordered_quantities', NULL, NULL, 0.00, 0.00, 0.00, NULL, NULL),
(503, 'Penginapan Pak Imron, Pak Jangkung, Pak Iyan, & Mas Haikal di Sampit tanggal 10 Juni 2025', NULL, 0.00, NULL, NULL, NULL, 0, '94541588678', '72364627554', 0, '0503', NULL, 1080000.00, NULL, 1, NULL, NULL, NULL, NULL, 'can_be_purchased', NULL, NULL, NULL, NULL, NULL, NULL, 0, NULL, NULL, NULL, NULL, NULL, NULL, NULL, NULL, '', NULL, NULL, NULL, NULL, NULL, 0.00, NULL, NULL, NULL, 'ordered_quantities', NULL, NULL, 0.00, 0.00, 0.00, NULL, NULL),
(504, 'Travel Pak Imron, Pak Jangkung, Pak Iyan (turun di Samba) dari Sampit ke Palangka', NULL, 0.00, NULL, NULL, NULL, 0, '49728512053', '86747536182', 0, '0504', NULL, 922500.00, NULL, 1, NULL, NULL, NULL, NULL, 'can_be_purchased', NULL, NULL, NULL, NULL, NULL, NULL, 0, NULL, NULL, NULL, NULL, NULL, NULL, NULL, NULL, '', NULL, NULL, NULL, NULL, NULL, 0.00, NULL, NULL, NULL, 'ordered_quantities', NULL, NULL, 0.00, 0.00, 0.00, NULL, NULL),
(505, 'biaya survey orang dinas PTSP terkait perizinan survey jalan hauling kabuao 14 Juni', NULL, 0.00, NULL, NULL, NULL, 0, '90046781215', '58294423832', 0, '0505', NULL, 15000000.00, NULL, 1, NULL, NULL, NULL, NULL, 'can_be_purchased', NULL, NULL, NULL, NULL, NULL, NULL, 0, NULL, NULL, NULL, NULL, NULL, NULL, NULL, NULL, '', NULL, NULL, NULL, NULL, NULL, 0.00, NULL, NULL, NULL, 'ordered_quantities', NULL, NULL, 0.00, 0.00, 0.00, NULL, NULL),
(506, 'biaya bahan dapur', NULL, 0.00, NULL, NULL, NULL, 0, '46170466569', '13410478722', 0, '0506', NULL, 5040000.00, NULL, 1, NULL, NULL, NULL, NULL, 'can_be_purchased', NULL, NULL, NULL, NULL, NULL, NULL, 0, NULL, NULL, NULL, NULL, NULL, NULL, NULL, NULL, '', NULL, NULL, NULL, NULL, NULL, 0.00, NULL, NULL, NULL, 'ordered_quantities', NULL, NULL, 0.00, 0.00, 0.00, NULL, NULL),
(507, 'Tiket pesawat', NULL, 0.00, NULL, NULL, NULL, 0, '32414019883', '92925947417', 0, '0507', NULL, 1400000.00, NULL, 1, NULL, NULL, NULL, NULL, 'can_be_purchased', NULL, NULL, NULL, NULL, NULL, NULL, 0, NULL, NULL, NULL, NULL, NULL, NULL, NULL, NULL, '', NULL, NULL, NULL, NULL, NULL, 0.00, NULL, NULL, NULL, 'ordered_quantities', NULL, NULL, 0.00, 0.00, 0.00, NULL, NULL),
(508, 'Akomodasi bandara-rumah', NULL, 0.00, NULL, NULL, NULL, 0, '02362802593', '52643185044', 0, '0508', NULL, 300000.00, NULL, 1, NULL, NULL, NULL, NULL, 'can_be_purchased', NULL, NULL, NULL, NULL, NULL, NULL, 0, NULL, NULL, NULL, NULL, NULL, NULL, NULL, NULL, '', NULL, NULL, NULL, NULL, NULL, 0.00, NULL, NULL, NULL, 'ordered_quantities', NULL, NULL, 0.00, 0.00, 0.00, NULL, NULL),
(509, 'Pembelian kabel LAN', NULL, 0.00, NULL, NULL, NULL, 0, '52543982520', '50223536411', 0, '0509', NULL, 552000.00, NULL, 1, NULL, NULL, NULL, NULL, 'can_be_purchased', NULL, NULL, NULL, NULL, NULL, NULL, 0, NULL, NULL, NULL, NULL, NULL, NULL, NULL, NULL, '', NULL, NULL, NULL, NULL, NULL, 0.00, NULL, NULL, NULL, 'ordered_quantities', NULL, NULL, 0.00, 0.00, 0.00, NULL, NULL),
(510, 'Cat meni', NULL, 0.00, NULL, NULL, NULL, 0, '72453567594', '66083625573', 0, '0510', NULL, 60000.00, NULL, 1, NULL, NULL, NULL, NULL, 'can_be_purchased', NULL, NULL, NULL, NULL, NULL, NULL, 0, NULL, NULL, NULL, NULL, NULL, NULL, NULL, NULL, '', NULL, NULL, NULL, NULL, NULL, 0.00, NULL, NULL, NULL, 'ordered_quantities', NULL, NULL, 0.00, 0.00, 0.00, NULL, NULL),
(511, 'Tiner', NULL, 0.00, NULL, NULL, NULL, 0, '50831599577', '64000854205', 0, '0511', NULL, 45000.00, NULL, 1, NULL, NULL, NULL, NULL, 'can_be_purchased', NULL, NULL, NULL, NULL, NULL, NULL, 0, NULL, NULL, NULL, NULL, NULL, NULL, NULL, NULL, '', NULL, NULL, NULL, NULL, NULL, 0.00, NULL, NULL, NULL, 'ordered_quantities', NULL, NULL, 0.00, 0.00, 0.00, NULL, NULL),
(512, 'Kuas', NULL, 0.00, NULL, NULL, NULL, 0, '32199744908', '04547113971', 0, '0512', NULL, 15000.00, NULL, 1, NULL, NULL, NULL, NULL, 'can_be_purchased', NULL, NULL, NULL, NULL, NULL, NULL, 0, NULL, NULL, NULL, NULL, NULL, NULL, NULL, NULL, '', NULL, NULL, NULL, NULL, NULL, 0.00, NULL, NULL, NULL, 'ordered_quantities', NULL, NULL, 0.00, 0.00, 0.00, NULL, NULL),
(513, 'Biosolar Industri  20KL, arrived 13 Juni 2025', NULL, 0.00, NULL, NULL, NULL, 0, '19969957343', '26580533746', 0, '0513', NULL, 17900.00, NULL, 1, NULL, NULL, NULL, NULL, 'can_be_purchased', NULL, NULL, NULL, NULL, NULL, NULL, 0, NULL, NULL, NULL, NULL, NULL, NULL, NULL, NULL, '', NULL, NULL, NULL, NULL, NULL, 0.00, NULL, NULL, NULL, 'ordered_quantities', NULL, NULL, 0.00, 0.00, 0.00, NULL, NULL),
(514, 'Biaya akomodasi', NULL, 0.00, NULL, NULL, NULL, 0, '26889257313', '16483628170', 0, '0514', NULL, 350000.00, NULL, 1, NULL, NULL, NULL, NULL, 'can_be_purchased', NULL, NULL, NULL, NULL, NULL, NULL, 0, NULL, NULL, NULL, NULL, NULL, NULL, NULL, NULL, '', NULL, NULL, NULL, NULL, NULL, 0.00, NULL, NULL, NULL, 'ordered_quantities', NULL, NULL, 0.00, 0.00, 0.00, NULL, NULL),
(515, 'Tagihan wifi kartu pasca bayar Bay U', NULL, 0.00, NULL, NULL, NULL, 0, '23892990936', '49931254276', 0, '0515', NULL, 111000.00, NULL, 1, NULL, NULL, NULL, NULL, 'can_be_purchased', NULL, NULL, NULL, NULL, NULL, NULL, 0, NULL, NULL, NULL, NULL, NULL, NULL, NULL, NULL, '', NULL, NULL, NULL, NULL, NULL, 0.00, NULL, NULL, NULL, 'ordered_quantities', NULL, NULL, 0.00, 0.00, 0.00, NULL, NULL),
(516, 'EF 2702', NULL, 0.00, NULL, NULL, NULL, 0, '33509444707', '65828285299', 0, '0516', NULL, 250000.00, NULL, 1, NULL, NULL, NULL, NULL, 'can_be_purchased', NULL, NULL, NULL, NULL, NULL, NULL, 0, NULL, NULL, NULL, NULL, NULL, NULL, NULL, NULL, '', NULL, NULL, NULL, NULL, NULL, 0.00, NULL, NULL, NULL, 'ordered_quantities', NULL, NULL, 0.00, 0.00, 0.00, NULL, NULL),
(517, '78620080', NULL, 0.00, NULL, NULL, NULL, 0, '93284317386', '32607417663', 0, '0517', NULL, 110000.00, NULL, 1, NULL, NULL, NULL, NULL, 'can_be_purchased', NULL, NULL, NULL, NULL, NULL, NULL, 0, NULL, NULL, NULL, NULL, NULL, NULL, NULL, NULL, '', NULL, NULL, NULL, NULL, NULL, 0.00, NULL, NULL, NULL, 'ordered_quantities', NULL, NULL, 0.00, 0.00, 0.00, NULL, NULL),
(518, 'Reimburse konsumsi meeting koordinasi Pak Glen dengan KSOP 13-06-2025', NULL, 0.00, NULL, NULL, NULL, 0, '24945832291', '14838662401', 0, '0518', NULL, 888800.00, NULL, 1, NULL, NULL, NULL, NULL, 'can_be_purchased', NULL, NULL, NULL, NULL, NULL, NULL, 0, NULL, NULL, NULL, NULL, NULL, NULL, NULL, NULL, '', NULL, NULL, NULL, NULL, NULL, 0.00, NULL, NULL, NULL, 'ordered_quantities', NULL, NULL, 0.00, 0.00, 0.00, NULL, NULL),
(519, 'sumbangan duka cita warga tumbang hangei', NULL, 0.00, NULL, NULL, NULL, 0, '46421236105', '19505073232', 0, '0519', NULL, 1500000.00, NULL, 1, NULL, NULL, NULL, NULL, 'can_be_purchased', NULL, NULL, NULL, NULL, NULL, NULL, 0, NULL, NULL, NULL, NULL, NULL, NULL, NULL, NULL, '', NULL, NULL, NULL, NULL, NULL, 0.00, NULL, NULL, NULL, 'ordered_quantities', NULL, NULL, 0.00, 0.00, 0.00, NULL, NULL),
(520, 'Kompas', NULL, 0.00, NULL, NULL, NULL, 0, '83875952359', '06480366737', 0, '0520', NULL, 3700000.00, NULL, 1, NULL, NULL, NULL, NULL, 'can_be_purchased', NULL, NULL, NULL, NULL, NULL, NULL, 0, NULL, NULL, NULL, NULL, NULL, NULL, NULL, NULL, '', NULL, NULL, NULL, NULL, NULL, 0.00, NULL, NULL, NULL, 'ordered_quantities', NULL, NULL, 0.00, 0.00, 0.00, NULL, NULL),
(521, 'Gps', NULL, 0.00, NULL, NULL, NULL, 0, '39356758056', '87401733193', 0, '0521', NULL, 6850000.00, NULL, 1, NULL, NULL, NULL, NULL, 'can_be_purchased', NULL, NULL, NULL, NULL, NULL, NULL, 0, NULL, NULL, NULL, NULL, NULL, NULL, NULL, NULL, '', NULL, NULL, NULL, NULL, NULL, 0.00, NULL, NULL, NULL, 'ordered_quantities', NULL, NULL, 0.00, 0.00, 0.00, NULL, NULL),
(522, 'Semen', NULL, 0.00, NULL, NULL, NULL, 0, '52508612598', '09005829317', 0, '0522', NULL, 70000.00, NULL, 1, NULL, NULL, NULL, NULL, 'can_be_purchased', NULL, NULL, NULL, NULL, NULL, NULL, 0, NULL, NULL, NULL, NULL, NULL, NULL, NULL, NULL, '', NULL, NULL, NULL, NULL, NULL, 0.00, NULL, NULL, NULL, 'ordered_quantities', NULL, NULL, 0.00, 0.00, 0.00, NULL, NULL),
(523, 'Catok/kepang', NULL, 0.00, NULL, NULL, NULL, 0, '79749651162', '04941560359', 0, '0523', NULL, 60000.00, NULL, 1, NULL, NULL, NULL, NULL, 'can_be_purchased', NULL, NULL, NULL, NULL, NULL, NULL, 0, NULL, NULL, NULL, NULL, NULL, NULL, NULL, NULL, '', NULL, NULL, NULL, NULL, NULL, 0.00, NULL, NULL, NULL, 'ordered_quantities', NULL, NULL, 0.00, 0.00, 0.00, NULL, NULL),
(524, 'Makan', NULL, 0.00, NULL, NULL, NULL, 0, '16129106805', '90333178528', 0, '0524', NULL, 25000.00, NULL, 1, NULL, NULL, NULL, NULL, 'can_be_purchased', NULL, NULL, NULL, NULL, NULL, NULL, 0, NULL, NULL, NULL, NULL, NULL, NULL, NULL, NULL, '', NULL, NULL, NULL, NULL, NULL, 0.00, NULL, NULL, NULL, 'ordered_quantities', NULL, NULL, 0.00, 0.00, 0.00, NULL, NULL),
(525, 'Penginapan pak jangkung', NULL, 0.00, NULL, NULL, NULL, 0, '18220443881', '15237950815', 0, '0525', NULL, 350000.00, NULL, 1, NULL, NULL, NULL, NULL, 'can_be_purchased', NULL, NULL, NULL, NULL, NULL, NULL, 0, NULL, NULL, NULL, NULL, NULL, NULL, NULL, NULL, '', NULL, NULL, NULL, NULL, NULL, 0.00, NULL, NULL, NULL, 'ordered_quantities', NULL, NULL, 0.00, 0.00, 0.00, NULL, NULL),
(526, 'Penginapan driver', NULL, 0.00, NULL, NULL, NULL, 0, '24676898854', '05267494069', 0, '0526', NULL, 250000.00, NULL, 1, NULL, NULL, NULL, NULL, 'can_be_purchased', NULL, NULL, NULL, NULL, NULL, NULL, 0, NULL, NULL, NULL, NULL, NULL, NULL, NULL, NULL, '', NULL, NULL, NULL, NULL, NULL, 0.00, NULL, NULL, NULL, 'ordered_quantities', NULL, NULL, 0.00, 0.00, 0.00, NULL, NULL),
(527, 'Pertalite', NULL, 0.00, NULL, NULL, NULL, 0, '38079584979', '19819453278', 0, '0527', NULL, 500000.00, NULL, 1, NULL, NULL, NULL, NULL, 'can_be_purchased', NULL, NULL, NULL, NULL, NULL, NULL, 0, NULL, NULL, NULL, NULL, NULL, NULL, NULL, NULL, '', NULL, NULL, NULL, NULL, NULL, 0.00, NULL, NULL, NULL, 'ordered_quantities', NULL, NULL, 0.00, 0.00, 0.00, NULL, NULL),
(528, 'Pengajuan Laundy karpet alas untuk tamu VVIP di acara peresmian jetty', NULL, 0.00, NULL, NULL, NULL, 0, '73069270485', '17324784159', 0, '0528', NULL, 110000.00, NULL, 1, NULL, NULL, NULL, NULL, 'can_be_purchased', NULL, NULL, NULL, NULL, NULL, NULL, 0, NULL, NULL, NULL, NULL, NULL, NULL, NULL, NULL, '', NULL, NULL, NULL, NULL, NULL, 0.00, NULL, NULL, NULL, 'ordered_quantities', NULL, NULL, 0.00, 0.00, 0.00, NULL, NULL),
(529, 'Mesin pompa air', NULL, 0.00, NULL, NULL, NULL, 0, '61694616148', '43407526204', 0, '0529', NULL, 653000.00, NULL, 1, NULL, NULL, NULL, NULL, 'can_be_purchased', NULL, NULL, NULL, NULL, NULL, NULL, 0, NULL, NULL, NULL, NULL, NULL, NULL, NULL, NULL, '', NULL, NULL, NULL, NULL, NULL, 0.00, NULL, NULL, NULL, 'ordered_quantities', NULL, NULL, 0.00, 0.00, 0.00, NULL, NULL),
(530, 'Tiket pesawat', NULL, 0.00, NULL, NULL, NULL, 0, '53316663169', '77453058968', 0, '0530', NULL, 1400000.00, NULL, 1, NULL, NULL, NULL, NULL, 'can_be_purchased', NULL, NULL, NULL, NULL, NULL, NULL, 0, NULL, NULL, NULL, NULL, NULL, NULL, NULL, NULL, '', NULL, NULL, NULL, NULL, NULL, 0.00, NULL, NULL, NULL, 'ordered_quantities', NULL, NULL, 0.00, 0.00, 0.00, NULL, NULL),
(531, 'Uang operasional', NULL, 0.00, NULL, NULL, NULL, 0, '07208041479', '75582351318', 0, '0531', NULL, 1000000.00, NULL, 1, NULL, NULL, NULL, NULL, 'can_be_purchased', NULL, NULL, NULL, NULL, NULL, NULL, 0, NULL, NULL, NULL, NULL, NULL, NULL, NULL, NULL, '', NULL, NULL, NULL, NULL, NULL, 0.00, NULL, NULL, NULL, 'ordered_quantities', NULL, NULL, 0.00, 0.00, 0.00, NULL, NULL),
(532, 'Akomodasi subang-bandara', NULL, 0.00, NULL, NULL, NULL, 0, '35953481269', '36819520553', 0, '0532', NULL, 300000.00, NULL, 1, NULL, NULL, NULL, NULL, 'can_be_purchased', NULL, NULL, NULL, NULL, NULL, NULL, 0, NULL, NULL, NULL, NULL, NULL, NULL, NULL, NULL, '', NULL, NULL, NULL, NULL, NULL, 0.00, NULL, NULL, NULL, 'ordered_quantities', NULL, NULL, 0.00, 0.00, 0.00, NULL, NULL),
(533, 'Travel akomodasi Ihda sampit - samba', NULL, 0.00, NULL, NULL, NULL, 0, '36699347858', '47799859043', 0, '0533', NULL, 200000.00, NULL, 1, NULL, NULL, NULL, NULL, 'can_be_purchased', NULL, NULL, NULL, NULL, NULL, NULL, 0, NULL, NULL, NULL, NULL, NULL, NULL, NULL, NULL, '', NULL, NULL, NULL, NULL, NULL, 0.00, NULL, NULL, NULL, 'ordered_quantities', NULL, NULL, 0.00, 0.00, 0.00, NULL, NULL);
INSERT INTO `tblitems` (`id`, `description`, `long_description`, `rate`, `tax`, `tax2`, `unit`, `group_id`, `commodity_code`, `commodity_barcode`, `unit_id`, `sku_code`, `sku_name`, `purchase_price`, `sub_group`, `active`, `parent_id`, `attributes`, `parent_attributes`, `can_be_sold`, `can_be_purchased`, `can_be_manufacturing`, `can_be_inventory`, `from_vendor_item`, `guarantee`, `profif_ratio`, `long_descriptions`, `without_checking_warehouse`, `series_id`, `warehouse_id`, `origin`, `color_id`, `style_id`, `model_id`, `size_id`, `commodity_type`, `commodity_name`, `color`, `product_type`, `description_internal_transfers`, `description_receipts`, `description_delivery_orders`, `customer_lead_time`, `replenish_on_order`, `supplier_taxes_id`, `description_sale`, `invoice_policy`, `purchase_unit_measure`, `manufacture`, `manufacturing_lead_time`, `weight`, `volume`, `hs_code`, `rate_currency_1`) VALUES
(534, 'pengajuan<br />\r\nTiket pesawat pak Effendy 17 juni Surabaya - Sampit', NULL, 0.00, NULL, NULL, NULL, 0, '32507030529', '30933376860', 0, '0534', NULL, 1400000.00, NULL, 1, NULL, NULL, NULL, NULL, 'can_be_purchased', NULL, NULL, NULL, NULL, NULL, NULL, 0, NULL, NULL, NULL, NULL, NULL, NULL, NULL, NULL, '', NULL, NULL, NULL, NULL, NULL, 0.00, NULL, NULL, NULL, 'ordered_quantities', NULL, NULL, 0.00, 0.00, 0.00, NULL, NULL),
(535, 'pembayaran sewa kendaraan MITSUBISI XPANDER B 2440 SRZ', NULL, 0.00, NULL, NULL, NULL, 0, '19543827612', '64739422110', 0, '0535', NULL, 6660000.00, NULL, 1, NULL, NULL, NULL, NULL, 'can_be_purchased', NULL, NULL, NULL, NULL, NULL, NULL, 0, NULL, NULL, NULL, NULL, NULL, NULL, NULL, NULL, '', NULL, NULL, NULL, NULL, NULL, 0.00, NULL, NULL, NULL, 'ordered_quantities', NULL, NULL, 0.00, 0.00, 0.00, NULL, NULL),
(536, 'sewa kendaraan INNOVA 2.0 G (B. 2204 SH)', NULL, 0.00, NULL, NULL, NULL, 0, '76235523002', '87113780870', 0, '0536', NULL, 7492500.00, NULL, 1, NULL, NULL, NULL, NULL, 'can_be_purchased', NULL, NULL, NULL, NULL, NULL, NULL, 0, NULL, NULL, NULL, NULL, NULL, NULL, NULL, NULL, '', NULL, NULL, NULL, NULL, NULL, 0.00, NULL, NULL, NULL, 'ordered_quantities', NULL, NULL, 0.00, 0.00, 0.00, NULL, NULL),
(537, 'Lemari pakaian', NULL, 0.00, NULL, NULL, NULL, 0, '04856703014', '23470908044', 0, '0537', NULL, 1000000.00, NULL, 1, NULL, NULL, NULL, NULL, 'can_be_purchased', NULL, NULL, NULL, NULL, NULL, NULL, 0, NULL, NULL, NULL, NULL, NULL, NULL, NULL, NULL, '', NULL, NULL, NULL, NULL, NULL, 0.00, NULL, NULL, NULL, 'ordered_quantities', NULL, NULL, 0.00, 0.00, 0.00, NULL, NULL),
(538, 'Karyawan Office PT Seal', NULL, 0.00, NULL, NULL, NULL, 0, '10590205222', '31984820602', 0, '0538', NULL, 315000.00, NULL, 1, NULL, NULL, NULL, NULL, 'can_be_purchased', NULL, NULL, NULL, NULL, NULL, NULL, 0, NULL, NULL, NULL, NULL, NULL, NULL, NULL, NULL, '', NULL, NULL, NULL, NULL, NULL, 0.00, NULL, NULL, NULL, 'ordered_quantities', NULL, NULL, 0.00, 0.00, 0.00, NULL, NULL),
(539, 'Karyawan office PT Kiba', NULL, 0.00, NULL, NULL, NULL, 0, '57773511998', '69996488801', 0, '0539', NULL, 315000.00, NULL, 1, NULL, NULL, NULL, NULL, 'can_be_purchased', NULL, NULL, NULL, NULL, NULL, NULL, 0, NULL, NULL, NULL, NULL, NULL, NULL, NULL, NULL, '', NULL, NULL, NULL, NULL, NULL, 0.00, NULL, NULL, NULL, 'ordered_quantities', NULL, NULL, 0.00, 0.00, 0.00, NULL, NULL),
(540, 'Karyawan lapangan', NULL, 0.00, NULL, NULL, NULL, 0, '31861300622', '78850041719', 0, '0540', NULL, 105000.00, NULL, 1, NULL, NULL, NULL, NULL, 'can_be_purchased', NULL, NULL, NULL, NULL, NULL, NULL, 0, NULL, NULL, NULL, NULL, NULL, NULL, NULL, NULL, '', NULL, NULL, NULL, NULL, NULL, 0.00, NULL, NULL, NULL, 'ordered_quantities', NULL, NULL, 0.00, 0.00, 0.00, NULL, NULL),
(541, 'Reimburse fuel all new avanza KH 1071 LF', NULL, 0.00, NULL, NULL, NULL, 0, '24422524015', '47462122782', 0, '0541', NULL, 10000.00, NULL, 1, NULL, NULL, NULL, NULL, 'can_be_purchased', NULL, NULL, NULL, NULL, NULL, NULL, 0, NULL, NULL, NULL, NULL, NULL, NULL, NULL, NULL, '', NULL, NULL, NULL, NULL, NULL, 0.00, NULL, NULL, NULL, 'ordered_quantities', NULL, NULL, 0.00, 0.00, 0.00, NULL, NULL),
(542, 'Fuel all new avanza KH 1071 LF', NULL, 0.00, NULL, NULL, NULL, 0, '79005871930', '66079567143', 0, '0542', NULL, 10000.00, NULL, 1, NULL, NULL, NULL, NULL, 'can_be_purchased', NULL, NULL, NULL, NULL, NULL, NULL, 0, NULL, NULL, NULL, NULL, NULL, NULL, NULL, NULL, '', NULL, NULL, NULL, NULL, NULL, 0.00, NULL, NULL, NULL, 'ordered_quantities', NULL, NULL, 0.00, 0.00, 0.00, NULL, NULL),
(543, 'Fuel all new avanza unit KH 1068 LF', NULL, 0.00, NULL, NULL, NULL, 0, '93611023295', '39510737702', 0, '0543', NULL, 10000.00, NULL, 1, NULL, NULL, NULL, NULL, 'can_be_purchased', NULL, NULL, NULL, NULL, NULL, NULL, 0, NULL, NULL, NULL, NULL, NULL, NULL, NULL, NULL, '', NULL, NULL, NULL, NULL, NULL, 0.00, NULL, NULL, NULL, 'ordered_quantities', NULL, NULL, 0.00, 0.00, 0.00, NULL, NULL),
(544, 'Sepatu safety merk crauser', NULL, 0.00, NULL, NULL, NULL, 0, '57381917161', '67538774441', 0, '0544', NULL, 550000.00, NULL, 1, NULL, NULL, NULL, NULL, 'can_be_purchased', NULL, NULL, NULL, NULL, NULL, NULL, 0, NULL, NULL, NULL, NULL, NULL, NULL, NULL, NULL, '', NULL, NULL, NULL, NULL, NULL, 0.00, NULL, NULL, NULL, 'ordered_quantities', NULL, NULL, 0.00, 0.00, 0.00, NULL, NULL),
(545, 'Sepatu safety standar', NULL, 0.00, NULL, NULL, NULL, 0, '67240800408', '64822391977', 0, '0545', NULL, 300000.00, NULL, 1, NULL, NULL, NULL, NULL, 'can_be_purchased', NULL, NULL, NULL, NULL, NULL, NULL, 0, NULL, NULL, NULL, NULL, NULL, NULL, NULL, NULL, '', NULL, NULL, NULL, NULL, NULL, 0.00, NULL, NULL, NULL, 'ordered_quantities', NULL, NULL, 0.00, 0.00, 0.00, NULL, NULL),
(546, 'Rompi', NULL, 0.00, NULL, NULL, NULL, 0, '40776202599', '64378411824', 0, '0546', NULL, 100000.00, NULL, 1, NULL, NULL, NULL, NULL, 'can_be_purchased', NULL, NULL, NULL, NULL, NULL, NULL, 0, NULL, NULL, NULL, NULL, NULL, NULL, NULL, NULL, '', NULL, NULL, NULL, NULL, NULL, 0.00, NULL, NULL, NULL, 'ordered_quantities', NULL, NULL, 0.00, 0.00, 0.00, NULL, NULL),
(547, 'Helm safety', NULL, 0.00, NULL, NULL, NULL, 0, '27908651332', '22286423971', 0, '0547', NULL, 100000.00, NULL, 1, NULL, NULL, NULL, NULL, 'can_be_purchased', NULL, NULL, NULL, NULL, NULL, NULL, 0, NULL, NULL, NULL, NULL, NULL, NULL, NULL, NULL, '', NULL, NULL, NULL, NULL, NULL, 0.00, NULL, NULL, NULL, 'ordered_quantities', NULL, NULL, 0.00, 0.00, 0.00, NULL, NULL),
(548, 'Uang Sewa Office Jakarta per 01 Juli - 30 September 2025 (include PPN)', NULL, 0.00, NULL, NULL, NULL, 0, '64666774672', '38811228178', 0, '0548', NULL, 55954000.00, NULL, 1, NULL, NULL, NULL, NULL, 'can_be_purchased', NULL, NULL, NULL, NULL, NULL, NULL, 0, NULL, NULL, NULL, NULL, NULL, NULL, NULL, NULL, '', NULL, NULL, NULL, NULL, NULL, 0.00, NULL, NULL, NULL, 'ordered_quantities', NULL, NULL, 0.00, 0.00, 0.00, NULL, NULL),
(549, 'Service Charge Office Jakarta per 01 Juli - 30 September 2025 (include PPN)', NULL, 0.00, NULL, NULL, NULL, 0, '56430523255', '90027268698', 0, '0549', NULL, 29730250.00, NULL, 1, NULL, NULL, NULL, NULL, 'can_be_purchased', NULL, NULL, NULL, NULL, NULL, NULL, 0, NULL, NULL, NULL, NULL, NULL, NULL, NULL, NULL, '', NULL, NULL, NULL, NULL, NULL, 0.00, NULL, NULL, NULL, 'ordered_quantities', NULL, NULL, 0.00, 0.00, 0.00, NULL, NULL),
(550, 'Akomodasi Pak Glen ke Jakarta 16-18 Juni 2025', NULL, 0.00, NULL, NULL, NULL, 0, '19277397025', '11852222678', 0, '0550', NULL, 1300000.00, NULL, 1, NULL, NULL, NULL, NULL, 'can_be_purchased', NULL, NULL, NULL, NULL, NULL, NULL, 0, NULL, NULL, NULL, NULL, NULL, NULL, NULL, NULL, '', NULL, NULL, NULL, NULL, NULL, 0.00, NULL, NULL, NULL, 'ordered_quantities', NULL, NULL, 0.00, 0.00, 0.00, NULL, NULL),
(551, 'Penginapan Pak Glen di Jakarta 16-18 Juni 2025', NULL, 0.00, NULL, NULL, NULL, 0, '67673016617', '53637420671', 0, '0551', NULL, 450000.00, NULL, 1, NULL, NULL, NULL, NULL, 'can_be_purchased', NULL, NULL, NULL, NULL, NULL, NULL, 0, NULL, NULL, NULL, NULL, NULL, NULL, NULL, NULL, '', NULL, NULL, NULL, NULL, NULL, 0.00, NULL, NULL, NULL, 'ordered_quantities', NULL, NULL, 0.00, 0.00, 0.00, NULL, NULL),
(552, 'Pembelian tempat sampah Kantor Jakarta', NULL, 0.00, NULL, NULL, NULL, 0, '22148213534', '39727599355', 0, '0552', NULL, 1.00, NULL, 1, NULL, NULL, NULL, NULL, 'can_be_purchased', NULL, NULL, NULL, NULL, NULL, NULL, 0, NULL, NULL, NULL, NULL, NULL, NULL, NULL, NULL, '', NULL, NULL, NULL, NULL, NULL, 0.00, NULL, NULL, NULL, 'ordered_quantities', NULL, NULL, 0.00, 0.00, 0.00, NULL, NULL),
(553, 'Pembayaran bulanam', NULL, 0.00, NULL, NULL, NULL, 0, '49008692411', '85885334209', 0, '0553', NULL, 1215000.00, NULL, 1, NULL, NULL, NULL, NULL, 'can_be_purchased', NULL, NULL, NULL, NULL, NULL, NULL, 0, NULL, NULL, NULL, NULL, NULL, NULL, NULL, NULL, '', NULL, NULL, NULL, NULL, NULL, 0.00, NULL, NULL, NULL, 'ordered_quantities', NULL, NULL, 0.00, 0.00, 0.00, NULL, NULL),
(554, 'Biaya operasional', NULL, 0.00, NULL, NULL, NULL, 0, '88375786834', '27576532681', 0, '0554', NULL, 200000.00, NULL, 1, NULL, NULL, NULL, NULL, 'can_be_purchased', NULL, NULL, NULL, NULL, NULL, NULL, 0, NULL, NULL, NULL, NULL, NULL, NULL, NULL, NULL, '', NULL, NULL, NULL, NULL, NULL, 0.00, NULL, NULL, NULL, 'ordered_quantities', NULL, NULL, 0.00, 0.00, 0.00, NULL, NULL),
(555, 'Tiket Kapten Alias (Jakarta - Sampit PP 21-22 Juni 2025)', NULL, 0.00, NULL, NULL, NULL, 0, '67229172212', '34415481525', 0, '0555', NULL, 1500000.00, NULL, 1, NULL, NULL, NULL, NULL, 'can_be_purchased', NULL, NULL, NULL, NULL, NULL, NULL, 0, NULL, NULL, NULL, NULL, NULL, NULL, NULL, NULL, '', NULL, NULL, NULL, NULL, NULL, 0.00, NULL, NULL, NULL, 'ordered_quantities', NULL, NULL, 0.00, 0.00, 0.00, NULL, NULL),
(556, 'Operasional Kapten Alias ke Sampit 21-22 Juni 2025', NULL, 0.00, NULL, NULL, NULL, 0, '44363207327', '19220816015', 0, '0556', NULL, 3000000.00, NULL, 1, NULL, NULL, NULL, NULL, 'can_be_purchased', NULL, NULL, NULL, NULL, NULL, NULL, 0, NULL, NULL, NULL, NULL, NULL, NULL, NULL, NULL, '', NULL, NULL, NULL, NULL, NULL, 0.00, NULL, NULL, NULL, 'ordered_quantities', NULL, NULL, 0.00, 0.00, 0.00, NULL, NULL),
(557, 'Konsumsi meeting koordinasi Pak Glen dengan Maritim Hub & KSOP', NULL, 0.00, NULL, NULL, NULL, 0, '07889056613', '62887547759', 0, '0557', NULL, 847200.00, NULL, 1, NULL, NULL, NULL, NULL, 'can_be_purchased', NULL, NULL, NULL, NULL, NULL, NULL, 0, NULL, NULL, NULL, NULL, NULL, NULL, NULL, NULL, '', NULL, NULL, NULL, NULL, NULL, 0.00, NULL, NULL, NULL, 'ordered_quantities', NULL, NULL, 0.00, 0.00, 0.00, NULL, NULL),
(558, 'Cuci mobil', NULL, 0.00, NULL, NULL, NULL, 0, '49353196969', '25808422890', 0, '0558', NULL, 110000.00, NULL, 1, NULL, NULL, NULL, NULL, 'can_be_purchased', NULL, NULL, NULL, NULL, NULL, NULL, 0, NULL, NULL, NULL, NULL, NULL, NULL, NULL, NULL, '', NULL, NULL, NULL, NULL, NULL, 0.00, NULL, NULL, NULL, 'ordered_quantities', NULL, NULL, 0.00, 0.00, 0.00, NULL, NULL),
(559, 'Kasur', NULL, 0.00, NULL, NULL, NULL, 0, '88818394447', '58446786360', 0, '0559', NULL, 600000.00, NULL, 1, NULL, NULL, NULL, NULL, 'can_be_purchased', NULL, NULL, NULL, NULL, NULL, NULL, 0, NULL, NULL, NULL, NULL, NULL, NULL, NULL, NULL, '', NULL, NULL, NULL, NULL, NULL, 0.00, NULL, NULL, NULL, 'ordered_quantities', NULL, NULL, 0.00, 0.00, 0.00, NULL, NULL),
(560, 'sprai', NULL, 0.00, NULL, NULL, NULL, 0, '38126041493', '88956626237', 0, '0560', NULL, 135000.00, NULL, 1, NULL, NULL, NULL, NULL, 'can_be_purchased', NULL, NULL, NULL, NULL, NULL, NULL, 0, NULL, NULL, NULL, NULL, NULL, NULL, NULL, NULL, '', NULL, NULL, NULL, NULL, NULL, 0.00, NULL, NULL, NULL, 'ordered_quantities', NULL, NULL, 0.00, 0.00, 0.00, NULL, NULL),
(561, 'bantal', NULL, 0.00, NULL, NULL, NULL, 0, '50376099202', '86710550580', 0, '0561', NULL, 50000.00, NULL, 1, NULL, NULL, NULL, NULL, 'can_be_purchased', NULL, NULL, NULL, NULL, NULL, NULL, 0, NULL, NULL, NULL, NULL, NULL, NULL, NULL, NULL, '', NULL, NULL, NULL, NULL, NULL, 0.00, NULL, NULL, NULL, 'ordered_quantities', NULL, NULL, 0.00, 0.00, 0.00, NULL, NULL),
(562, 'kipas angin stand', NULL, 0.00, NULL, NULL, NULL, 0, '80116872698', '01015669069', 0, '0562', NULL, 350000.00, NULL, 1, NULL, NULL, NULL, NULL, 'can_be_purchased', NULL, NULL, NULL, NULL, NULL, NULL, 0, NULL, NULL, NULL, NULL, NULL, NULL, NULL, NULL, '', NULL, NULL, NULL, NULL, NULL, 0.00, NULL, NULL, NULL, 'ordered_quantities', NULL, NULL, 0.00, 0.00, 0.00, NULL, NULL),
(563, 'karpet lantai roll 12 meter', NULL, 0.00, NULL, NULL, NULL, 0, '51757668509', '05108288467', 0, '0563', NULL, 300000.00, NULL, 1, NULL, NULL, NULL, NULL, 'can_be_purchased', NULL, NULL, NULL, NULL, NULL, NULL, 0, NULL, NULL, NULL, NULL, NULL, NULL, NULL, NULL, '', NULL, NULL, NULL, NULL, NULL, 0.00, NULL, NULL, NULL, 'ordered_quantities', NULL, NULL, 0.00, 0.00, 0.00, NULL, NULL),
(564, 'lampu', NULL, 0.00, NULL, NULL, NULL, 0, '53973162022', '51128968301', 0, '0564', NULL, 30000.00, NULL, 1, NULL, NULL, NULL, NULL, 'can_be_purchased', NULL, NULL, NULL, NULL, NULL, NULL, 0, NULL, NULL, NULL, NULL, NULL, NULL, NULL, NULL, '', NULL, NULL, NULL, NULL, NULL, 0.00, NULL, NULL, NULL, 'ordered_quantities', NULL, NULL, 0.00, 0.00, 0.00, NULL, NULL),
(565, 'kabel terminal', NULL, 0.00, NULL, NULL, NULL, 0, '76433162733', '57287816105', 0, '0565', NULL, 30000.00, NULL, 1, NULL, NULL, NULL, NULL, 'can_be_purchased', NULL, NULL, NULL, NULL, NULL, NULL, 0, NULL, NULL, NULL, NULL, NULL, NULL, NULL, NULL, '', NULL, NULL, NULL, NULL, NULL, 0.00, NULL, NULL, NULL, 'ordered_quantities', NULL, NULL, 0.00, 0.00, 0.00, NULL, NULL),
(566, 'HT ICOM', NULL, 0.00, NULL, NULL, NULL, 0, '66108267734', '39234907107', 0, '0566', NULL, 1600000.00, NULL, 1, NULL, NULL, NULL, NULL, 'can_be_purchased', NULL, NULL, NULL, NULL, NULL, NULL, 0, NULL, NULL, NULL, NULL, NULL, NULL, NULL, NULL, '', NULL, NULL, NULL, NULL, NULL, 0.00, NULL, NULL, NULL, 'ordered_quantities', NULL, NULL, 0.00, 0.00, 0.00, NULL, NULL),
(567, 'Biaya MOB dan Demob', NULL, 0.00, NULL, NULL, NULL, 0, '33919516777', '39600152851', 0, '0567', NULL, 6000000.00, NULL, 1, NULL, NULL, NULL, NULL, 'can_be_purchased', NULL, NULL, NULL, NULL, NULL, NULL, 0, NULL, NULL, NULL, NULL, NULL, NULL, NULL, NULL, '', NULL, NULL, NULL, NULL, NULL, 0.00, NULL, NULL, NULL, 'ordered_quantities', NULL, NULL, 0.00, 0.00, 0.00, NULL, NULL),
(568, 'Sewa alat berat compactor', NULL, 0.00, NULL, NULL, NULL, 0, '61044439157', '88818619255', 0, '0568', NULL, 375000.00, NULL, 1, NULL, NULL, NULL, NULL, 'can_be_purchased', NULL, NULL, NULL, NULL, NULL, NULL, 0, NULL, NULL, NULL, NULL, NULL, NULL, NULL, NULL, '', NULL, NULL, NULL, NULL, NULL, 0.00, NULL, NULL, NULL, 'ordered_quantities', NULL, NULL, 0.00, 0.00, 0.00, NULL, NULL),
(569, 'Dana CSR desa Luwuk Bunter', NULL, 0.00, NULL, NULL, NULL, 0, '75996339105', '82721122080', 0, '0569', NULL, 100000000.00, NULL, 1, NULL, NULL, NULL, NULL, 'can_be_purchased', NULL, NULL, NULL, NULL, NULL, NULL, 0, NULL, NULL, NULL, NULL, NULL, NULL, NULL, NULL, '', NULL, NULL, NULL, NULL, NULL, 0.00, NULL, NULL, NULL, 'ordered_quantities', NULL, NULL, 0.00, 0.00, 0.00, NULL, NULL),
(570, 'Penginapan Bupati Kotawaringin Timur di Jakarta', NULL, 0.00, NULL, NULL, NULL, 0, '56301135869', '16286476261', 0, '0570', NULL, 906000.00, NULL, 1, NULL, NULL, NULL, NULL, 'can_be_purchased', NULL, NULL, NULL, NULL, NULL, NULL, 0, NULL, NULL, NULL, NULL, NULL, NULL, NULL, NULL, '', NULL, NULL, NULL, NULL, NULL, 0.00, NULL, NULL, NULL, 'ordered_quantities', NULL, NULL, 0.00, 0.00, 0.00, NULL, NULL),
(571, 'Update system', NULL, 0.00, NULL, NULL, NULL, 0, '60249980879', '02800792399', 0, '0571', NULL, 14000000.00, NULL, 1, NULL, NULL, NULL, NULL, 'can_be_purchased', NULL, NULL, NULL, NULL, NULL, NULL, 0, NULL, NULL, NULL, NULL, NULL, NULL, NULL, NULL, '', NULL, NULL, NULL, NULL, NULL, 0.00, NULL, NULL, NULL, 'ordered_quantities', NULL, NULL, 0.00, 0.00, 0.00, NULL, NULL),
(572, 'Sumbangan duka cita atas meninggalnya Ibunda dari karyawan SEAL a.n Pak Masseri Toni', NULL, 0.00, NULL, NULL, NULL, 0, '41378732370', '01882110725', 0, '0572', NULL, 500000.00, NULL, 1, NULL, NULL, NULL, NULL, 'can_be_purchased', NULL, NULL, NULL, NULL, NULL, NULL, 0, NULL, NULL, NULL, NULL, NULL, NULL, NULL, NULL, '', NULL, NULL, NULL, NULL, NULL, 0.00, NULL, NULL, NULL, 'ordered_quantities', NULL, NULL, 0.00, 0.00, 0.00, NULL, NULL),
(573, 'Akomodasi Pak Haikal meeting di Jakarta 18 juni', NULL, 0.00, NULL, NULL, NULL, 0, '25041398926', '18733197588', 0, '0573', NULL, 750000.00, NULL, 1, NULL, NULL, NULL, NULL, 'can_be_purchased', NULL, NULL, NULL, NULL, NULL, NULL, 0, NULL, NULL, NULL, NULL, NULL, NULL, NULL, NULL, '', NULL, NULL, NULL, NULL, NULL, 0.00, NULL, NULL, NULL, 'ordered_quantities', NULL, NULL, 0.00, 0.00, 0.00, NULL, NULL),
(574, 'Uang makan kompensasi DT di Marak - NEN', NULL, 0.00, NULL, NULL, NULL, 0, '09192780664', '95905721472', 0, '0574', NULL, 150000.00, NULL, 1, NULL, NULL, NULL, NULL, 'can_be_purchased', NULL, NULL, NULL, NULL, NULL, NULL, 0, NULL, NULL, NULL, NULL, NULL, NULL, NULL, NULL, '', NULL, NULL, NULL, NULL, NULL, 0.00, NULL, NULL, NULL, 'ordered_quantities', NULL, NULL, 0.00, 0.00, 0.00, NULL, NULL),
(575, 'Uang makan kompensasi DT di Marak -  KIBA', NULL, 0.00, NULL, NULL, NULL, 0, '70235660956', '06149896646', 0, '0575', NULL, 150000.00, NULL, 1, NULL, NULL, NULL, NULL, 'can_be_purchased', NULL, NULL, NULL, NULL, NULL, NULL, 0, NULL, NULL, NULL, NULL, NULL, NULL, NULL, NULL, '', NULL, NULL, NULL, NULL, NULL, 0.00, NULL, NULL, NULL, 'ordered_quantities', NULL, NULL, 0.00, 0.00, 0.00, NULL, NULL),
(576, 'DP buka MOMi dan Membuka Blokir dab Pengunduran kewajiba-kewajiban yang lain', NULL, 0.00, NULL, NULL, NULL, 0, '65654542299', '03875828583', 0, '0576', NULL, 50000000.00, NULL, 1, NULL, NULL, NULL, NULL, 'can_be_purchased', NULL, NULL, NULL, NULL, NULL, NULL, 0, NULL, NULL, NULL, NULL, NULL, NULL, NULL, NULL, '', NULL, NULL, NULL, NULL, NULL, 0.00, NULL, NULL, NULL, 'ordered_quantities', NULL, NULL, 0.00, 0.00, 0.00, NULL, NULL),
(577, 'Pencairan Lebih Bayar PNBP', NULL, 0.00, NULL, NULL, NULL, 0, '17765413310', '41860928390', 0, '0577', NULL, 25000000.00, NULL, 1, NULL, NULL, NULL, NULL, 'can_be_purchased', NULL, NULL, NULL, NULL, NULL, NULL, 0, NULL, NULL, NULL, NULL, NULL, NULL, NULL, NULL, '', NULL, NULL, NULL, NULL, NULL, 0.00, NULL, NULL, NULL, 'ordered_quantities', NULL, NULL, 0.00, 0.00, 0.00, NULL, NULL),
(578, 'Sewa Kos-kosan untuk tim Dokumen dan Pengapalan di Jakarta', NULL, 0.00, NULL, NULL, NULL, 0, '74661662983', '05420538425', 0, '0578', NULL, 1500000.00, NULL, 1, NULL, NULL, NULL, NULL, 'can_be_purchased', NULL, NULL, NULL, NULL, NULL, NULL, 0, NULL, NULL, NULL, NULL, NULL, NULL, NULL, NULL, '', NULL, NULL, NULL, NULL, NULL, 0.00, NULL, NULL, NULL, 'ordered_quantities', NULL, NULL, 0.00, 0.00, 0.00, NULL, NULL),
(579, 'Operasional Pengurusan', NULL, 0.00, NULL, NULL, NULL, 0, '23823190160', '91736213632', 0, '0579', NULL, 2000000.00, NULL, 1, NULL, NULL, NULL, NULL, 'can_be_purchased', NULL, NULL, NULL, NULL, NULL, NULL, 0, NULL, NULL, NULL, NULL, NULL, NULL, NULL, NULL, '', NULL, NULL, NULL, NULL, NULL, 0.00, NULL, NULL, NULL, 'ordered_quantities', NULL, NULL, 0.00, 0.00, 0.00, NULL, NULL),
(580, 'Kompor Rinnai 2 Tungku', NULL, 0.00, NULL, NULL, NULL, 0, '83519260867', '72314406376', 0, '0580', NULL, 400000.00, NULL, 1, NULL, NULL, NULL, NULL, 'can_be_purchased', NULL, NULL, NULL, NULL, NULL, NULL, 0, NULL, NULL, NULL, NULL, NULL, NULL, NULL, NULL, '', NULL, NULL, NULL, NULL, NULL, 0.00, NULL, NULL, NULL, 'ordered_quantities', NULL, NULL, 0.00, 0.00, 0.00, NULL, NULL),
(581, 'Selang Regulator', NULL, 0.00, NULL, NULL, NULL, 0, '22797406735', '19983677858', 0, '0581', NULL, 200000.00, NULL, 1, NULL, NULL, NULL, NULL, 'can_be_purchased', NULL, NULL, NULL, NULL, NULL, NULL, 0, NULL, NULL, NULL, NULL, NULL, NULL, NULL, NULL, '', NULL, NULL, NULL, NULL, NULL, 0.00, NULL, NULL, NULL, 'ordered_quantities', NULL, NULL, 0.00, 0.00, 0.00, NULL, NULL),
(582, 'Sendok sayur', NULL, 0.00, NULL, NULL, NULL, 0, '33922070240', '71124599143', 0, '0582', NULL, 10000.00, NULL, 1, NULL, NULL, NULL, NULL, 'can_be_purchased', NULL, NULL, NULL, NULL, NULL, NULL, 0, NULL, NULL, NULL, NULL, NULL, NULL, NULL, NULL, '', NULL, NULL, NULL, NULL, NULL, 0.00, NULL, NULL, NULL, 'ordered_quantities', NULL, NULL, 0.00, 0.00, 0.00, NULL, NULL),
(583, 'Piring makan lusin', NULL, 0.00, NULL, NULL, NULL, 0, '44667756818', '82892619094', 0, '0583', NULL, 100000.00, NULL, 1, NULL, NULL, NULL, NULL, 'can_be_purchased', NULL, NULL, NULL, NULL, NULL, NULL, 0, NULL, NULL, NULL, NULL, NULL, NULL, NULL, NULL, '', NULL, NULL, NULL, NULL, NULL, 0.00, NULL, NULL, NULL, 'ordered_quantities', NULL, NULL, 0.00, 0.00, 0.00, NULL, NULL),
(584, 'gelas lusin', NULL, 0.00, NULL, NULL, NULL, 0, '89509414465', '58941156694', 0, '0584', NULL, 80000.00, NULL, 1, NULL, NULL, NULL, NULL, 'can_be_purchased', NULL, NULL, NULL, NULL, NULL, NULL, 0, NULL, NULL, NULL, NULL, NULL, NULL, NULL, NULL, '', NULL, NULL, NULL, NULL, NULL, 0.00, NULL, NULL, NULL, 'ordered_quantities', NULL, NULL, 0.00, 0.00, 0.00, NULL, NULL),
(585, 'Panci sedang', NULL, 0.00, NULL, NULL, NULL, 0, '26192951362', '61224648602', 0, '0585', NULL, 90000.00, NULL, 1, NULL, NULL, NULL, NULL, 'can_be_purchased', NULL, NULL, NULL, NULL, NULL, NULL, 0, NULL, NULL, NULL, NULL, NULL, NULL, NULL, NULL, '', NULL, NULL, NULL, NULL, NULL, 0.00, NULL, NULL, NULL, 'ordered_quantities', NULL, NULL, 0.00, 0.00, 0.00, NULL, NULL),
(586, 'Panci besar', NULL, 0.00, NULL, NULL, NULL, 0, '59811687571', '59352864660', 0, '0586', NULL, 150000.00, NULL, 1, NULL, NULL, NULL, NULL, 'can_be_purchased', NULL, NULL, NULL, NULL, NULL, NULL, 0, NULL, NULL, NULL, NULL, NULL, NULL, NULL, NULL, '', NULL, NULL, NULL, NULL, NULL, 0.00, NULL, NULL, NULL, 'ordered_quantities', NULL, NULL, 0.00, 0.00, 0.00, NULL, NULL),
(587, 'wajan sedang', NULL, 0.00, NULL, NULL, NULL, 0, '72404832410', '47848903733', 0, '0587', NULL, 50000.00, NULL, 1, NULL, NULL, NULL, NULL, 'can_be_purchased', NULL, NULL, NULL, NULL, NULL, NULL, 0, NULL, NULL, NULL, NULL, NULL, NULL, NULL, NULL, '', NULL, NULL, NULL, NULL, NULL, 0.00, NULL, NULL, NULL, 'ordered_quantities', NULL, NULL, 0.00, 0.00, 0.00, NULL, NULL),
(588, 'wajan besar', NULL, 0.00, NULL, NULL, NULL, 0, '06505128345', '29204631810', 0, '0588', NULL, 75000.00, NULL, 1, NULL, NULL, NULL, NULL, 'can_be_purchased', NULL, NULL, NULL, NULL, NULL, NULL, 0, NULL, NULL, NULL, NULL, NULL, NULL, NULL, NULL, '', NULL, NULL, NULL, NULL, NULL, 0.00, NULL, NULL, NULL, 'ordered_quantities', NULL, NULL, 0.00, 0.00, 0.00, NULL, NULL),
(589, 'ember sayur', NULL, 0.00, NULL, NULL, NULL, 0, '86399520754', '74546598561', 0, '0589', NULL, 20000.00, NULL, 1, NULL, NULL, NULL, NULL, 'can_be_purchased', NULL, NULL, NULL, NULL, NULL, NULL, 0, NULL, NULL, NULL, NULL, NULL, NULL, NULL, NULL, '', NULL, NULL, NULL, NULL, NULL, 0.00, NULL, NULL, NULL, 'ordered_quantities', NULL, NULL, 0.00, 0.00, 0.00, NULL, NULL),
(590, 'ember besar', NULL, 0.00, NULL, NULL, NULL, 0, '82636633038', '78569974860', 0, '0590', NULL, 85000.00, NULL, 1, NULL, NULL, NULL, NULL, 'can_be_purchased', NULL, NULL, NULL, NULL, NULL, NULL, 0, NULL, NULL, NULL, NULL, NULL, NULL, NULL, NULL, '', NULL, NULL, NULL, NULL, NULL, 0.00, NULL, NULL, NULL, 'ordered_quantities', NULL, NULL, 0.00, 0.00, 0.00, NULL, NULL),
(591, 'pisau dapur kecil dan besar', NULL, 0.00, NULL, NULL, NULL, 0, '38912112887', '17287266542', 0, '0591', NULL, 85000.00, NULL, 1, NULL, NULL, NULL, NULL, 'can_be_purchased', NULL, NULL, NULL, NULL, NULL, NULL, 0, NULL, NULL, NULL, NULL, NULL, NULL, NULL, NULL, '', NULL, NULL, NULL, NULL, NULL, 0.00, NULL, NULL, NULL, 'ordered_quantities', NULL, NULL, 0.00, 0.00, 0.00, NULL, NULL),
(592, 'Teng air minum', NULL, 0.00, NULL, NULL, NULL, 0, '09139260852', '77870933136', 0, '0592', NULL, 45000.00, NULL, 1, NULL, NULL, NULL, NULL, 'can_be_purchased', NULL, NULL, NULL, NULL, NULL, NULL, 0, NULL, NULL, NULL, NULL, NULL, NULL, NULL, NULL, '', NULL, NULL, NULL, NULL, NULL, 0.00, NULL, NULL, NULL, 'ordered_quantities', NULL, NULL, 0.00, 0.00, 0.00, NULL, NULL),
(593, 'mangkok sedang', NULL, 0.00, NULL, NULL, NULL, 0, '53232859050', '77766888643', 0, '0593', NULL, 30000.00, NULL, 1, NULL, NULL, NULL, NULL, 'can_be_purchased', NULL, NULL, NULL, NULL, NULL, NULL, 0, NULL, NULL, NULL, NULL, NULL, NULL, NULL, NULL, '', NULL, NULL, NULL, NULL, NULL, 0.00, NULL, NULL, NULL, 'ordered_quantities', NULL, NULL, 0.00, 0.00, 0.00, NULL, NULL),
(594, 'saringan penggorengan', NULL, 0.00, NULL, NULL, NULL, 0, '18775315878', '80882145768', 0, '0594', NULL, 15000.00, NULL, 1, NULL, NULL, NULL, NULL, 'can_be_purchased', NULL, NULL, NULL, NULL, NULL, NULL, 0, NULL, NULL, NULL, NULL, NULL, NULL, NULL, NULL, '', NULL, NULL, NULL, NULL, NULL, 0.00, NULL, NULL, NULL, 'ordered_quantities', NULL, NULL, 0.00, 0.00, 0.00, NULL, NULL),
(595, 'Mesin pompa sanyo', NULL, 0.00, NULL, NULL, NULL, 0, '60044499232', '35630747788', 0, '0595', NULL, 550000.00, NULL, 1, NULL, NULL, NULL, NULL, 'can_be_purchased', NULL, NULL, NULL, NULL, NULL, NULL, 0, NULL, NULL, NULL, NULL, NULL, NULL, NULL, NULL, '', NULL, NULL, NULL, NULL, NULL, 0.00, NULL, NULL, NULL, 'ordered_quantities', NULL, NULL, 0.00, 0.00, 0.00, NULL, NULL),
(596, 'pipa', NULL, 0.00, NULL, NULL, NULL, 0, '66674331892', '90582100518', 0, '0596', NULL, 8000.00, NULL, 1, NULL, NULL, NULL, NULL, 'can_be_purchased', NULL, NULL, NULL, NULL, NULL, NULL, 0, NULL, NULL, NULL, NULL, NULL, NULL, NULL, NULL, '', NULL, NULL, NULL, NULL, NULL, 0.00, NULL, NULL, NULL, 'ordered_quantities', NULL, NULL, 0.00, 0.00, 0.00, NULL, NULL),
(597, 'pipa L', NULL, 0.00, NULL, NULL, NULL, 0, '93300476627', '77174084811', 0, '0597', NULL, 1000.00, NULL, 1, NULL, NULL, NULL, NULL, 'can_be_purchased', NULL, NULL, NULL, NULL, NULL, NULL, 0, NULL, NULL, NULL, NULL, NULL, NULL, NULL, NULL, '', NULL, NULL, NULL, NULL, NULL, 0.00, NULL, NULL, NULL, 'ordered_quantities', NULL, NULL, 0.00, 0.00, 0.00, NULL, NULL),
(598, 'Lem pipa', NULL, 0.00, NULL, NULL, NULL, 0, '91211229086', '19860114891', 0, '0598', NULL, 20000.00, NULL, 1, NULL, NULL, NULL, NULL, 'can_be_purchased', NULL, NULL, NULL, NULL, NULL, NULL, 0, NULL, NULL, NULL, NULL, NULL, NULL, NULL, NULL, '', NULL, NULL, NULL, NULL, NULL, 0.00, NULL, NULL, NULL, 'ordered_quantities', NULL, NULL, 0.00, 0.00, 0.00, NULL, NULL),
(599, 'keran air', NULL, 0.00, NULL, NULL, NULL, 0, '19215900398', '53834442861', 0, '0599', NULL, 10000.00, NULL, 1, NULL, NULL, NULL, NULL, 'can_be_purchased', NULL, NULL, NULL, NULL, NULL, NULL, 0, NULL, NULL, NULL, NULL, NULL, NULL, NULL, NULL, '', NULL, NULL, NULL, NULL, NULL, 0.00, NULL, NULL, NULL, 'ordered_quantities', NULL, NULL, 0.00, 0.00, 0.00, NULL, NULL),
(600, 'kabel wallet', NULL, 0.00, NULL, NULL, NULL, 0, '81373227620', '99107087850', 0, '0600', NULL, 150000.00, NULL, 1, NULL, NULL, NULL, NULL, 'can_be_purchased', NULL, NULL, NULL, NULL, NULL, NULL, 0, NULL, NULL, NULL, NULL, NULL, NULL, NULL, NULL, '', NULL, NULL, NULL, NULL, NULL, 0.00, NULL, NULL, NULL, 'ordered_quantities', NULL, NULL, 0.00, 0.00, 0.00, NULL, NULL),
(601, 'kepala lampu', NULL, 0.00, NULL, NULL, NULL, 0, '76720449420', '57584687116', 0, '0601', NULL, 2500.00, NULL, 1, NULL, NULL, NULL, NULL, 'can_be_purchased', NULL, NULL, NULL, NULL, NULL, NULL, 0, NULL, NULL, NULL, NULL, NULL, NULL, NULL, NULL, '', NULL, NULL, NULL, NULL, NULL, 0.00, NULL, NULL, NULL, 'ordered_quantities', NULL, NULL, 0.00, 0.00, 0.00, NULL, NULL),
(602, 'terminal', NULL, 0.00, NULL, NULL, NULL, 0, '98741398906', '19461328357', 0, '0602', NULL, 30000.00, NULL, 1, NULL, NULL, NULL, NULL, 'can_be_purchased', NULL, NULL, NULL, NULL, NULL, NULL, 0, NULL, NULL, NULL, NULL, NULL, NULL, NULL, NULL, '', NULL, NULL, NULL, NULL, NULL, 0.00, NULL, NULL, NULL, 'ordered_quantities', NULL, NULL, 0.00, 0.00, 0.00, NULL, NULL),
(603, 'colokan', NULL, 0.00, NULL, NULL, NULL, 0, '56766781442', '31538198371', 0, '0603', NULL, 2500.00, NULL, 1, NULL, NULL, NULL, NULL, 'can_be_purchased', NULL, NULL, NULL, NULL, NULL, NULL, 0, NULL, NULL, NULL, NULL, NULL, NULL, NULL, NULL, '', NULL, NULL, NULL, NULL, NULL, 0.00, NULL, NULL, NULL, 'ordered_quantities', NULL, NULL, 0.00, 0.00, 0.00, NULL, NULL),
(604, 'lampu 18 watt', NULL, 0.00, NULL, NULL, NULL, 0, '26422072482', '14410792093', 0, '0604', NULL, 35000.00, NULL, 1, NULL, NULL, NULL, NULL, 'can_be_purchased', NULL, NULL, NULL, NULL, NULL, NULL, 0, NULL, NULL, NULL, NULL, NULL, NULL, NULL, NULL, '', NULL, NULL, NULL, NULL, NULL, 0.00, NULL, NULL, NULL, 'ordered_quantities', NULL, NULL, 0.00, 0.00, 0.00, NULL, NULL),
(605, 'karpet lantai roll', NULL, 0.00, NULL, NULL, NULL, 0, '13417288718', '15526123424', 0, '0605', NULL, 300000.00, NULL, 1, NULL, NULL, NULL, NULL, 'can_be_purchased', NULL, NULL, NULL, NULL, NULL, NULL, 0, NULL, NULL, NULL, NULL, NULL, NULL, NULL, NULL, '', NULL, NULL, NULL, NULL, NULL, 0.00, NULL, NULL, NULL, 'ordered_quantities', NULL, NULL, 0.00, 0.00, 0.00, NULL, NULL),
(606, 'kasur', NULL, 0.00, NULL, NULL, NULL, 0, '77688485936', '95330545982', 0, '0606', NULL, 600000.00, NULL, 1, NULL, NULL, NULL, NULL, 'can_be_purchased', NULL, NULL, NULL, NULL, NULL, NULL, 0, NULL, NULL, NULL, NULL, NULL, NULL, NULL, NULL, '', NULL, NULL, NULL, NULL, NULL, 0.00, NULL, NULL, NULL, 'ordered_quantities', NULL, NULL, 0.00, 0.00, 0.00, NULL, NULL),
(607, 'bantal', NULL, 0.00, NULL, NULL, NULL, 0, '64353874302', '18353546663', 0, '0607', NULL, 50000.00, NULL, 1, NULL, NULL, NULL, NULL, 'can_be_purchased', NULL, NULL, NULL, NULL, NULL, NULL, 0, NULL, NULL, NULL, NULL, NULL, NULL, NULL, NULL, '', NULL, NULL, NULL, NULL, NULL, 0.00, NULL, NULL, NULL, 'ordered_quantities', NULL, NULL, 0.00, 0.00, 0.00, NULL, NULL),
(608, 'kipas angin', NULL, 0.00, NULL, NULL, NULL, 0, '49204715277', '23295071551', 0, '0608', NULL, 350000.00, NULL, 1, NULL, NULL, NULL, NULL, 'can_be_purchased', NULL, NULL, NULL, NULL, NULL, NULL, 0, NULL, NULL, NULL, NULL, NULL, NULL, NULL, NULL, '', NULL, NULL, NULL, NULL, NULL, 0.00, NULL, NULL, NULL, 'ordered_quantities', NULL, NULL, 0.00, 0.00, 0.00, NULL, NULL),
(609, 'Reimburse Perbaikan Hamppers', NULL, 0.00, NULL, NULL, NULL, 0, '70309022991', '12554220649', 0, '0609', NULL, 505200.00, NULL, 1, NULL, NULL, NULL, NULL, 'can_be_purchased', NULL, NULL, NULL, NULL, NULL, NULL, 0, NULL, NULL, NULL, NULL, NULL, NULL, NULL, NULL, '', NULL, NULL, NULL, NULL, NULL, 0.00, NULL, NULL, NULL, 'ordered_quantities', NULL, NULL, 0.00, 0.00, 0.00, NULL, NULL),
(610, 'Nym eterna 2x2,5  100 M', NULL, 0.00, NULL, NULL, NULL, 0, '69095160342', '66417707077', 0, '0610', NULL, 1490000.00, NULL, 1, NULL, NULL, NULL, NULL, 'can_be_purchased', NULL, NULL, NULL, NULL, NULL, NULL, 0, NULL, NULL, NULL, NULL, NULL, NULL, NULL, NULL, '', NULL, NULL, NULL, NULL, NULL, 0.00, NULL, NULL, NULL, 'ordered_quantities', NULL, NULL, 0.00, 0.00, 0.00, NULL, NULL),
(611, 'Lampu sorot boscom 100W', NULL, 0.00, NULL, NULL, NULL, 0, '57020550397', '50641936784', 0, '0611', NULL, 320000.00, NULL, 1, NULL, NULL, NULL, NULL, 'can_be_purchased', NULL, NULL, NULL, NULL, NULL, NULL, 0, NULL, NULL, NULL, NULL, NULL, NULL, NULL, NULL, '', NULL, NULL, NULL, NULL, NULL, 0.00, NULL, NULL, NULL, 'ordered_quantities', NULL, NULL, 0.00, 0.00, 0.00, NULL, NULL),
(612, 'Mcb merlin gerlin 2 A', NULL, 0.00, NULL, NULL, NULL, 0, '67880070363', '21875991664', 0, '0612', NULL, 30000.00, NULL, 1, NULL, NULL, NULL, NULL, 'can_be_purchased', NULL, NULL, NULL, NULL, NULL, NULL, 0, NULL, NULL, NULL, NULL, NULL, NULL, NULL, NULL, '', NULL, NULL, NULL, NULL, NULL, 0.00, NULL, NULL, NULL, 'ordered_quantities', NULL, NULL, 0.00, 0.00, 0.00, NULL, NULL),
(613, 'Sekop', NULL, 0.00, NULL, NULL, NULL, 0, '83559974870', '69295018776', 0, '0613', NULL, 85000.00, NULL, 1, NULL, NULL, NULL, NULL, 'can_be_purchased', NULL, NULL, NULL, NULL, NULL, NULL, 0, NULL, NULL, NULL, NULL, NULL, NULL, NULL, NULL, '', NULL, NULL, NULL, NULL, NULL, 0.00, NULL, NULL, NULL, 'ordered_quantities', NULL, NULL, 0.00, 0.00, 0.00, NULL, NULL),
(614, 'Kuas', NULL, 0.00, NULL, NULL, NULL, 0, '51657567991', '44394410675', 0, '0614', NULL, 15000.00, NULL, 1, NULL, NULL, NULL, NULL, 'can_be_purchased', NULL, NULL, NULL, NULL, NULL, NULL, 0, NULL, NULL, NULL, NULL, NULL, NULL, NULL, NULL, '', NULL, NULL, NULL, NULL, NULL, 0.00, NULL, NULL, NULL, 'ordered_quantities', NULL, NULL, 0.00, 0.00, 0.00, NULL, NULL);

-- --------------------------------------------------------

--
